{"id":9828,"date":"2022-11-30T13:00:23","date_gmt":"2022-11-30T12:00:23","guid":{"rendered":"http:\/\/agora-eoi.xtec.cat\/eoimartorell\/?page_id=9828"},"modified":"2023-10-06T12:52:48","modified_gmt":"2023-10-06T10:52:48","slug":"carnet-de-biblioteca-usuaris-externs","status":"publish","type":"page","link":"https:\/\/agora-eoi.xtec.cat\/eoimartorell\/carnet-de-biblioteca-usuaris-externs\/","title":{"rendered":"Carnet de biblioteca &#8211; usuaris externs"},"content":{"rendered":"<p>L&#8217;Escola Oficial d&#8217;Idiomes de Martorell compta amb un biblioteca plena de material en angl\u00e8s i alemany. Aquest material est\u00e0 compost per llibres de refer\u00e8ncia per a l&#8217;estudi de l&#8217;idioma, llibres de lectura adaptada de diversos nivells, novel\u00b7les en llengua original i pel\u00b7l\u00edcules en DVD que es poden veure en VOSE. A m\u00e9s, \u00e9s un espai que facilita l&#8217;estudi i la concentraci\u00f3 i est\u00e0 equipada amb ordinadors port\u00e0tils i wifi que es poden utilitzar sota demanda, deixant el carnet d&#8217;identitat a la persona responsable de l&#8217;espai.<\/p>\n<p>Si no ets alumne de l&#8217;escola i t&#8217;interessa accedir aquest servei, pots fer-te un carnet de biblioteca del centre, v\u00e0lid per un curs escolar. Nom\u00e9s cal emplenar <a href=\"https:\/\/agora-eoi.xtec.cat\/eoimartorell\/wp-content\/uploads\/usu2246\/2021\/06\/Carnet-eoi-usuari-extern.pdf\">aquest document<\/a>\u00a0i pagar una quota de 30\u20ac a la persona responsable de la biblioteca en qualsevol moment de l&#8217;any.<\/p>\n<p>El carnet de la biblioteca permet:<\/p>\n<ul>\n<li>Accedir a l&#8217;espai per treballar i estudiar. La biblioteca est\u00e0 oberta de dilluns a dijous, de 15:00 a 20:00h.<\/li>\n<li>Agafar documents en pr\u00e9stec, respectant l<a href=\"http:\/\/agora-eoi.xtec.cat\/eoimartorell\/el-servei-educatiu\/biblioteca\/\">a normativa vigent en quant a nombre de documents i terminis de devoluci\u00f3<\/a><\/li>\n<li>Fer servir els ordinadors port\u00e0tils sota demanda<\/li>\n<\/ul>\n","protected":false},"excerpt":{"rendered":"<p>L&#8217;Escola Oficial d&#8217;Idiomes de Martorell compta amb un biblioteca plena de material en angl\u00e8s i alemany. Aquest material est\u00e0 compost per llibres de refer\u00e8ncia per a l&#8217;estudi de l&#8217;idioma, llibres de lectura adaptada de diversos nivells, novel\u00b7les en llengua original i pel\u00b7l\u00edcules en DVD que es poden veure en VOSE. A m\u00e9s, \u00e9s un espai [&hellip;]<\/p>\n","protected":false},"author":1,"featured_media":0,"parent":0,"menu_order":0,"comment_status":"closed","ping_status":"closed","template":"","meta":{"_bbp_topic_count":0,"_bbp_reply_count":0,"_bbp_total_topic_count":0,"_bbp_total_reply_count":0,"_bbp_voice_count":0,"_bbp_anonymous_reply_count":0,"_bbp_topic_count_hidden":0,"_bbp_reply_count_hidden":0,"_bbp_forum_subforum_count":0,"site-sidebar-layout":"default","site-content-layout":"","ast-site-content-layout":"","site-content-style":"default","site-sidebar-style":"default","ast-global-header-display":"","ast-banner-title-visibility":"","ast-main-header-display":"","ast-hfb-above-header-display":"","ast-hfb-below-header-display":"","ast-hfb-mobile-header-display":"","site-post-title":"","ast-breadcrumbs-content":"","ast-featured-img":"","footer-sml-layout":"","theme-transparent-header-meta":"","adv-header-id-meta":"","stick-header-meta":"","header-above-stick-meta":"","header-main-stick-meta":"","header-below-stick-meta":"","astra-migrate-meta-layouts":"default","ast-page-background-enabled":"default","ast-page-background-meta":{"desktop":{"background-color":"var(--ast-global-color-4)","background-image":"","background-repeat":"repeat","background-position":"center center","background-size":"auto","background-attachment":"scroll","background-type":"","background-media":"","overlay-type":"","overlay-color":"","overlay-opacity":"","overlay-gradient":""},"tablet":{"background-color":"","background-image":"","background-repeat":"repeat","background-position":"center center","background-size":"auto","background-attachment":"scroll","background-type":"","background-media":"","overlay-type":"","overlay-color":"","overlay-opacity":"","overlay-gradient":""},"mobile":{"background-color":"","background-image":"","background-repeat":"repeat","background-position":"center center","background-size":"auto","background-attachment":"scroll","background-type":"","background-media":"","overlay-type":"","overlay-color":"","overlay-opacity":"","overlay-gradient":""}},"ast-content-background-meta":{"desktop":{"background-color":"var(--ast-global-color-5)","background-image":"","background-repeat":"repeat","background-position":"center center","background-size":"auto","background-attachment":"scroll","background-type":"","background-media":"","overlay-type":"","overlay-color":"","overlay-opacity":"","overlay-gradient":""},"tablet":{"background-color":"var(--ast-global-color-5)","background-image":"","background-repeat":"repeat","background-position":"center center","background-size":"auto","background-attachment":"scroll","background-type":"","background-media":"","overlay-type":"","overlay-color":"","overlay-opacity":"","overlay-gradient":""},"mobile":{"background-color":"var(--ast-global-color-5)","background-image":"","background-repeat":"repeat","background-position":"center center","background-size":"auto","background-attachment":"scroll","background-type":"","background-media":"","overlay-type":"","overlay-color":"","overlay-opacity":"","overlay-gradient":""}},"footnotes":""},"class_list":["post-9828","page","type-page","status-publish","hentry"],"post_mailing_queue_ids":[],"_links":{"self":[{"href":"https:\/\/agora-eoi.xtec.cat\/eoimartorell\/wp-json\/wp\/v2\/pages\/9828","targetHints":{"allow":["GET"]}}],"collection":[{"href":"https:\/\/agora-eoi.xtec.cat\/eoimartorell\/wp-json\/wp\/v2\/pages"}],"about":[{"href":"https:\/\/agora-eoi.xtec.cat\/eoimartorell\/wp-json\/wp\/v2\/types\/page"}],"author":[{"embeddable":true,"href":"https:\/\/agora-eoi.xtec.cat\/eoimartorell\/wp-json\/wp\/v2\/users\/1"}],"replies":[{"embeddable":true,"href":"https:\/\/agora-eoi.xtec.cat\/eoimartorell\/wp-json\/wp\/v2\/comments?post=9828"}],"version-history":[{"count":3,"href":"https:\/\/agora-eoi.xtec.cat\/eoimartorell\/wp-json\/wp\/v2\/pages\/9828\/revisions"}],"predecessor-version":[{"id":10878,"href":"https:\/\/agora-eoi.xtec.cat\/eoimartorell\/wp-json\/wp\/v2\/pages\/9828\/revisions\/10878"}],"wp:attachment":[{"href":"https:\/\/agora-eoi.xtec.cat\/eoimartorell\/wp-json\/wp\/v2\/media?parent=9828"}],"curies":[{"name":"wp","href":"https:\/\/api.w.org\/{rel}","templated":true}]}}