{"id":9168,"date":"2016-07-08T11:52:20","date_gmt":"2016-07-08T10:52:20","guid":{"rendered":"http:\/\/agora-eoi.xtec.cat\/eoimartorell\/?page_id=9168"},"modified":"2022-07-05T10:42:10","modified_gmt":"2022-07-05T08:42:10","slug":"cursos-de-japones","status":"publish","type":"page","link":"https:\/\/agora-eoi.xtec.cat\/eoimartorell\/cursos-especials\/cursos-de-japones\/","title":{"rendered":"Cursos d&#8217;altres idiomes"},"content":{"rendered":"<h4><strong>Introducci\u00f3 al japon\u00e8s I<br \/>\n<\/strong><\/h4>\n<p>L&#8217;objectiu d&#8217;aquest curs \u00e9s prendre un primer contacte i aprendre nocions b\u00e0siques de japon\u00e8s amb un professor nadiu que compta amb una \u00e0mplia experi\u00e8ncia.<\/p>\n<ul>\n<li><strong>Requisits<\/strong>: no hi ha requisits de nivell<\/li>\n<li><strong>Calendari del curs<\/strong>: del 19 d&#8217;octubre de 2022 al 31 de maig de 2023 (30 sessions, 60 hores)<\/li>\n<li><strong>Horari<\/strong>: dimecres de 18:30 a 20:30 hores<\/li>\n<li><strong>Preu del curs<\/strong>: 295\u20ac<\/li>\n<\/ul>\n<h4><strong>Besser Sprechen (Conversa d&#8217;alemany B1)<br \/>\n<\/strong><\/h4>\n<p>L&#8217;objectiu d&#8217;aquest curs \u00e9s desenvolupar les capacitats d&#8217;expressi\u00f3 oral en alemany.<\/p>\n<ul>\n<li><strong>Requisits<\/strong>: nivell A2 o nivell equivalent<\/li>\n<li><strong>Calendari del curs<\/strong>: del 11 de febrer del 2023 al 17 de maig de 2023 (15 sessions, 30 hores)<\/li>\n<li><strong>Horari<\/strong>: dimecres de 18:30 a 20:30 hores<\/li>\n<li><strong>Preu del curs<\/strong>: 175\u20ac<\/li>\n<\/ul>\n<p><a href=\"https:\/\/agora-eoi.xtec.cat\/eoimartorell\/cursos-especials\/\"><img loading=\"lazy\" decoding=\"async\" class=\"wp-image-10343 aligncenter\" src=\"https:\/\/agora-eoi.xtec.cat\/eoimartorell\/wp-content\/uploads\/usu2246\/2019\/06\/fletxa.jpg\" alt=\"\" width=\"63\" height=\"65\" \/><\/a><\/p>\n","protected":false},"excerpt":{"rendered":"<p>Introducci\u00f3 al japon\u00e8s I L&#8217;objectiu d&#8217;aquest curs \u00e9s prendre un primer contacte i aprendre nocions b\u00e0siques de japon\u00e8s amb un professor nadiu que compta amb una \u00e0mplia experi\u00e8ncia. Requisits: no hi ha requisits de nivell Calendari del curs: del 19 d&#8217;octubre de 2022 al 31 de maig de 2023 (30 sessions, 60 hores) Horari: dimecres [&hellip;]<\/p>\n","protected":false},"author":1,"featured_media":0,"parent":8158,"menu_order":0,"comment_status":"closed","ping_status":"closed","template":"page-templates\/side-menu.php","meta":{"_bbp_topic_count":0,"_bbp_reply_count":0,"_bbp_total_topic_count":0,"_bbp_total_reply_count":0,"_bbp_voice_count":0,"_bbp_anonymous_reply_count":0,"_bbp_topic_count_hidden":0,"_bbp_reply_count_hidden":0,"_bbp_forum_subforum_count":0,"site-sidebar-layout":"default","site-content-layout":"","ast-site-content-layout":"","site-content-style":"default","site-sidebar-style":"default","ast-global-header-display":"","ast-banner-title-visibility":"","ast-main-header-display":"","ast-hfb-above-header-display":"","ast-hfb-below-header-display":"","ast-hfb-mobile-header-display":"","site-post-title":"","ast-breadcrumbs-content":"","ast-featured-img":"","footer-sml-layout":"","theme-transparent-header-meta":"","adv-header-id-meta":"","stick-header-meta":"","header-above-stick-meta":"","header-main-stick-meta":"","header-below-stick-meta":"","astra-migrate-meta-layouts":"default","ast-page-background-enabled":"default","ast-page-background-meta":{"desktop":{"background-color":"var(--ast-global-color-4)","background-image":"","background-repeat":"repeat","background-position":"center center","background-size":"auto","background-attachment":"scroll","background-type":"","background-media":"","overlay-type":"","overlay-color":"","overlay-opacity":"","overlay-gradient":""},"tablet":{"background-color":"","background-image":"","background-repeat":"repeat","background-position":"center center","background-size":"auto","background-attachment":"scroll","background-type":"","background-media":"","overlay-type":"","overlay-color":"","overlay-opacity":"","overlay-gradient":""},"mobile":{"background-color":"","background-image":"","background-repeat":"repeat","background-position":"center center","background-size":"auto","background-attachment":"scroll","background-type":"","background-media":"","overlay-type":"","overlay-color":"","overlay-opacity":"","overlay-gradient":""}},"ast-content-background-meta":{"desktop":{"background-color":"var(--ast-global-color-5)","background-image":"","background-repeat":"repeat","background-position":"center center","background-size":"auto","background-attachment":"scroll","background-type":"","background-media":"","overlay-type":"","overlay-color":"","overlay-opacity":"","overlay-gradient":""},"tablet":{"background-color":"var(--ast-global-color-5)","background-image":"","background-repeat":"repeat","background-position":"center center","background-size":"auto","background-attachment":"scroll","background-type":"","background-media":"","overlay-type":"","overlay-color":"","overlay-opacity":"","overlay-gradient":""},"mobile":{"background-color":"var(--ast-global-color-5)","background-image":"","background-repeat":"repeat","background-position":"center center","background-size":"auto","background-attachment":"scroll","background-type":"","background-media":"","overlay-type":"","overlay-color":"","overlay-opacity":"","overlay-gradient":""}},"footnotes":""},"class_list":["post-9168","page","type-page","status-publish","hentry"],"post_mailing_queue_ids":[],"_links":{"self":[{"href":"https:\/\/agora-eoi.xtec.cat\/eoimartorell\/wp-json\/wp\/v2\/pages\/9168","targetHints":{"allow":["GET"]}}],"collection":[{"href":"https:\/\/agora-eoi.xtec.cat\/eoimartorell\/wp-json\/wp\/v2\/pages"}],"about":[{"href":"https:\/\/agora-eoi.xtec.cat\/eoimartorell\/wp-json\/wp\/v2\/types\/page"}],"author":[{"embeddable":true,"href":"https:\/\/agora-eoi.xtec.cat\/eoimartorell\/wp-json\/wp\/v2\/users\/1"}],"replies":[{"embeddable":true,"href":"https:\/\/agora-eoi.xtec.cat\/eoimartorell\/wp-json\/wp\/v2\/comments?post=9168"}],"version-history":[{"count":4,"href":"https:\/\/agora-eoi.xtec.cat\/eoimartorell\/wp-json\/wp\/v2\/pages\/9168\/revisions"}],"predecessor-version":[{"id":11085,"href":"https:\/\/agora-eoi.xtec.cat\/eoimartorell\/wp-json\/wp\/v2\/pages\/9168\/revisions\/11085"}],"up":[{"embeddable":true,"href":"https:\/\/agora-eoi.xtec.cat\/eoimartorell\/wp-json\/wp\/v2\/pages\/8158"}],"wp:attachment":[{"href":"https:\/\/agora-eoi.xtec.cat\/eoimartorell\/wp-json\/wp\/v2\/media?parent=9168"}],"curies":[{"name":"wp","href":"https:\/\/api.w.org\/{rel}","templated":true}]}}