{"id":9159,"date":"2016-07-08T11:38:28","date_gmt":"2016-07-08T10:38:28","guid":{"rendered":"http:\/\/agora-eoi.xtec.cat\/eoimartorell\/?page_id=9159"},"modified":"2022-06-03T10:24:17","modified_gmt":"2022-06-03T08:24:17","slug":"cursos-per-aprendre-angles-basic","status":"publish","type":"page","link":"https:\/\/agora-eoi.xtec.cat\/eoimartorell\/cursos-especials\/cursos-per-aprendre-angles-basic\/","title":{"rendered":"Cursos per aprendre angl\u00e8s b\u00e0sic"},"content":{"rendered":"<p>Aquests cursos s\u00f3n d&#8217;introducci\u00f3 i iniciaci\u00f3 a la llengua anglesa. Estan pensats per a persones que volen estudiar angl\u00e8s sense la pressi\u00f3 que comporta el curs anual ordinari.<\/p>\n<h4><strong>Introducci\u00f3 a l\u2019angl\u00e8s I<\/strong><\/h4>\n<p>L&#8217;objectiu del curs \u00e9s prendre un primer contacte amb la llengua anglesa. Es comen\u00e7a des de zero a un ritme m\u00e9s relaxat que el curs anual ordinari.<\/p>\n<ul>\n<li><strong>Requisits<\/strong>: no hi ha requisits de nivell<\/li>\n<li><strong>Calendari del curs<\/strong>: del 18 d&#8217;octubre de 2022 al 20 de juny de 2023 (30 sessions, 90 hores)<\/li>\n<li><strong>Horari<\/strong>: dimarts, 18:00 a 21:00 hores<\/li>\n<li><strong>Preu del curs<\/strong>: 415\u20ac<\/li>\n<\/ul>\n<h4><strong>Introducci\u00f3 a l&#8217;angl\u00e8s II<\/strong><\/h4>\n<p>Aquest curs est\u00e0 pensat com una continuaci\u00f3 d&#8217;Introducci\u00f3 a l&#8217;angl\u00e8s I o per persones que han fet angl\u00e8s amb anterioritat i volen refrescar nocions b\u00e0siques.<\/p>\n<ul>\n<li><strong>Requisits<\/strong>: Introducci\u00f3 a l&#8217;angl\u00e8s I o nivell equivalent<\/li>\n<li><strong>Calendari del curs<\/strong>: del 17 d\u2019octubre del 2022 al 26 de juny de 2023 (30 sessions, 90 hores)<\/li>\n<li><strong>Horari<\/strong>: dilluns, de 18:00 a 21:00 hores<\/li>\n<li><strong>Preu del curs<\/strong>: 415\u20ac<\/li>\n<\/ul>\n<h4><strong>Introducci\u00f3 a l&#8217;angl\u00e8s III<\/strong><\/h4>\n<p>Aquest curs est\u00e0 pensat com una continuaci\u00f3 d&#8217;Introducci\u00f3 a l&#8217;angl\u00e8s II o per persones que han fet angl\u00e8s amb anterioritat i volen refrescar nocions b\u00e0siques.<\/p>\n<ul>\n<li><strong>Requisits<\/strong>: Introducci\u00f3 a l&#8217;angl\u00e8s II o nivell equivalent<\/li>\n<li><strong>Calendari del curs<\/strong>: del 17 d\u2019octubre del 2022 al 26 de juny de 2023 (30 sessions, 90 hores)<\/li>\n<li><strong>Horari<\/strong>: dilluns, de 18:00 a 21:00 hores<\/li>\n<li><strong>Preu del curs<\/strong>: 415\u20ac<\/li>\n<\/ul>\n<h4><strong>Introducci\u00f3 a l&#8217;angl\u00e8s IV<\/strong><\/h4>\n<p>Aquest curs est\u00e0 pensat com una continuaci\u00f3 d&#8217;Introducci\u00f3 a l&#8217;angl\u00e8s III o per persones que han fet angl\u00e8s amb anterioritat i volen refrescar nocions b\u00e0siques.<\/p>\n<ul>\n<li><strong>Requisits<\/strong>: nivell A1 (1r EOI), Introducci\u00f3 a l&#8217;angl\u00e8s III o equivalent<\/li>\n<li><strong>Calendari del curs<\/strong>: del 20 d\u2019octubre del 2022 al 16 de juny de 2023 (30 sessions, 90 hores)<\/li>\n<li><strong>Horari<\/strong>: dijous, de 18:00 a 21:00 hores<\/li>\n<li><strong>Preu del curs<\/strong>: 415\u20ac<\/li>\n<\/ul>\n<p><a href=\"https:\/\/agora-eoi.xtec.cat\/eoimartorell\/cursos-especials\/\"><img loading=\"lazy\" decoding=\"async\" class=\"wp-image-10343 aligncenter\" src=\"https:\/\/agora-eoi.xtec.cat\/eoimartorell\/wp-content\/uploads\/usu2246\/2019\/06\/fletxa.jpg\" alt=\"\" width=\"50\" height=\"52\" \/><\/a><\/p>\n","protected":false},"excerpt":{"rendered":"<p>Aquests cursos s\u00f3n d&#8217;introducci\u00f3 i iniciaci\u00f3 a la llengua anglesa. Estan pensats per a persones que volen estudiar angl\u00e8s sense la pressi\u00f3 que comporta el curs anual ordinari. Introducci\u00f3 a l\u2019angl\u00e8s I L&#8217;objectiu del curs \u00e9s prendre un primer contacte amb la llengua anglesa. Es comen\u00e7a des de zero a un ritme m\u00e9s relaxat que [&hellip;]<\/p>\n","protected":false},"author":1,"featured_media":0,"parent":8158,"menu_order":0,"comment_status":"closed","ping_status":"closed","template":"page-templates\/side-menu.php","meta":{"_bbp_topic_count":0,"_bbp_reply_count":0,"_bbp_total_topic_count":0,"_bbp_total_reply_count":0,"_bbp_voice_count":0,"_bbp_anonymous_reply_count":0,"_bbp_topic_count_hidden":0,"_bbp_reply_count_hidden":0,"_bbp_forum_subforum_count":0,"site-sidebar-layout":"default","site-content-layout":"","ast-site-content-layout":"","site-content-style":"default","site-sidebar-style":"default","ast-global-header-display":"","ast-banner-title-visibility":"","ast-main-header-display":"","ast-hfb-above-header-display":"","ast-hfb-below-header-display":"","ast-hfb-mobile-header-display":"","site-post-title":"","ast-breadcrumbs-content":"","ast-featured-img":"","footer-sml-layout":"","theme-transparent-header-meta":"","adv-header-id-meta":"","stick-header-meta":"","header-above-stick-meta":"","header-main-stick-meta":"","header-below-stick-meta":"","astra-migrate-meta-layouts":"default","ast-page-background-enabled":"default","ast-page-background-meta":{"desktop":{"background-color":"var(--ast-global-color-4)","background-image":"","background-repeat":"repeat","background-position":"center center","background-size":"auto","background-attachment":"scroll","background-type":"","background-media":"","overlay-type":"","overlay-color":"","overlay-opacity":"","overlay-gradient":""},"tablet":{"background-color":"","background-image":"","background-repeat":"repeat","background-position":"center center","background-size":"auto","background-attachment":"scroll","background-type":"","background-media":"","overlay-type":"","overlay-color":"","overlay-opacity":"","overlay-gradient":""},"mobile":{"background-color":"","background-image":"","background-repeat":"repeat","background-position":"center center","background-size":"auto","background-attachment":"scroll","background-type":"","background-media":"","overlay-type":"","overlay-color":"","overlay-opacity":"","overlay-gradient":""}},"ast-content-background-meta":{"desktop":{"background-color":"var(--ast-global-color-5)","background-image":"","background-repeat":"repeat","background-position":"center center","background-size":"auto","background-attachment":"scroll","background-type":"","background-media":"","overlay-type":"","overlay-color":"","overlay-opacity":"","overlay-gradient":""},"tablet":{"background-color":"var(--ast-global-color-5)","background-image":"","background-repeat":"repeat","background-position":"center center","background-size":"auto","background-attachment":"scroll","background-type":"","background-media":"","overlay-type":"","overlay-color":"","overlay-opacity":"","overlay-gradient":""},"mobile":{"background-color":"var(--ast-global-color-5)","background-image":"","background-repeat":"repeat","background-position":"center center","background-size":"auto","background-attachment":"scroll","background-type":"","background-media":"","overlay-type":"","overlay-color":"","overlay-opacity":"","overlay-gradient":""}},"footnotes":""},"class_list":["post-9159","page","type-page","status-publish","hentry"],"post_mailing_queue_ids":[],"_links":{"self":[{"href":"https:\/\/agora-eoi.xtec.cat\/eoimartorell\/wp-json\/wp\/v2\/pages\/9159","targetHints":{"allow":["GET"]}}],"collection":[{"href":"https:\/\/agora-eoi.xtec.cat\/eoimartorell\/wp-json\/wp\/v2\/pages"}],"about":[{"href":"https:\/\/agora-eoi.xtec.cat\/eoimartorell\/wp-json\/wp\/v2\/types\/page"}],"author":[{"embeddable":true,"href":"https:\/\/agora-eoi.xtec.cat\/eoimartorell\/wp-json\/wp\/v2\/users\/1"}],"replies":[{"embeddable":true,"href":"https:\/\/agora-eoi.xtec.cat\/eoimartorell\/wp-json\/wp\/v2\/comments?post=9159"}],"version-history":[{"count":4,"href":"https:\/\/agora-eoi.xtec.cat\/eoimartorell\/wp-json\/wp\/v2\/pages\/9159\/revisions"}],"predecessor-version":[{"id":11024,"href":"https:\/\/agora-eoi.xtec.cat\/eoimartorell\/wp-json\/wp\/v2\/pages\/9159\/revisions\/11024"}],"up":[{"embeddable":true,"href":"https:\/\/agora-eoi.xtec.cat\/eoimartorell\/wp-json\/wp\/v2\/pages\/8158"}],"wp:attachment":[{"href":"https:\/\/agora-eoi.xtec.cat\/eoimartorell\/wp-json\/wp\/v2\/media?parent=9159"}],"curies":[{"name":"wp","href":"https:\/\/api.w.org\/{rel}","templated":true}]}}