{"id":10038,"date":"2018-07-19T12:36:56","date_gmt":"2018-07-19T10:36:56","guid":{"rendered":"http:\/\/agora-eoi.xtec.cat\/eoimartorell\/?page_id=10038"},"modified":"2018-07-19T12:37:39","modified_gmt":"2018-07-19T10:37:39","slug":"no-tinc-un-certificat-o-el-que-tinc-no-esta-en-vigor","status":"publish","type":"page","link":"https:\/\/agora-eoi.xtec.cat\/eoimartorell\/alumnes-nous\/proces-de-preinscripcio-i-matriculacio\/tinc-coneixements-de-lidioma\/no-tinc-un-certificat-o-el-que-tinc-no-esta-en-vigor\/","title":{"rendered":"No tinc un certificat o el que tinc no est\u00e0 en vigor"},"content":{"rendered":"<p>En aquest cas, has de fer la preinscripci\u00f3 a<\/p>\n<p style=\"text-align: center;\"><strong>Prova de Nivell<\/strong><\/p>\n<p>El dia <strong>10 de setembre a partir de les 18:00h<\/strong>, entro a l&#8217;aplicatiu de preinscripci\u00f3 i consulto el resultat del sorteig de la prova de nivell si \u00e9s que voleu estudiar angl\u00e8s. Per a la resta de lleng\u00fces no hi ha sorteig.<\/p>\n<p>El mateix dia <strong>10 de setembre a partir de les 18:00h<\/strong>, heu de consultar el web de les escoles que heu triat per saber quan esteu convocats a fer la prova de nivell. Les proves de nivell tindran lloc la setmana del 10 al 14 de setembre i se us pot convocar en qualsevol moment. Tingueu aix\u00f2 en compte.<\/p>\n<p>El dia <strong>17 de setembre a partir de les 12:00h<\/strong> torno a entrar a l&#8217;aplicatiu de preinscripci\u00f3 per veure quin nivell m&#8217;han assignat i per triar quatre horaris. Entrar\u00e0s al sorteig amb aquella gent que hagi triat el teu horari. Per cada horari s\u2019indica el nombre de places lliures disponibles que van a sorteig.Si no tries horari quedar\u00e0s autom\u00e0ticament excl\u00f2s\/a del sorteig. Pots triar horari fins a les 13:00 hores del dia 19 de setembre.<\/p>\n<p>El dia <strong>19 de setembre a partir de les 18:00h<\/strong> entro a l\u2019aplicatiu de preinscripci\u00f3 per saber si tinc pla\u00e7a o no. Recordeu apuntar-vos el nom d\u2019usuari i la contrasenya, ja que a les escoles no el tenim.<\/p>\n<p>Recordeu apuntar-vos el nom d\u2019usuari i la contrasenya, ja que a les escoles no el tenim.<\/p>\n<p style=\"text-align: center;\"><a href=\"https:\/\/www.eoidigital.com\/eoicat\/alumnes\/principal.php?I=C\">Aplicatiu per fer la preinscripci\u00f3<\/a><\/p>\n<p>&nbsp;<\/p>\n","protected":false},"excerpt":{"rendered":"<p>En aquest cas, has de fer la preinscripci\u00f3 a Prova de Nivell El dia 10 de setembre a partir de les 18:00h, entro a l&#8217;aplicatiu de preinscripci\u00f3 i consulto el resultat del sorteig de la prova de nivell si \u00e9s que voleu estudiar angl\u00e8s. Per a la resta de lleng\u00fces no hi ha sorteig. El [&hellip;]<\/p>\n","protected":false},"author":1,"featured_media":0,"parent":10031,"menu_order":0,"comment_status":"closed","ping_status":"closed","template":"","meta":{"_bbp_topic_count":0,"_bbp_reply_count":0,"_bbp_total_topic_count":0,"_bbp_total_reply_count":0,"_bbp_voice_count":0,"_bbp_anonymous_reply_count":0,"_bbp_topic_count_hidden":0,"_bbp_reply_count_hidden":0,"_bbp_forum_subforum_count":0,"site-sidebar-layout":"default","site-content-layout":"","ast-site-content-layout":"","site-content-style":"default","site-sidebar-style":"default","ast-global-header-display":"","ast-banner-title-visibility":"","ast-main-header-display":"","ast-hfb-above-header-display":"","ast-hfb-below-header-display":"","ast-hfb-mobile-header-display":"","site-post-title":"","ast-breadcrumbs-content":"","ast-featured-img":"","footer-sml-layout":"","theme-transparent-header-meta":"","adv-header-id-meta":"","stick-header-meta":"","header-above-stick-meta":"","header-main-stick-meta":"","header-below-stick-meta":"","astra-migrate-meta-layouts":"default","ast-page-background-enabled":"default","ast-page-background-meta":{"desktop":{"background-color":"var(--ast-global-color-4)","background-image":"","background-repeat":"repeat","background-position":"center center","background-size":"auto","background-attachment":"scroll","background-type":"","background-media":"","overlay-type":"","overlay-color":"","overlay-opacity":"","overlay-gradient":""},"tablet":{"background-color":"","background-image":"","background-repeat":"repeat","background-position":"center center","background-size":"auto","background-attachment":"scroll","background-type":"","background-media":"","overlay-type":"","overlay-color":"","overlay-opacity":"","overlay-gradient":""},"mobile":{"background-color":"","background-image":"","background-repeat":"repeat","background-position":"center center","background-size":"auto","background-attachment":"scroll","background-type":"","background-media":"","overlay-type":"","overlay-color":"","overlay-opacity":"","overlay-gradient":""}},"ast-content-background-meta":{"desktop":{"background-color":"var(--ast-global-color-5)","background-image":"","background-repeat":"repeat","background-position":"center center","background-size":"auto","background-attachment":"scroll","background-type":"","background-media":"","overlay-type":"","overlay-color":"","overlay-opacity":"","overlay-gradient":""},"tablet":{"background-color":"var(--ast-global-color-5)","background-image":"","background-repeat":"repeat","background-position":"center center","background-size":"auto","background-attachment":"scroll","background-type":"","background-media":"","overlay-type":"","overlay-color":"","overlay-opacity":"","overlay-gradient":""},"mobile":{"background-color":"var(--ast-global-color-5)","background-image":"","background-repeat":"repeat","background-position":"center center","background-size":"auto","background-attachment":"scroll","background-type":"","background-media":"","overlay-type":"","overlay-color":"","overlay-opacity":"","overlay-gradient":""}},"footnotes":""},"class_list":["post-10038","page","type-page","status-publish","hentry"],"post_mailing_queue_ids":[],"_links":{"self":[{"href":"https:\/\/agora-eoi.xtec.cat\/eoimartorell\/wp-json\/wp\/v2\/pages\/10038","targetHints":{"allow":["GET"]}}],"collection":[{"href":"https:\/\/agora-eoi.xtec.cat\/eoimartorell\/wp-json\/wp\/v2\/pages"}],"about":[{"href":"https:\/\/agora-eoi.xtec.cat\/eoimartorell\/wp-json\/wp\/v2\/types\/page"}],"author":[{"embeddable":true,"href":"https:\/\/agora-eoi.xtec.cat\/eoimartorell\/wp-json\/wp\/v2\/users\/1"}],"replies":[{"embeddable":true,"href":"https:\/\/agora-eoi.xtec.cat\/eoimartorell\/wp-json\/wp\/v2\/comments?post=10038"}],"version-history":[{"count":1,"href":"https:\/\/agora-eoi.xtec.cat\/eoimartorell\/wp-json\/wp\/v2\/pages\/10038\/revisions"}],"predecessor-version":[{"id":10040,"href":"https:\/\/agora-eoi.xtec.cat\/eoimartorell\/wp-json\/wp\/v2\/pages\/10038\/revisions\/10040"}],"up":[{"embeddable":true,"href":"https:\/\/agora-eoi.xtec.cat\/eoimartorell\/wp-json\/wp\/v2\/pages\/10031"}],"wp:attachment":[{"href":"https:\/\/agora-eoi.xtec.cat\/eoimartorell\/wp-json\/wp\/v2\/media?parent=10038"}],"curies":[{"name":"wp","href":"https:\/\/api.w.org\/{rel}","templated":true}]}}

No tinc un certificat o el que tinc no està en vigor

<p>En aquest cas, has de fer la preinscripció a</p>
<p style="text-align: center;"><strong>Prova de Nivell</strong></p>
<p>El dia <strong>10 de setembre a partir de les 18:00h</strong>, entro a l&#8217;aplicatiu de preinscripció i consulto el resultat del sorteig de la prova de nivell si és que voleu estudiar anglès. Per a la resta de llengües no hi ha sorteig.</p>
<p>El mateix dia <strong>10 de setembre a partir de les 18:00h</strong>, heu de consultar el web de les escoles que heu triat per saber quan esteu convocats a fer la prova de nivell. Les proves de nivell tindran lloc la setmana del 10 al 14 de setembre i se us pot convocar en qualsevol moment. Tingueu això en compte.</p>
<p>El dia <strong>17 de setembre a partir de les 12:00h</strong> torno a entrar a l&#8217;aplicatiu de preinscripció per veure quin nivell m&#8217;han assignat i per triar quatre horaris. Entraràs al sorteig amb aquella gent que hagi triat el teu horari. Per cada horari s’indica el nombre de places lliures disponibles que van a sorteig.Si no tries horari quedaràs automàticament exclòs/a del sorteig. Pots triar horari fins a les 13:00 hores del dia 19 de setembre.</p>
<p>El dia <strong>19 de setembre a partir de les 18:00h</strong> entro a l’aplicatiu de preinscripció per saber si tinc plaça o no. Recordeu apuntar-vos el nom d’usuari i la contrasenya, ja que a les escoles no el tenim.</p>
<p>Recordeu apuntar-vos el nom d’usuari i la contrasenya, ja que a les escoles no el tenim.</p>
<p style="text-align: center;"><a href="https://www.eoidigital.com/eoicat/alumnes/principal.php?I=C">Aplicatiu per fer la preinscripció</a></p>
<p>&nbsp;</p>

<p>En aquest cas, has de fer la preinscripció a Prova de Nivell El dia 10 de setembre a partir de les 18:00h, entro a l&#8217;aplicatiu de preinscripció i consulto el resultat del sorteig de la prova de nivell si és que voleu estudiar anglès. Per a la resta de llengües no hi ha sorteig. El [&hellip;]</p>
