{"id":9,"date":"2014-09-12T10:15:01","date_gmt":"2014-09-12T10:15:01","guid":{"rendered":"http:\/\/agora-eoi.xtec.cat\/eoilleida\/?page_id=9"},"modified":"2018-06-14T13:18:17","modified_gmt":"2018-06-14T11:18:17","slug":"pagina-dinici-buida","status":"publish","type":"page","link":"https:\/\/agora-eoi.xtec.cat\/eoilleida\/","title":{"rendered":"Inici"},"content":{"rendered":"<p>L\u2019Escola Oficial d\u2019Idiomes de Lleida \u00e9s la vostra finestra al m\u00f3n. Treballem per a formar-vos, en sentit ampli i de manera integral, en l\u2019\u00fas de la llengua que vulgueu estudiar amb nosaltres:\u00a0<strong>alemany, angl\u00e8s, \u00e0rab, catal\u00e0, espanyol, franc\u00e8s, itali\u00e0 i rus<\/strong>.\u00a0 Tamb\u00e9 us endinsarem en els trets culturals m\u00e9s caracter\u00edstics dels pa\u00efsos i pobles en qu\u00e8 es parlen aquestes lleng\u00fces i en coneixereu la realitat m\u00e9s propera.<\/p>\n<p>Som un centre educatiu de qualitat que s\u2019adapta a les necessitats i la manera de funcionar de la societat dels nostres temps, utilitzant les metodologies i eines m\u00e9s actuals en el proc\u00e9s d\u2019ensenyament\/aprenentatge. \u00c9s per aix\u00f2 que un dels eixos principals de la nostra escola \u00e9s la cont\u00ednua actualitzaci\u00f3 did\u00e0ctica dels nostres docents. Tot sota un mateix objectiu: fer que tots els alumnes gaudeixin aprenent idiomes i cultures.<\/p>\n<p>Vine a l\u2019EOI. \u00a0\u00a0<strong><em>No t\u2019ho perdis \u00a0No te lo pierdas\u00a0\u00a0Do not miss it \u00a0Tu non puoi mancare\u00a0\u00a0Ne le loupe pas\u00a0\u00a0Verpass es nicht \u00a0<\/em><\/strong><strong><span lang=\"ru\">\u041d\u0435 \u043f\u0440\u043e\u043f\u0443\u0441\u0442\u0438\u0442\u0435 \u00a0\u00a0\u0644\u0627 \u062a\u0641\u0648\u062a \u0627\u0644\u0641\u0631\u0635\u0629<\/span><\/strong><\/p>\n","protected":false},"excerpt":{"rendered":"<p>L\u2019Escola Oficial d\u2019Idiomes de Lleida \u00e9s la vostra finestra al m\u00f3n. Treballem per a formar-vos, en sentit ampli i de manera integral, en l\u2019\u00fas de la llengua que vulgueu estudiar amb nosaltres:\u00a0alemany, angl\u00e8s, \u00e0rab, catal\u00e0, espanyol, franc\u00e8s, itali\u00e0 i rus.\u00a0 Tamb\u00e9 us endinsarem en els&hellip;  <a href=\"https:\/\/agora-eoi.xtec.cat\/eoilleida\/\" title=\"Read Inici\">Llegeix m\u00e9s\u00bb<\/a><\/p>\n","protected":false},"author":1,"featured_media":0,"parent":7,"menu_order":0,"comment_status":"closed","ping_status":"closed","template":"page-templates\/front-page.php","meta":{"_bbp_topic_count":0,"_bbp_reply_count":0,"_bbp_total_topic_count":0,"_bbp_total_reply_count":0,"_bbp_voice_count":0,"_bbp_anonymous_reply_count":0,"_bbp_topic_count_hidden":0,"_bbp_reply_count_hidden":0,"_bbp_forum_subforum_count":0,"footnotes":""},"class_list":["post-9","page","type-page","status-publish","hentry"],"post_mailing_queue_ids":[],"_links":{"self":[{"href":"https:\/\/agora-eoi.xtec.cat\/eoilleida\/wp-json\/wp\/v2\/pages\/9","targetHints":{"allow":["GET"]}}],"collection":[{"href":"https:\/\/agora-eoi.xtec.cat\/eoilleida\/wp-json\/wp\/v2\/pages"}],"about":[{"href":"https:\/\/agora-eoi.xtec.cat\/eoilleida\/wp-json\/wp\/v2\/types\/page"}],"author":[{"embeddable":true,"href":"https:\/\/agora-eoi.xtec.cat\/eoilleida\/wp-json\/wp\/v2\/users\/1"}],"replies":[{"embeddable":true,"href":"https:\/\/agora-eoi.xtec.cat\/eoilleida\/wp-json\/wp\/v2\/comments?post=9"}],"version-history":[{"count":3,"href":"https:\/\/agora-eoi.xtec.cat\/eoilleida\/wp-json\/wp\/v2\/pages\/9\/revisions"}],"predecessor-version":[{"id":258,"href":"https:\/\/agora-eoi.xtec.cat\/eoilleida\/wp-json\/wp\/v2\/pages\/9\/revisions\/258"}],"up":[{"embeddable":true,"href":"https:\/\/agora-eoi.xtec.cat\/eoilleida\/wp-json\/wp\/v2\/pages\/7"}],"wp:attachment":[{"href":"https:\/\/agora-eoi.xtec.cat\/eoilleida\/wp-json\/wp\/v2\/media?parent=9"}],"curies":[{"name":"wp","href":"https:\/\/api.w.org\/{rel}","templated":true}]}}