{"id":9045,"date":"2025-02-06T16:32:31","date_gmt":"2025-02-06T15:32:31","guid":{"rendered":"https:\/\/agora-eoi.xtec.cat\/eoilaseudurgell\/?page_id=9045"},"modified":"2025-02-06T17:05:08","modified_gmt":"2025-02-06T16:05:08","slug":"cpd-sort","status":"publish","type":"page","link":"https:\/\/agora-eoi.xtec.cat\/eoilaseudurgell\/cpd-sort\/","title":{"rendered":"CPD Sort"},"content":{"rendered":"\n<p>Cursos d&#8217;angl\u00e8s al CPD a Sort<br><br>El curs 2010-2011, el Departament d&#8217;Educaci\u00f3 obr\u00ed un nou centre p\u00fablic delegat a Sort.<br><br><strong>El Centre P\u00fablic Delegat (CPD) de SORT<\/strong>, dep\u00e8s de l&#8217;EOI de la Seu d&#8217;Urgell i est\u00e0 ubicat a l&#8217;INS Hug Roger III, al carrer Joaquim Sostres, s\/n.<br><br>Per a qualsevol consulta o tr\u00e0mit administratiu, haureu de posar-vos en contacte amb l&#8217;EOI de la Seu d&#8217;Urgell. Podeu enviar un correu electr\u00f2nic a l&#8217;adre\u00e7a eoilaseudurgell@xtec.cat o b\u00e9 trucar al tel\u00e8fon 973354446.<br><br><strong>Trobareu informaci\u00f3 de l&#8217;horari de les classes, grups que s&#8217;impartiran, calendari escolar &#8230; en els documents que trobareu al final d&#8217;aquest escrit.<\/strong><br><br>Es demana a l&#8217;alumnat que visiti regularment l&#8217;espai web de l&#8217;escola per mantenir-se informat. L&#8217;escola nom\u00e9s es responsabilitza de la informaci\u00f3 que est\u00e0 per escrit.<\/p>\n\n\n\n<div data-wp-interactive=\"core\/file\" class=\"wp-block-file\"><object data-wp-bind--hidden=\"!state.hasPdfPreview\" hidden class=\"wp-block-file__embed\" data=\"https:\/\/agora-eoi.xtec.cat\/eoilaseudurgell\/wp-content\/uploads\/usu3461\/2025\/02\/pdf_cp_delegat_links163.pdf\" type=\"application\/pdf\" style=\"width:100%;height:600px\" aria-label=\"Incrustaci\u00f3 del fitxer pdf_cp_delegat_links163.\"><\/object><a id=\"wp-block-file--media-97508484-74cc-495a-b517-7f7c7acc345f\" href=\"https:\/\/agora-eoi.xtec.cat\/eoilaseudurgell\/wp-content\/uploads\/usu3461\/2025\/02\/pdf_cp_delegat_links163.pdf\">pdf_cp_delegat_links163<\/a><a href=\"https:\/\/agora-eoi.xtec.cat\/eoilaseudurgell\/wp-content\/uploads\/usu3461\/2025\/02\/pdf_cp_delegat_links163.pdf\" class=\"wp-block-file__button wp-element-button\" download aria-describedby=\"wp-block-file--media-97508484-74cc-495a-b517-7f7c7acc345f\">Baixa<\/a><\/div>\n\n\n\n<figure class=\"wp-block-table\"><table><tbody><tr><td><\/td><\/tr><\/tbody><\/table><\/figure>\n\n\n\n<p><\/p>\n\n\n\n<p><\/p>\n","protected":false},"excerpt":{"rendered":"<p>Cursos d&#8217;angl\u00e8s al CPD a Sort El curs 2010-2011, el Departament d&#8217;Educaci\u00f3 obr\u00ed un nou centre p\u00fablic delegat a Sort. El Centre P\u00fablic Delegat (CPD) de SORT, dep\u00e8s de l&#8217;EOI de la Seu d&#8217;Urgell i est\u00e0 ubicat a l&#8217;INS Hug Roger III, al carrer Joaquim Sostres, s\/n. Per a qualsevol consulta o tr\u00e0mit administratiu, haureu [&hellip;]<\/p>\n","protected":false},"author":1,"featured_media":0,"parent":0,"menu_order":0,"comment_status":"closed","ping_status":"closed","template":"","meta":{"site-sidebar-layout":"default","site-content-layout":"","ast-site-content-layout":"default","site-content-style":"default","site-sidebar-style":"default","ast-global-header-display":"","ast-banner-title-visibility":"","ast-main-header-display":"","ast-hfb-above-header-display":"","ast-hfb-below-header-display":"","ast-hfb-mobile-header-display":"","site-post-title":"","ast-breadcrumbs-content":"","ast-featured-img":"","footer-sml-layout":"","theme-transparent-header-meta":"","adv-header-id-meta":"","stick-header-meta":"","header-above-stick-meta":"","header-main-stick-meta":"","header-below-stick-meta":"","astra-migrate-meta-layouts":"set","ast-page-background-enabled":"default","ast-page-background-meta":{"desktop":{"background-color":"var(--ast-global-color-4)","background-image":"","background-repeat":"repeat","background-position":"center center","background-size":"auto","background-attachment":"scroll","background-type":"","background-media":"","overlay-type":"","overlay-color":"","overlay-opacity":"","overlay-gradient":""},"tablet":{"background-color":"","background-image":"","background-repeat":"repeat","background-position":"center center","background-size":"auto","background-attachment":"scroll","background-type":"","background-media":"","overlay-type":"","overlay-color":"","overlay-opacity":"","overlay-gradient":""},"mobile":{"background-color":"","background-image":"","background-repeat":"repeat","background-position":"center center","background-size":"auto","background-attachment":"scroll","background-type":"","background-media":"","overlay-type":"","overlay-color":"","overlay-opacity":"","overlay-gradient":""}},"ast-content-background-meta":{"desktop":{"background-color":"var(--ast-global-color-5)","background-image":"","background-repeat":"repeat","background-position":"center center","background-size":"auto","background-attachment":"scroll","background-type":"","background-media":"","overlay-type":"","overlay-color":"","overlay-opacity":"","overlay-gradient":""},"tablet":{"background-color":"var(--ast-global-color-5)","background-image":"","background-repeat":"repeat","background-position":"center center","background-size":"auto","background-attachment":"scroll","background-type":"","background-media":"","overlay-type":"","overlay-color":"","overlay-opacity":"","overlay-gradient":""},"mobile":{"background-color":"var(--ast-global-color-5)","background-image":"","background-repeat":"repeat","background-position":"center center","background-size":"auto","background-attachment":"scroll","background-type":"","background-media":"","overlay-type":"","overlay-color":"","overlay-opacity":"","overlay-gradient":""}},"footnotes":""},"class_list":["post-9045","page","type-page","status-publish","hentry"],"post_mailing_queue_ids":[],"_links":{"self":[{"href":"https:\/\/agora-eoi.xtec.cat\/eoilaseudurgell\/wp-json\/wp\/v2\/pages\/9045","targetHints":{"allow":["GET"]}}],"collection":[{"href":"https:\/\/agora-eoi.xtec.cat\/eoilaseudurgell\/wp-json\/wp\/v2\/pages"}],"about":[{"href":"https:\/\/agora-eoi.xtec.cat\/eoilaseudurgell\/wp-json\/wp\/v2\/types\/page"}],"author":[{"embeddable":true,"href":"https:\/\/agora-eoi.xtec.cat\/eoilaseudurgell\/wp-json\/wp\/v2\/users\/1"}],"replies":[{"embeddable":true,"href":"https:\/\/agora-eoi.xtec.cat\/eoilaseudurgell\/wp-json\/wp\/v2\/comments?post=9045"}],"version-history":[{"count":3,"href":"https:\/\/agora-eoi.xtec.cat\/eoilaseudurgell\/wp-json\/wp\/v2\/pages\/9045\/revisions"}],"predecessor-version":[{"id":9068,"href":"https:\/\/agora-eoi.xtec.cat\/eoilaseudurgell\/wp-json\/wp\/v2\/pages\/9045\/revisions\/9068"}],"wp:attachment":[{"href":"https:\/\/agora-eoi.xtec.cat\/eoilaseudurgell\/wp-json\/wp\/v2\/media?parent=9045"}],"curies":[{"name":"wp","href":"https:\/\/api.w.org\/{rel}","templated":true}]}}