{"id":8448,"date":"2016-06-14T16:22:09","date_gmt":"2016-06-14T15:22:09","guid":{"rendered":"https:\/\/agora-eoi.xtec.cat\/eoilaseudurgell\/?page_id=8448"},"modified":"2025-02-06T17:34:34","modified_gmt":"2025-02-06T16:34:34","slug":"carnet-destudiant","status":"publish","type":"page","link":"https:\/\/agora-eoi.xtec.cat\/eoilaseudurgell\/serveis\/carnet-destudiant\/","title":{"rendered":"Carnet d&#8217;estudiant"},"content":{"rendered":"<p><strong>Antic alumnat:<\/strong> Passeu per consergeria amb el vostre carnet per actualitzar-lo.<\/p>\n<p>\u25ba\u00a0El carnet nom\u00e9s ser\u00e0 v\u00e0lid amb el segell del curs vigent del centre.<br \/>\n<span class=\"lucida text12 gris3\"><b>Encara no tens el teu?<\/b><\/span> <a class=\"enllas boxed\" href=\"http:\/\/www.eoilaseu.cat\/fitxa_carnet.php?idm=ca\" rel=\"{handler:'iframe',size:{x:725,y:380}}\"><b>Fes-te&#8217;l r\u00e0pidament des d&#8217;aqu\u00ed<\/b><\/a><\/p>\n<div class=\"fleft\">\n<p>El carnet de l&#8217;EOI de la Seu d\u2019Urgell t\u2019acredita com a estudiant de la nostra escola i et d\u00f3na acc\u00e9s a diverses avantatges.<\/p>\n<p>Amb la presentaci\u00f3 del carnet d\u2019estudiant de l\u2019EOI tamb\u00e9 podr\u00e0s gaudir de descomptes en alguns museus. \u00a0<a class=\"enllas\" href=\"http:\/\/www.eoilaseu.cat\/alumnes.php?idm=ca&amp;sbs=1\">Descobreix tots els seus avantatges<\/a><\/p>\n<\/div>\n","protected":false},"excerpt":{"rendered":"<p>Antic alumnat: Passeu per consergeria amb el vostre carnet per actualitzar-lo. \u25ba\u00a0El carnet nom\u00e9s ser\u00e0 v\u00e0lid amb el segell del curs vigent del centre. Encara no tens el teu? Fes-te&#8217;l r\u00e0pidament des d&#8217;aqu\u00ed El carnet de l&#8217;EOI de la Seu d\u2019Urgell t\u2019acredita com a estudiant de la nostra escola i et d\u00f3na acc\u00e9s a diverses [&hellip;]<\/p>\n","protected":false},"author":1,"featured_media":0,"parent":8411,"menu_order":25,"comment_status":"closed","ping_status":"closed","template":"","meta":{"site-sidebar-layout":"default","site-content-layout":"","ast-site-content-layout":"default","site-content-style":"default","site-sidebar-style":"default","ast-global-header-display":"","ast-banner-title-visibility":"","ast-main-header-display":"","ast-hfb-above-header-display":"","ast-hfb-below-header-display":"","ast-hfb-mobile-header-display":"","site-post-title":"","ast-breadcrumbs-content":"","ast-featured-img":"","footer-sml-layout":"","theme-transparent-header-meta":"","adv-header-id-meta":"","stick-header-meta":"","header-above-stick-meta":"","header-main-stick-meta":"","header-below-stick-meta":"","astra-migrate-meta-layouts":"set","ast-page-background-enabled":"default","ast-page-background-meta":{"desktop":{"background-color":"var(--ast-global-color-4)","background-image":"","background-repeat":"repeat","background-position":"center center","background-size":"auto","background-attachment":"scroll","background-type":"","background-media":"","overlay-type":"","overlay-color":"","overlay-opacity":"","overlay-gradient":""},"tablet":{"background-color":"","background-image":"","background-repeat":"repeat","background-position":"center center","background-size":"auto","background-attachment":"scroll","background-type":"","background-media":"","overlay-type":"","overlay-color":"","overlay-opacity":"","overlay-gradient":""},"mobile":{"background-color":"","background-image":"","background-repeat":"repeat","background-position":"center center","background-size":"auto","background-attachment":"scroll","background-type":"","background-media":"","overlay-type":"","overlay-color":"","overlay-opacity":"","overlay-gradient":""}},"ast-content-background-meta":{"desktop":{"background-color":"var(--ast-global-color-5)","background-image":"","background-repeat":"repeat","background-position":"center center","background-size":"auto","background-attachment":"scroll","background-type":"","background-media":"","overlay-type":"","overlay-color":"","overlay-opacity":"","overlay-gradient":""},"tablet":{"background-color":"var(--ast-global-color-5)","background-image":"","background-repeat":"repeat","background-position":"center center","background-size":"auto","background-attachment":"scroll","background-type":"","background-media":"","overlay-type":"","overlay-color":"","overlay-opacity":"","overlay-gradient":""},"mobile":{"background-color":"var(--ast-global-color-5)","background-image":"","background-repeat":"repeat","background-position":"center center","background-size":"auto","background-attachment":"scroll","background-type":"","background-media":"","overlay-type":"","overlay-color":"","overlay-opacity":"","overlay-gradient":""}},"footnotes":""},"class_list":["post-8448","page","type-page","status-publish","hentry"],"post_mailing_queue_ids":[],"_links":{"self":[{"href":"https:\/\/agora-eoi.xtec.cat\/eoilaseudurgell\/wp-json\/wp\/v2\/pages\/8448","targetHints":{"allow":["GET"]}}],"collection":[{"href":"https:\/\/agora-eoi.xtec.cat\/eoilaseudurgell\/wp-json\/wp\/v2\/pages"}],"about":[{"href":"https:\/\/agora-eoi.xtec.cat\/eoilaseudurgell\/wp-json\/wp\/v2\/types\/page"}],"author":[{"embeddable":true,"href":"https:\/\/agora-eoi.xtec.cat\/eoilaseudurgell\/wp-json\/wp\/v2\/users\/1"}],"replies":[{"embeddable":true,"href":"https:\/\/agora-eoi.xtec.cat\/eoilaseudurgell\/wp-json\/wp\/v2\/comments?post=8448"}],"version-history":[{"count":3,"href":"https:\/\/agora-eoi.xtec.cat\/eoilaseudurgell\/wp-json\/wp\/v2\/pages\/8448\/revisions"}],"predecessor-version":[{"id":9078,"href":"https:\/\/agora-eoi.xtec.cat\/eoilaseudurgell\/wp-json\/wp\/v2\/pages\/8448\/revisions\/9078"}],"up":[{"embeddable":true,"href":"https:\/\/agora-eoi.xtec.cat\/eoilaseudurgell\/wp-json\/wp\/v2\/pages\/8411"}],"wp:attachment":[{"href":"https:\/\/agora-eoi.xtec.cat\/eoilaseudurgell\/wp-json\/wp\/v2\/media?parent=8448"}],"curies":[{"name":"wp","href":"https:\/\/api.w.org\/{rel}","templated":true}]}}