{"id":8151,"date":"2016-06-08T16:42:13","date_gmt":"2016-06-08T15:42:13","guid":{"rendered":"https:\/\/agora-eoi.xtec.cat\/eoilaseudurgell\/?page_id=8151"},"modified":"2025-02-05T00:29:37","modified_gmt":"2025-02-04T23:29:37","slug":"cursos-oficials","status":"publish","type":"page","link":"https:\/\/agora-eoi.xtec.cat\/eoilaseudurgell\/cursos\/cursos-oficials\/","title":{"rendered":"Cursos Oficials"},"content":{"rendered":"<p><strong>DURADA DEL CURS<\/strong><\/p>\n<p>En aquesta EOI s&#8217;imparteixen els idiomes d&#8217; <strong>angl\u00e8s, catal\u00e0<\/strong> i<strong> franc\u00e8s<\/strong>.<\/p>\n<p>Modalitat d&#8217;horari: curs extensiu<\/p>\n<p><strong>La matr\u00edcula oficial<\/strong> d\u00f3na dret a assistir com a m\u00ednim a <strong>150 hores de classe<\/strong> per curs i als ex\u00e0mens corresponents.<\/p>\n<p>L&#8217;EOI de la Seu d&#8217;Urgell imparteix <strong>el curs oficial extensiu en horari altern<\/strong>, classes de dues hores en dies alterns (dilluns i dimecres o dimarts i dijous).<\/p>\n<ul>\n<li><strong>GRUPS A: <\/strong>dilluns i dimecres<\/li>\n<li><strong>GRUPS B:<\/strong> dimarts i dijous<\/li>\n<\/ul>\n<p><strong>HORARI DE CLASSE<\/strong><\/p>\n<p>Totes les classes es fan en horari de tarda-vespre.<br \/>\nLa franja hor\u00e0ria de classe \u00e9s de 16.15 a 21.15 hores.<br \/>\nLa tria de l\u2019horari de classe es fa en el moment de formalitzar la matr\u00edcula, segons el torn d\u2019horari establert en el sorteig.<\/p>\n<p><strong>PROGRAMA D&#8217;ESTUDIS<\/strong><\/p>\n<p>La LOE (Llei Org\u00e0nica d\u2019Educaci\u00f3 2\/2006, de 3 de maig) estableix una nova ordenaci\u00f3 del programa d\u2019estudis de les escoles oficials d\u2019idiomes, que queda dividit en tres nivells, que corresponen als nivells definits en el MECR (Marc europeu com\u00fa de refer\u00e8ncia per a les lleng\u00fces).<\/p>\n<p>Els ensenyaments especialitzats d&#8217;idiomes s&#8217;imparteixen en 7 cursos:<\/p>\n<ul>\n<li><strong>Nivell B\u00e0sic:<\/strong> de 2 cursos (1r i 2n nivell)<\/li>\n<li><strong>Nivell Intermedi<\/strong><strong>:<\/strong>\u00a0d&#8217;1 curs (3r nivell)<\/li>\n<li><strong>Nivell Avan\u00e7at<\/strong><strong>:<\/strong>\u00a0de 2 cursos (4t i 5\u00e8 nivell)<\/li>\n<li><strong>Nivell C1:<\/strong> d&#8217;1 curs<\/li>\n<li><strong>Nivell C2:<\/strong> d&#8217;1 curs<\/li>\n<\/ul>\n<table style=\"width: 91.9435%;\" border=\"1\" cellspacing=\"1\" cellpadding=\"1\">\n<tbody>\n<tr>\n<td style=\"width: 17.4074%;\"><strong>CURSOS<\/strong><\/td>\n<td style=\"width: 37.5%;\"><strong>NIVELL<\/strong><\/td>\n<td style=\"width: 36.4815%;\"><strong>EQUIVAL\u00c8NCIA MECR<\/strong><\/td>\n<\/tr>\n<tr>\n<td style=\"width: 17.4074%;\">1r<\/td>\n<td style=\"width: 37.5%;\" rowspan=\"2\">NIVELL B\u00c0SIC<\/td>\n<td style=\"width: 36.4815%;\">A1<\/td>\n<\/tr>\n<tr>\n<td style=\"width: 17.4074%;\">2n<\/td>\n<td style=\"width: 36.4815%;\">A2<\/td>\n<\/tr>\n<tr>\n<td style=\"width: 17.4074%;\">3r<\/td>\n<td style=\"width: 37.5%;\">NIVELL INTERMEDI<\/td>\n<td style=\"width: 36.4815%;\">B1<\/td>\n<\/tr>\n<tr>\n<td style=\"width: 17.4074%;\">4t<\/td>\n<td style=\"width: 37.5%;\" rowspan=\"2\">NIVELL AVAN\u00c7AT<\/td>\n<td style=\"width: 36.4815%;\" colspan=\"1\" rowspan=\"2\">B2<\/td>\n<\/tr>\n<tr>\n<td style=\"width: 17.4074%;\">5\u00e8<\/td>\n<\/tr>\n<tr>\n<td style=\"width: 17.4074%;\">C1<\/td>\n<td style=\"width: 37.5%;\">C1<\/td>\n<td style=\"width: 36.4815%;\">C1<\/td>\n<\/tr>\n<tr>\n<td style=\"width: 17.4074%;\">C2<\/td>\n<td style=\"width: 37.5%;\">C2<\/td>\n<td style=\"width: 36.4815%;\">C2<\/td>\n<\/tr>\n<\/tbody>\n<\/table>\n<p>Els nivells dels dos certificats d&#8217;escola oficial d&#8217;idiomes poden comparar-se als nivells descrits en els documents publicats pel Consell d&#8217;Europa, en especial el Marc europeu de refer\u00e8ncia. Al final del nivell intermedi i del nivell avan\u00e7at els alumnes han de superar una prova de certificat, dissenyada des del Centre de Recursos de Lleng\u00fces Estrangeres del Departament d&#8217;Educaci\u00f3 de la Generalitat (\u00c0rea de Certificacions), amb uns criteris unificats per a tota Catalunya.<\/p>\n<p>Els alumnes que obtenen al certificat de <strong>nivell intermedi<\/strong> es poden considerar dins la franja B1 del Consell d&#8217;Europa &#8211; usuari independent.<\/p>\n<p>Els alumnes que obtenen al certificat de <strong>nivell avan\u00e7at<\/strong> es poden situar dins la part alta de la franja B2 del Consell d&#8217;Europa, el nivell considerat avan\u00e7at dins de la definici\u00f3 d&#8217;usuari independent.<\/p>\n<p><strong>PLA D&#8217;ESTUDIS<\/strong><\/p>\n<p>El pla d&#8217;estudis de les EOI desenvolupa la finalitat dels ensenyaments d&#8217;idiomes que s&#8217;hi imparteixen, que \u00e9s la capacitat de l&#8217;alumnat en l&#8217;\u00fas efectiu de l&#8217;idioma com a vehicle de comunicaci\u00f3 general.<\/p>\n<p>Per assolir aquesta finalitat, a les EOI es treballa per tal que l&#8217;alumnat:<\/p>\n<ul>\n<li>Adquireixi les habilitats b\u00e0siques receptives i productives, tant del llenguatge oral com de l&#8217;escrit;<\/li>\n<li>Desenvolupi estrat\u00e8gies comunicatives en diferents \u00e0rees de comunicaci\u00f3;<\/li>\n<li>Desenvolupi estrat\u00e8gies per a l&#8217;aprenentatge aut\u00f2nom i continu de lleng\u00fces, que puguin facilitar l&#8217;\u00fas de l&#8217;idioma en l&#8217;exercici d&#8217;activitats professionals i en altres \u00e0mbits de la cultura o d&#8217;inter\u00e8s personal;<\/li>\n<li>Desenvolupi actituds positives envers la diversitat ling\u00fc\u00edstica i el pluralisme cultural del m\u00f3n actual.<\/li>\n<\/ul>\n<p><strong>CURSOS I GRUPS PER IDIOMA I NIVELL<\/strong><\/p>\n<p>Cursos i grups per idioma i nivell &#8211; curs 2024-2025<\/p>\n<table style=\"width: 81.0176%; height: 161px;\" border=\"1\" cellspacing=\"1\" cellpadding=\"1\">\n<tbody>\n<tr style=\"height: 23px;\">\n<td style=\"height: 23px; width: 13.7037%;\"><\/td>\n<td style=\"height: 23px; width: 22.0371%;\" colspan=\"2\"><strong>NIVELL B\u00c0SIC<\/strong><\/td>\n<td style=\"height: 23px; width: 15.9505%;\"><strong>NIVELL INTERMEDI<\/strong><\/td>\n<td style=\"height: 23px; width: 18.1847%;\" colspan=\"2\"><strong>NIVELL AVAN\u00c7AT<\/strong><\/td>\n<td style=\"height: 23px; width: 5.07643%;\"><strong>C1<\/strong><\/td>\n<td style=\"width: 4.0571%;\"><strong>C2<\/strong><\/td>\n<\/tr>\n<tr style=\"height: 23px;\">\n<td style=\"height: 23px; width: 13.7037%;\"><strong>CURSOS<\/strong><\/td>\n<td style=\"height: 23px; width: 10.3704%;\"><strong>1r<\/strong><\/td>\n<td style=\"height: 23px; width: 11.6667%;\"><strong>2n<\/strong><\/td>\n<td style=\"height: 23px; width: 15.9505%;\"><strong>3r<\/strong><\/td>\n<td style=\"height: 23px; width: 7.81409%;\"><strong>4t<\/strong><\/td>\n<td style=\"height: 23px; width: 10.3706%;\"><strong>5\u00e8<\/strong><\/td>\n<td style=\"height: 23px; width: 5.07643%;\"><strong>C1<\/strong><\/td>\n<td style=\"width: 4.0571%;\"><strong>C2<br \/>\n<\/strong><\/td>\n<\/tr>\n<tr style=\"height: 23px;\">\n<td style=\"height: 23px; width: 13.7037%;\"><strong>Idioma<\/strong><\/td>\n<td style=\"height: 23px; width: 61.2487%;\" colspan=\"6\"><strong>Grups per nivells<\/strong><\/td>\n<td style=\"width: 4.0571%;\"><strong>\u00a0<\/strong><\/td>\n<\/tr>\n<tr style=\"height: 23px;\">\n<td style=\"height: 23px; width: 13.7037%;\">Angl\u00e8s<\/td>\n<td style=\"height: 23px; width: 10.3704%;\">1<\/td>\n<td style=\"height: 23px; width: 11.6667%;\">2<\/td>\n<td style=\"height: 23px; width: 15.9505%;\">2<\/td>\n<td style=\"height: 23px; width: 7.81409%;\">2<\/td>\n<td style=\"height: 23px; width: 10.3706%;\">2<\/td>\n<td style=\"height: 23px; width: 5.07643%;\">1<\/td>\n<td style=\"width: 4.0571%;\"><\/td>\n<\/tr>\n<tr style=\"height: 23px;\">\n<td style=\"height: 23px; width: 13.7037%;\">Catal\u00e0<\/td>\n<td style=\"height: 23px; width: 10.3704%;\"><\/td>\n<td style=\"height: 23px; width: 11.6667%;\"><\/td>\n<td style=\"height: 23px; width: 15.9505%;\"><\/td>\n<td style=\"height: 23px; width: 7.81409%;\"><\/td>\n<td style=\"height: 23px; width: 10.3706%;\"><\/td>\n<td style=\"height: 23px; width: 5.07643%;\"><\/td>\n<td style=\"width: 4.0571%;\">3<\/td>\n<\/tr>\n<tr style=\"height: 23px;\">\n<td style=\"height: 23px; width: 13.7037%;\">Franc\u00e8s<\/td>\n<td style=\"height: 23px; width: 10.3704%;\">1<\/td>\n<td style=\"height: 23px; width: 11.6667%;\">1<\/td>\n<td style=\"height: 23px; width: 15.9505%;\">1<\/td>\n<td style=\"height: 23px; width: 7.81409%;\">1<\/td>\n<td style=\"height: 23px; width: 10.3706%;\">1<\/td>\n<td style=\"height: 23px; width: 5.07643%;\">1<\/td>\n<td style=\"width: 4.0571%;\"><\/td>\n<\/tr>\n<\/tbody>\n<\/table>\n","protected":false},"excerpt":{"rendered":"<p>DURADA DEL CURS En aquesta EOI s&#8217;imparteixen els idiomes d&#8217; angl\u00e8s, catal\u00e0 i franc\u00e8s. Modalitat d&#8217;horari: curs extensiu La matr\u00edcula oficial d\u00f3na dret a assistir com a m\u00ednim a 150 hores de classe per curs i als ex\u00e0mens corresponents. L&#8217;EOI de la Seu d&#8217;Urgell imparteix el curs oficial extensiu en horari altern, classes de dues [&hellip;]<\/p>\n","protected":false},"author":1,"featured_media":0,"parent":8149,"menu_order":10,"comment_status":"closed","ping_status":"closed","template":"page-templates\/side-menu.php","meta":{"site-sidebar-layout":"default","site-content-layout":"","ast-site-content-layout":"default","site-content-style":"default","site-sidebar-style":"default","ast-global-header-display":"","ast-banner-title-visibility":"","ast-main-header-display":"","ast-hfb-above-header-display":"","ast-hfb-below-header-display":"","ast-hfb-mobile-header-display":"","site-post-title":"","ast-breadcrumbs-content":"","ast-featured-img":"","footer-sml-layout":"","theme-transparent-header-meta":"","adv-header-id-meta":"","stick-header-meta":"","header-above-stick-meta":"","header-main-stick-meta":"","header-below-stick-meta":"","astra-migrate-meta-layouts":"set","ast-page-background-enabled":"default","ast-page-background-meta":{"desktop":{"background-color":"var(--ast-global-color-4)","background-image":"","background-repeat":"repeat","background-position":"center center","background-size":"auto","background-attachment":"scroll","background-type":"","background-media":"","overlay-type":"","overlay-color":"","overlay-opacity":"","overlay-gradient":""},"tablet":{"background-color":"","background-image":"","background-repeat":"repeat","background-position":"center center","background-size":"auto","background-attachment":"scroll","background-type":"","background-media":"","overlay-type":"","overlay-color":"","overlay-opacity":"","overlay-gradient":""},"mobile":{"background-color":"","background-image":"","background-repeat":"repeat","background-position":"center center","background-size":"auto","background-attachment":"scroll","background-type":"","background-media":"","overlay-type":"","overlay-color":"","overlay-opacity":"","overlay-gradient":""}},"ast-content-background-meta":{"desktop":{"background-color":"var(--ast-global-color-5)","background-image":"","background-repeat":"repeat","background-position":"center center","background-size":"auto","background-attachment":"scroll","background-type":"","background-media":"","overlay-type":"","overlay-color":"","overlay-opacity":"","overlay-gradient":""},"tablet":{"background-color":"var(--ast-global-color-5)","background-image":"","background-repeat":"repeat","background-position":"center center","background-size":"auto","background-attachment":"scroll","background-type":"","background-media":"","overlay-type":"","overlay-color":"","overlay-opacity":"","overlay-gradient":""},"mobile":{"background-color":"var(--ast-global-color-5)","background-image":"","background-repeat":"repeat","background-position":"center center","background-size":"auto","background-attachment":"scroll","background-type":"","background-media":"","overlay-type":"","overlay-color":"","overlay-opacity":"","overlay-gradient":""}},"footnotes":""},"class_list":["post-8151","page","type-page","status-publish","hentry"],"post_mailing_queue_ids":[],"_links":{"self":[{"href":"https:\/\/agora-eoi.xtec.cat\/eoilaseudurgell\/wp-json\/wp\/v2\/pages\/8151","targetHints":{"allow":["GET"]}}],"collection":[{"href":"https:\/\/agora-eoi.xtec.cat\/eoilaseudurgell\/wp-json\/wp\/v2\/pages"}],"about":[{"href":"https:\/\/agora-eoi.xtec.cat\/eoilaseudurgell\/wp-json\/wp\/v2\/types\/page"}],"author":[{"embeddable":true,"href":"https:\/\/agora-eoi.xtec.cat\/eoilaseudurgell\/wp-json\/wp\/v2\/users\/1"}],"replies":[{"embeddable":true,"href":"https:\/\/agora-eoi.xtec.cat\/eoilaseudurgell\/wp-json\/wp\/v2\/comments?post=8151"}],"version-history":[{"count":2,"href":"https:\/\/agora-eoi.xtec.cat\/eoilaseudurgell\/wp-json\/wp\/v2\/pages\/8151\/revisions"}],"predecessor-version":[{"id":9015,"href":"https:\/\/agora-eoi.xtec.cat\/eoilaseudurgell\/wp-json\/wp\/v2\/pages\/8151\/revisions\/9015"}],"up":[{"embeddable":true,"href":"https:\/\/agora-eoi.xtec.cat\/eoilaseudurgell\/wp-json\/wp\/v2\/pages\/8149"}],"wp:attachment":[{"href":"https:\/\/agora-eoi.xtec.cat\/eoilaseudurgell\/wp-json\/wp\/v2\/media?parent=8151"}],"curies":[{"name":"wp","href":"https:\/\/api.w.org\/{rel}","templated":true}]}}