{"id":9182,"date":"2025-01-28T16:40:00","date_gmt":"2025-01-28T15:40:00","guid":{"rendered":"https:\/\/agora-eoi.xtec.cat\/eoiigualada\/?page_id=9182"},"modified":"2025-11-26T17:58:39","modified_gmt":"2025-11-26T16:58:39","slug":"renuncia-a-la-matricula","status":"publish","type":"page","link":"https:\/\/agora-eoi.xtec.cat\/eoiigualada\/secretaria\/renuncia-a-la-matricula\/","title":{"rendered":"Ren\u00fancia a la matr\u00edcula"},"content":{"rendered":"\n<p><strong>Ren\u00fancia a la matr\u00edcula un cop passat el termini per sol\u00b7licitar la devoluci\u00f3 de l\u2019import de la matr\u00edcula*<\/strong><\/p>\n\n\n\n<p>Es podr\u00e0 renunciar a la matr\u00edcula oficial quan l\u2019alumne <strong>es vegi en la impossibilitat de continuar assistint a classe<\/strong> <strong>amb regularitat<\/strong>. La ren\u00fancia implica que no es computi el curs a efectes de repetici\u00f3 i que no es perdi la prioritat per matricular-se l\u2019any acad\u00e8mic posterior com a antic alumne, per\u00f2 no podr\u00e0 continuar assistint a les classes.<\/p>\n\n\n\n<p>Per tant, fer la ren\u00fancia a la matr\u00edcula significa:<\/p>\n\n\n\n<ul class=\"wp-block-list\">\n<li>Perdre el dret d\u2019examen.<\/li>\n\n\n\n<li>Perdre el dret d\u2019assist\u00e8ncia a classe.<\/li>\n\n\n\n<li>Renunciar a la matr\u00edcula no dona dret al retorn de cap taxa*.<\/li>\n\n\n\n<li>Conservar la convocat\u00f2ria.<\/li>\n\n\n\n<li>Reserva de&nbsp;pla\u00e7a com a alumne\/a oficial pel seg\u00fcent curs escolar.<\/li>\n<\/ul>\n\n\n\n<p>*vegeu les condicions i els terminis per fer el tr\u00e0mit de sol\u00b7licitud de devoluci\u00f3 de taxes i preus p\u00fablics a l\u2019apartat \u201c<a href=\"https:\/\/agora-eoi.xtec.cat\/eoiigualada\/secretaria\/devolucio-de-taxes-i-preus-publics\/\" target=\"_blank\" rel=\"noreferrer noopener\">Devoluci\u00f3 de taxes i preus p\u00fablics<\/a>\u201c.<\/p>\n\n\n\n<p>La ren\u00fancia se sol\u00b7licitar\u00e0 mitjan\u00e7ant una inst\u00e0ncia adre\u00e7ada a la cap d\u2019estudis o a la directora i es pot presentar en un termini que <strong>finalitza el darrer dia h\u00e0bil de novembre<\/strong>.<\/p>\n\n\n\n<p>Nom\u00e9s es pot sol\u00b7licitar una ren\u00fancia de matr\u00edcula per a cada curs del mateix idioma.<\/p>\n\n\n\n<p>Si desitgeu fer la ren\u00fancia, empleneu digitalment la sol\u00b7licitud i envieu-la al correu <strong>secretaria@eoiigualada.cat<\/strong><\/p>\n\n\n\n<p class=\"has-text-align-center\"><a href=\"https:\/\/agora-eoi.xtec.cat\/eoiigualada\/wp-content\/uploads\/usu2962\/2025\/09\/Renuncia-matricula.pdf\" target=\"_blank\" rel=\"noreferrer noopener\">Sol\u00b7licitud ren\u00fancia<\/a><\/p>\n\n\n\n<p><\/p>\n","protected":false},"excerpt":{"rendered":"<p>Ren\u00fancia a la matr\u00edcula un cop passat el termini per sol\u00b7licitar la devoluci\u00f3 de l\u2019import de la matr\u00edcula* Es podr\u00e0 [&hellip;]<\/p>\n","protected":false},"author":1,"featured_media":0,"parent":8358,"menu_order":8,"comment_status":"closed","ping_status":"close","template":"","meta":{"site-sidebar-layout":"default","site-content-layout":"","ast-site-content-layout":"default","site-content-style":"default","site-sidebar-style":"default","ast-global-header-display":"","ast-banner-title-visibility":"","ast-main-header-display":"","ast-hfb-above-header-display":"","ast-hfb-below-header-display":"","ast-hfb-mobile-header-display":"","site-post-title":"","ast-breadcrumbs-content":"","ast-featured-img":"","footer-sml-layout":"","theme-transparent-header-meta":"","adv-header-id-meta":"","stick-header-meta":"","header-above-stick-meta":"","header-main-stick-meta":"","header-below-stick-meta":"","astra-migrate-meta-layouts":"set","ast-page-background-enabled":"default","ast-page-background-meta":{"desktop":{"background-color":"var(--ast-global-color-4)","background-image":"","background-repeat":"repeat","background-position":"center center","background-size":"auto","background-attachment":"scroll","background-type":"","background-media":"","overlay-type":"","overlay-color":"","overlay-opacity":"","overlay-gradient":""},"tablet":{"background-color":"","background-image":"","background-repeat":"repeat","background-position":"center center","background-size":"auto","background-attachment":"scroll","background-type":"","background-media":"","overlay-type":"","overlay-color":"","overlay-opacity":"","overlay-gradient":""},"mobile":{"background-color":"","background-image":"","background-repeat":"repeat","background-position":"center center","background-size":"auto","background-attachment":"scroll","background-type":"","background-media":"","overlay-type":"","overlay-color":"","overlay-opacity":"","overlay-gradient":""}},"ast-content-background-meta":{"desktop":{"background-color":"var(--ast-global-color-5)","background-image":"","background-repeat":"repeat","background-position":"center center","background-size":"auto","background-attachment":"scroll","background-type":"","background-media":"","overlay-type":"","overlay-color":"","overlay-opacity":"","overlay-gradient":""},"tablet":{"background-color":"var(--ast-global-color-5)","background-image":"","background-repeat":"repeat","background-position":"center center","background-size":"auto","background-attachment":"scroll","background-type":"","background-media":"","overlay-type":"","overlay-color":"","overlay-opacity":"","overlay-gradient":""},"mobile":{"background-color":"var(--ast-global-color-5)","background-image":"","background-repeat":"repeat","background-position":"center center","background-size":"auto","background-attachment":"scroll","background-type":"","background-media":"","overlay-type":"","overlay-color":"","overlay-opacity":"","overlay-gradient":""}},"footnotes":""},"class_list":["post-9182","page","type-page","status-publish","hentry"],"post_mailing_queue_ids":[],"_links":{"self":[{"href":"https:\/\/agora-eoi.xtec.cat\/eoiigualada\/wp-json\/wp\/v2\/pages\/9182","targetHints":{"allow":["GET"]}}],"collection":[{"href":"https:\/\/agora-eoi.xtec.cat\/eoiigualada\/wp-json\/wp\/v2\/pages"}],"about":[{"href":"https:\/\/agora-eoi.xtec.cat\/eoiigualada\/wp-json\/wp\/v2\/types\/page"}],"author":[{"embeddable":true,"href":"https:\/\/agora-eoi.xtec.cat\/eoiigualada\/wp-json\/wp\/v2\/users\/1"}],"replies":[{"embeddable":true,"href":"https:\/\/agora-eoi.xtec.cat\/eoiigualada\/wp-json\/wp\/v2\/comments?post=9182"}],"version-history":[{"count":6,"href":"https:\/\/agora-eoi.xtec.cat\/eoiigualada\/wp-json\/wp\/v2\/pages\/9182\/revisions"}],"predecessor-version":[{"id":9984,"href":"https:\/\/agora-eoi.xtec.cat\/eoiigualada\/wp-json\/wp\/v2\/pages\/9182\/revisions\/9984"}],"up":[{"embeddable":true,"href":"https:\/\/agora-eoi.xtec.cat\/eoiigualada\/wp-json\/wp\/v2\/pages\/8358"}],"wp:attachment":[{"href":"https:\/\/agora-eoi.xtec.cat\/eoiigualada\/wp-json\/wp\/v2\/media?parent=9182"}],"curies":[{"name":"wp","href":"https:\/\/api.w.org\/{rel}","templated":true}]}}