{"id":9079,"date":"2024-12-11T16:43:44","date_gmt":"2024-12-11T15:43:44","guid":{"rendered":"https:\/\/agora-eoi.xtec.cat\/eoiigualada\/?page_id=9079"},"modified":"2025-06-15T11:42:19","modified_gmt":"2025-06-15T09:42:19","slug":"preus","status":"publish","type":"page","link":"https:\/\/agora-eoi.xtec.cat\/eoiigualada\/matricula\/preus\/","title":{"rendered":"Preus, exempcions i bonificacions"},"content":{"rendered":"\n<h3 class=\"wp-block-heading\">Bonificacions del 50% en la matr\u00edcula:<\/h3>\n\n\n\n<ul class=\"wp-block-list\">\n<li>si us matriculeu a A1 o A2 d\u2019alemany i la vostra llengua estrangera obligat\u00f2ria de l\u2019institut \u00e9s l\u2019angl\u00e8s,<\/li>\n\n\n\n<li>si heu cursat un B2.2 aquest curs 23-24 i voleu fer A1, A2 o C1 d\u2019un idioma diferent,<\/li>\n\n\n\n<li>si us matriculeu a angl\u00e8s i alemany el mateix curs, mentre un dels nivells sigui A1, A2 o C1.<\/li>\n<\/ul>\n\n\n\n<p>Les bonificacions s\u00f3n acumulables a les habituals (vegeu informaci\u00f3 m\u00e9s avall)<\/p>\n\n\n\n<p>M\u00e9s informaci\u00f3&nbsp;<a href=\"http:\/\/educacio.gencat.cat\/ca\/departament\/normativa\/taxes-preus-publics\/preu-public\/\">aqu\u00ed<\/a><\/p>\n\n\n\n<h3 class=\"wp-block-heading\">Preus generals de matr\u00edcula<\/h3>\n\n\n\n<p>L\u2019alumnat haur\u00e0 de fer un \u00fanic pagament en el moment de matricular-se.<\/p>\n\n\n\n<p>Els imports per la prestaci\u00f3 dels serveis docents de les Escoles Oficial d\u2019Idiomes de Catalunya s\u00f3n els establerts per la Generalitat de Catalunya. Cliqueu a sobre dels cursos corresponents per obtenir tota la informaci\u00f3 sobre els imports.<\/p>\n\n\n\n<ul class=\"wp-block-list\">\n<li><a href=\"http:\/\/ensenyament.gencat.cat\/ca\/departament\/normativa\/taxes-preus-publics\/preu-public\/\" target=\"_blank\" rel=\"noreferrer noopener\"><strong>Nivells A1, A2 i C1 &nbsp;<\/strong>(preus p\u00fablics)<\/a><\/li>\n\n\n\n<li><a href=\"http:\/\/ensenyament.gencat.cat\/ca\/departament\/normativa\/taxes-preus-publics\/taxes\/\" target=\"_blank\" rel=\"noreferrer noopener\"><strong>Nivells B1, B2.1 i B2.2&nbsp;<\/strong>(taxes)<\/a><\/li>\n\n\n\n<li><a href=\"http:\/\/ensenyament.gencat.cat\/ca\/departament\/normativa\/taxes-preus-publics\/exempcions-bonificacions\/\" target=\"_blank\" rel=\"noreferrer noopener\"><strong>Bonificacions i exempcions<\/strong><\/a><\/li>\n<\/ul>\n\n\n\n<h3 class=\"wp-block-heading\">Preu pels serveis d\u2019acc\u00e9s a la plataforma i materials did\u00e0ctics dels ensenyaments d\u2019idiomes:<\/h3>\n\n\n\n<p>Aquest import de&nbsp;<strong>30\u20ac<\/strong>&nbsp;est\u00e0 subjecte a les bonificacions esmentades anteriorment i es destina a:<\/p>\n\n\n\n<ul class=\"wp-block-list\">\n<li>Plataforma d\u2019aprenentatge digital durant tot el curs.<\/li>\n\n\n\n<li>Material did\u00e0ctic i reprogr\u00e0fic que es fa servir a les classes<\/li>\n\n\n\n<li>Manteniment i \u00fas dels ordinadors.<\/li>\n\n\n\n<li>\u00das, ampliaci\u00f3 i conservaci\u00f3 de la biblioteca.<\/li>\n\n\n\n<li>Activitats escolars que s\u2019especificaran al calendari escolar.<\/li>\n<\/ul>\n\n\n\n<p>Per tant, el fet de pagar aquesta quota dona dret a:<\/p>\n\n\n\n<ul class=\"wp-block-list\">\n<li>Totes les&nbsp;<strong>fotoc\u00f2pies<\/strong>&nbsp;i material did\u00e0ctic fet servir durant el curs a la classe i a la plataforma d\u2019aprenentatge digital.<\/li>\n\n\n\n<li>Al&nbsp;<strong>servei de pr\u00e9stec<\/strong>&nbsp;de llibres i material audiovisual.<\/li>\n\n\n\n<li><strong>Gratu\u00eftat<\/strong>&nbsp;en el preu de totes les activitats que organitzi l\u2019escola.<\/li>\n<\/ul>\n","protected":false},"excerpt":{"rendered":"<p>Bonificacions del 50% en la matr\u00edcula: Les bonificacions s\u00f3n acumulables a les habituals (vegeu informaci\u00f3 m\u00e9s avall) M\u00e9s informaci\u00f3&nbsp;aqu\u00ed Preus [&hellip;]<\/p>\n","protected":false},"author":1,"featured_media":0,"parent":8161,"menu_order":6,"comment_status":"closed","ping_status":"closed","template":"","meta":{"site-sidebar-layout":"default","site-content-layout":"","ast-site-content-layout":"default","site-content-style":"default","site-sidebar-style":"default","ast-global-header-display":"","ast-banner-title-visibility":"","ast-main-header-display":"","ast-hfb-above-header-display":"","ast-hfb-below-header-display":"","ast-hfb-mobile-header-display":"","site-post-title":"","ast-breadcrumbs-content":"","ast-featured-img":"","footer-sml-layout":"","theme-transparent-header-meta":"","adv-header-id-meta":"","stick-header-meta":"","header-above-stick-meta":"","header-main-stick-meta":"","header-below-stick-meta":"","astra-migrate-meta-layouts":"set","ast-page-background-enabled":"default","ast-page-background-meta":{"desktop":{"background-color":"var(--ast-global-color-4)","background-image":"","background-repeat":"repeat","background-position":"center center","background-size":"auto","background-attachment":"scroll","background-type":"","background-media":"","overlay-type":"","overlay-color":"","overlay-opacity":"","overlay-gradient":""},"tablet":{"background-color":"","background-image":"","background-repeat":"repeat","background-position":"center center","background-size":"auto","background-attachment":"scroll","background-type":"","background-media":"","overlay-type":"","overlay-color":"","overlay-opacity":"","overlay-gradient":""},"mobile":{"background-color":"","background-image":"","background-repeat":"repeat","background-position":"center center","background-size":"auto","background-attachment":"scroll","background-type":"","background-media":"","overlay-type":"","overlay-color":"","overlay-opacity":"","overlay-gradient":""}},"ast-content-background-meta":{"desktop":{"background-color":"var(--ast-global-color-5)","background-image":"","background-repeat":"repeat","background-position":"center center","background-size":"auto","background-attachment":"scroll","background-type":"","background-media":"","overlay-type":"","overlay-color":"","overlay-opacity":"","overlay-gradient":""},"tablet":{"background-color":"var(--ast-global-color-5)","background-image":"","background-repeat":"repeat","background-position":"center center","background-size":"auto","background-attachment":"scroll","background-type":"","background-media":"","overlay-type":"","overlay-color":"","overlay-opacity":"","overlay-gradient":""},"mobile":{"background-color":"var(--ast-global-color-5)","background-image":"","background-repeat":"repeat","background-position":"center center","background-size":"auto","background-attachment":"scroll","background-type":"","background-media":"","overlay-type":"","overlay-color":"","overlay-opacity":"","overlay-gradient":""}},"footnotes":""},"class_list":["post-9079","page","type-page","status-publish","hentry"],"post_mailing_queue_ids":[],"_links":{"self":[{"href":"https:\/\/agora-eoi.xtec.cat\/eoiigualada\/wp-json\/wp\/v2\/pages\/9079","targetHints":{"allow":["GET"]}}],"collection":[{"href":"https:\/\/agora-eoi.xtec.cat\/eoiigualada\/wp-json\/wp\/v2\/pages"}],"about":[{"href":"https:\/\/agora-eoi.xtec.cat\/eoiigualada\/wp-json\/wp\/v2\/types\/page"}],"author":[{"embeddable":true,"href":"https:\/\/agora-eoi.xtec.cat\/eoiigualada\/wp-json\/wp\/v2\/users\/1"}],"replies":[{"embeddable":true,"href":"https:\/\/agora-eoi.xtec.cat\/eoiigualada\/wp-json\/wp\/v2\/comments?post=9079"}],"version-history":[{"count":6,"href":"https:\/\/agora-eoi.xtec.cat\/eoiigualada\/wp-json\/wp\/v2\/pages\/9079\/revisions"}],"predecessor-version":[{"id":9403,"href":"https:\/\/agora-eoi.xtec.cat\/eoiigualada\/wp-json\/wp\/v2\/pages\/9079\/revisions\/9403"}],"up":[{"embeddable":true,"href":"https:\/\/agora-eoi.xtec.cat\/eoiigualada\/wp-json\/wp\/v2\/pages\/8161"}],"wp:attachment":[{"href":"https:\/\/agora-eoi.xtec.cat\/eoiigualada\/wp-json\/wp\/v2\/media?parent=9079"}],"curies":[{"name":"wp","href":"https:\/\/api.w.org\/{rel}","templated":true}]}}