{"id":797,"date":"2015-11-28T21:06:57","date_gmt":"2015-11-28T20:06:57","guid":{"rendered":"https:\/\/agora-eoi.xtec.cat\/eoiigualada\/?page_id=797"},"modified":"2025-06-15T09:54:26","modified_gmt":"2025-06-15T07:54:26","slug":"presentacio","status":"publish","type":"page","link":"https:\/\/agora-eoi.xtec.cat\/eoiigualada\/lescola\/presentacio\/","title":{"rendered":"Qu\u00e8 \u00e9s una EOI?"},"content":{"rendered":"\n<p>Les Escoles Oficials d\u2019Idiomes s\u00f3n&nbsp;<strong>centres no universitaris especialitzats en l\u2019ensenyament d\u2019idiomes<\/strong>, destinats a adults (+16 anys pels alumnes d\u2019angl\u00e8s i 14 per a la resta d\u2019idiomes), independents dels ensenyaments mitjans i professionals.&nbsp;Depenen directament del Departament d\u2019Educaci\u00f3 i FP de la Generalitat de Catalunya.<\/p>\n\n\n\n<h4 class=\"wp-block-heading\">Acc\u00e9s<\/h4>\n\n\n\n<p> Per accedir als ensenyaments d&#8217;idiomes de les EOI cal tenir com a m\u00ednim 16 anys complerts l&#8217;any en qu\u00e8 es comencen els estudis. Tamb\u00e9 s&#8217;hi pot accedir amb 14 anys per estudiar un idioma diferent del que s&#8217;estudia a l&#8217;educaci\u00f3 secund\u00e0ria. <\/p>\n\n\n\n<h4 class=\"wp-block-heading\">Tr\u00e0mits <\/h4>\n\n\n\n<p>Per matricular-se per primera vegada en una escola oficial d&#8217;idiomes o per canviar d&#8217;escola durant un per\u00edode no lectiu, cal tramitar durant el per\u00edode establert la preinscripci\u00f3 telem\u00e0tica o presencial a l&#8217;escola oficial d&#8217;idiomes on es vol estudiar. Les sol\u00b7licituds rebudes es numeren correlativament; el n\u00famero assignat \u00e9s v\u00e0lid per al sorteig per fer el test de nivell quan escaigui i per al sorteig d&#8217;adjudicaci\u00f3 de places. <\/p>\n\n\n\n<p>Consulteu l&#8217;import de la matr\u00edcula (<a href=\"https:\/\/educacio.gencat.cat\/ca\/departament\/normativa\/taxes-preus-publics\/taxes\" data-type=\"link\" data-id=\"https:\/\/educacio.gencat.cat\/ca\/departament\/normativa\/taxes-preus-publics\/taxes\">taxes<\/a>) i d&#8217;altres serveis docents (<a href=\"https:\/\/educacio.gencat.cat\/ca\/departament\/normativa\/taxes-preus-publics\/preu-public\/\" data-type=\"link\" data-id=\"https:\/\/educacio.gencat.cat\/ca\/departament\/normativa\/taxes-preus-publics\/preu-public\/\">preus p\u00fablics<\/a>) per als centres dependents del Departament d&#8217;Educaci\u00f3, on tamb\u00e9 s&#8217;informa dels sup\u00f2sits d&#8217;exempcions i bonificacions generals i espec\u00edfiques.<\/p>\n\n\n\n<h3 class=\"wp-block-heading\">Nivells generals de les EOI de Catalunya*:<\/h3>\n\n\n\n<ul class=\"wp-block-list\">\n<li>Nivell B\u00e0sic A2 de 2 cursos (A1 i A2)<\/li>\n\n\n\n<li>Nivell Intermedi B1 d\u20191 curs (B1)<\/li>\n\n\n\n<li>Nivell Intermedi B2 de 2 cursos (B2.1 i B2.2)<\/li>\n\n\n\n<li>Nivell C1 d\u20191 curs (C1)<\/li>\n\n\n\n<li>Nivell C2 de 2 cursos (C2.1 i C2.2)<\/li>\n<\/ul>\n\n\n\n<p>Cada curs t\u00e9 una durada m\u00ednima de 130 hores lectives.<\/p>\n\n\n\n<p>*Per consultar els nivells que s\u2019imparteixen la nostra escola aneu a l\u2019apartat \u201cL&#8217;EOI d&#8217;Igualada\u201d <\/p>\n\n\n\n<h3 class=\"wp-block-heading\">Certificats i proves<\/h3>\n\n\n\n<p>Tamb\u00e9 gestionen les certificacions acad\u00e8miques corresponents a aquests ensenyaments especialitzats. Aquestes certificacions s\u00f3n reconegudes arreu de l\u2019Estat espanyol,&nbsp;<strong>s\u00f3n les \u00faniques oficials<\/strong>, i es poden obtenir tant en convocat\u00f2ria oficial com en convocat\u00f2ria lliure.<\/p>\n\n\n\n<h4 class=\"wp-block-heading\">Certificats obtinguts al final de cada nivell*:<\/h4>\n\n\n\n<ul class=\"wp-block-list\">\n<li>Certificat&nbsp;de Nivell B\u00e0sic A2,&nbsp;expedit per l\u2019EOI.<\/li>\n\n\n\n<li>Certificat de Nivell Intermedi B1, expedit per l\u2019EOI.<\/li>\n\n\n\n<li>Certificat de Nivell Intermedi B2, expedit pel Departament d\u2019Educaci\u00f3.<\/li>\n\n\n\n<li>Certificat de Nivell Avan\u00e7at C1, expedit pel Departament d\u2019Educaci\u00f3.<\/li>\n\n\n\n<li>Certificat de Nivell Avan\u00e7at C2, expedit pel Departament d\u2019Educaci\u00f3.<\/li>\n<\/ul>\n\n\n\n<p>Els certificats poden obtenir-se en r\u00e8gim lliure a les convocat\u00f2ries de febrer o juny.<\/p>\n\n\n\n<p>Trobareu tota la informaci\u00f3 sobre les Escoles Oficials d\u2019Idiomes (estructura, curr\u00edculum, certificats i proves i centres) al web: <a href=\"https:\/\/xtec.gencat.cat\/ca\/curriculum\/idiomes-a-les-eoi\/\" data-type=\"link\" data-id=\"https:\/\/xtec.gencat.cat\/ca\/curriculum\/idiomes-a-les-eoi\/\">&nbsp;https:\/\/xtec.gencat.cat\/ca\/curriculum\/idiomes-a-les-eoi\/<\/a><\/p>\n\n\n\n<figure class=\"wp-block-embed aligncenter is-type-video is-provider-youtube wp-block-embed-youtube wp-embed-aspect-16-9 wp-has-aspect-ratio\"><div class=\"wp-block-embed__wrapper\">\n<div class=\"ast-oembed-container \" style=\"height: 100%;\"><iframe loading=\"lazy\" title=\"Ei! EOI, oi?\" width=\"500\" height=\"281\" src=\"https:\/\/www.youtube.com\/embed\/9e-Sa11G9QA?feature=oembed\" frameborder=\"0\" allow=\"accelerometer; autoplay; clipboard-write; encrypted-media; gyroscope; picture-in-picture; web-share\" referrerpolicy=\"strict-origin-when-cross-origin\" allowfullscreen><\/iframe><\/div>\n<\/div><figcaption class=\"wp-element-caption\">V\u00eddeo promocional<\/figcaption><\/figure>\n","protected":false},"excerpt":{"rendered":"<p>Les Escoles Oficials d\u2019Idiomes s\u00f3n&nbsp;centres no universitaris especialitzats en l\u2019ensenyament d\u2019idiomes, destinats a adults (+16 anys pels alumnes d\u2019angl\u00e8s i [&hellip;]<\/p>\n","protected":false},"author":1,"featured_media":0,"parent":9334,"menu_order":1,"comment_status":"closed","ping_status":"closed","template":"","meta":{"site-sidebar-layout":"default","site-content-layout":"","ast-site-content-layout":"default","site-content-style":"default","site-sidebar-style":"default","ast-global-header-display":"","ast-banner-title-visibility":"","ast-main-header-display":"","ast-hfb-above-header-display":"","ast-hfb-below-header-display":"","ast-hfb-mobile-header-display":"","site-post-title":"","ast-breadcrumbs-content":"","ast-featured-img":"","footer-sml-layout":"","theme-transparent-header-meta":"","adv-header-id-meta":"","stick-header-meta":"","header-above-stick-meta":"","header-main-stick-meta":"","header-below-stick-meta":"","astra-migrate-meta-layouts":"set","ast-page-background-enabled":"default","ast-page-background-meta":{"desktop":{"background-color":"var(--ast-global-color-4)","background-image":"","background-repeat":"repeat","background-position":"center center","background-size":"auto","background-attachment":"scroll","background-type":"","background-media":"","overlay-type":"","overlay-color":"","overlay-opacity":"","overlay-gradient":""},"tablet":{"background-color":"","background-image":"","background-repeat":"repeat","background-position":"center center","background-size":"auto","background-attachment":"scroll","background-type":"","background-media":"","overlay-type":"","overlay-color":"","overlay-opacity":"","overlay-gradient":""},"mobile":{"background-color":"","background-image":"","background-repeat":"repeat","background-position":"center center","background-size":"auto","background-attachment":"scroll","background-type":"","background-media":"","overlay-type":"","overlay-color":"","overlay-opacity":"","overlay-gradient":""}},"ast-content-background-meta":{"desktop":{"background-color":"var(--ast-global-color-5)","background-image":"","background-repeat":"repeat","background-position":"center center","background-size":"auto","background-attachment":"scroll","background-type":"","background-media":"","overlay-type":"","overlay-color":"","overlay-opacity":"","overlay-gradient":""},"tablet":{"background-color":"var(--ast-global-color-5)","background-image":"","background-repeat":"repeat","background-position":"center center","background-size":"auto","background-attachment":"scroll","background-type":"","background-media":"","overlay-type":"","overlay-color":"","overlay-opacity":"","overlay-gradient":""},"mobile":{"background-color":"var(--ast-global-color-5)","background-image":"","background-repeat":"repeat","background-position":"center center","background-size":"auto","background-attachment":"scroll","background-type":"","background-media":"","overlay-type":"","overlay-color":"","overlay-opacity":"","overlay-gradient":""}},"footnotes":""},"class_list":["post-797","page","type-page","status-publish","hentry"],"post_mailing_queue_ids":[],"_links":{"self":[{"href":"https:\/\/agora-eoi.xtec.cat\/eoiigualada\/wp-json\/wp\/v2\/pages\/797","targetHints":{"allow":["GET"]}}],"collection":[{"href":"https:\/\/agora-eoi.xtec.cat\/eoiigualada\/wp-json\/wp\/v2\/pages"}],"about":[{"href":"https:\/\/agora-eoi.xtec.cat\/eoiigualada\/wp-json\/wp\/v2\/types\/page"}],"author":[{"embeddable":true,"href":"https:\/\/agora-eoi.xtec.cat\/eoiigualada\/wp-json\/wp\/v2\/users\/1"}],"replies":[{"embeddable":true,"href":"https:\/\/agora-eoi.xtec.cat\/eoiigualada\/wp-json\/wp\/v2\/comments?post=797"}],"version-history":[{"count":6,"href":"https:\/\/agora-eoi.xtec.cat\/eoiigualada\/wp-json\/wp\/v2\/pages\/797\/revisions"}],"predecessor-version":[{"id":9360,"href":"https:\/\/agora-eoi.xtec.cat\/eoiigualada\/wp-json\/wp\/v2\/pages\/797\/revisions\/9360"}],"up":[{"embeddable":true,"href":"https:\/\/agora-eoi.xtec.cat\/eoiigualada\/wp-json\/wp\/v2\/pages\/9334"}],"wp:attachment":[{"href":"https:\/\/agora-eoi.xtec.cat\/eoiigualada\/wp-json\/wp\/v2\/media?parent=797"}],"curies":[{"name":"wp","href":"https:\/\/api.w.org\/{rel}","templated":true}]}}