{"id":9879,"date":"2019-07-22T20:58:27","date_gmt":"2019-07-22T18:58:27","guid":{"rendered":"http:\/\/agora-eoi.xtec.cat\/eoiguixols\/?page_id=9879"},"modified":"2025-07-14T22:25:44","modified_gmt":"2025-07-14T20:25:44","slug":"intranet-eoisfg","status":"publish","type":"page","link":"https:\/\/agora-eoi.xtec.cat\/eoiguixols\/serveis\/aules-virtuals\/intranet-eoisfg\/","title":{"rendered":"Intranet EOISFG"},"content":{"rendered":"<h5>Qu\u00e8 \u00e9s la intranet?<\/h5>\n<p><a href=\"https:\/\/agora-eoi.xtec.cat\/eoiguixols\/wp-content\/uploads\/usu2257\/2019\/07\/Intranet-1.jpg\"><img loading=\"lazy\" decoding=\"async\" class=\"size-full wp-image-9745 alignleft\" src=\"https:\/\/agora-eoi.xtec.cat\/eoiguixols\/wp-content\/uploads\/usu2257\/2019\/07\/Intranet-1.jpg\" alt=\"\" width=\"96\" height=\"113\" \/><\/a><a style=\"color: #2795b6;\" href=\"https:\/\/www.informaticacentros.com\/centrosnet\/ultralogin.php?tcentro=EOI&amp;centro=GI4\" target=\"_blank\" rel=\"noopener noreferrer\">Acc\u00e9s a la intranet<\/a><\/p>\n<p>A la intranet hi podreu consultar el vostre expedient, el recompte de les vostres faltes d&#8217;assist\u00e8ncia, els resultats dels ex\u00e0mens finals i molta m\u00e9s informaci\u00f3 rellevant durant el vostre pas per l&#8217;escola.<\/p>\n<p>Tamb\u00e9 ser\u00e0 la plataforma per matricular-vos durant el juliol si heu estat alumnes oficials el curs immediatament anterior.<\/p>\n<p>Per accedir a l&#8217;aplicatiu haureu d&#8217;introduir les dades seg\u00fcents:<\/p>\n<p style=\"padding-left: 60px;\"><strong>Usuari<\/strong>: la vostra data de naixement en format 00\/00\/0000 (barres inclinades incloses)<br \/>\n<strong>Contrasenya<\/strong>: el vostre DNI (sense la lletra del darrere) \/ NIE (sense la lletra del darrere per\u00f2 amb la lletra del davant)<br \/>\n<strong>Contrasenya Personal d&#8217;Alumne\/a: <\/strong>per raons de seguretat heu de tenir una contrasenya personal que<strong> no<\/strong> la proporciona l&#8217;escola i que <strong>no<\/strong> \u00e9s la mateixa que la del curs Moodle.<\/p>\n<p>Si ja teniu una contrasenya personal per\u00f2 no la recordeu, feu click a <strong>Recordar contrasenya<\/strong> a la p\u00e0gina principal de la intranet.<\/p>\n<p><a href=\"https:\/\/agora-eoi.xtec.cat\/eoiguixols\/wp-content\/uploads\/usu2257\/2019\/07\/centrosnet2.jpg\"><img loading=\"lazy\" decoding=\"async\" class=\"alignnone size-medium wp-image-9888\" src=\"https:\/\/agora-eoi.xtec.cat\/eoiguixols\/wp-content\/uploads\/usu2257\/2019\/07\/centrosnet2-300x150.jpg\" alt=\"\" width=\"300\" height=\"150\" srcset=\"https:\/\/agora-eoi.xtec.cat\/eoiguixols\/wp-content\/uploads\/usu2257\/2019\/07\/centrosnet2-300x150.jpg 300w, https:\/\/agora-eoi.xtec.cat\/eoiguixols\/wp-content\/uploads\/usu2257\/2019\/07\/centrosnet2.jpg 355w\" sizes=\"auto, (max-width: 300px) 100vw, 300px\" \/><\/a><\/p>\n<h5>Com configurar la vostra contrasenya personal en un minut?<\/h5>\n<p><strong>Pas 1<\/strong>. Connecteu-vos a la intranet amb l\u2019<strong>usuari<\/strong> (data de naixement amb el format dd\/mm\/aaaa, barres inclinades incloses) i <strong>contrasenya<\/strong> (dni, sense la lletra) i premeu el bot\u00f3 <strong>Entrar<\/strong>.<\/p>\n<p><a href=\"https:\/\/agora-eoi.xtec.cat\/eoiguixols\/wp-content\/uploads\/usu2257\/2019\/07\/centrosnet1.png\"><img loading=\"lazy\" decoding=\"async\" class=\"alignnone wp-image-9885\" src=\"https:\/\/agora-eoi.xtec.cat\/eoiguixols\/wp-content\/uploads\/usu2257\/2019\/07\/centrosnet1-300x130.png\" alt=\"\" width=\"519\" height=\"225\" srcset=\"https:\/\/agora-eoi.xtec.cat\/eoiguixols\/wp-content\/uploads\/usu2257\/2019\/07\/centrosnet1-300x130.png 300w, https:\/\/agora-eoi.xtec.cat\/eoiguixols\/wp-content\/uploads\/usu2257\/2019\/07\/centrosnet1-768x332.png 768w, https:\/\/agora-eoi.xtec.cat\/eoiguixols\/wp-content\/uploads\/usu2257\/2019\/07\/centrosnet1.png 984w\" sizes=\"auto, (max-width: 519px) 100vw, 519px\" \/><\/a><\/p>\n<p><strong>Pas 2<\/strong>. Introdu\u00efu una <strong>contrasenya personal<\/strong>, un correu electr\u00f2nic (on rebreu l\u2019enlla\u00e7 d\u2019activaci\u00f3) i premeu <strong>Enviar<\/strong>.<\/p>\n<p><a href=\"http:\/\/agora-eoi.xtec.cat\/eoiguixols\/wp-content\/uploads\/usu2257\/2018\/01\/Pas-2.jpg\"><img loading=\"lazy\" decoding=\"async\" class=\"alignnone wp-image-9298\" src=\"http:\/\/agora-eoi.xtec.cat\/eoiguixols\/wp-content\/uploads\/usu2257\/2018\/01\/Pas-2.jpg\" alt=\"\" width=\"520\" height=\"224\" \/><\/a><\/p>\n<p><strong>Pas 3<\/strong>. Rebreu un missatge a la b\u00fastia de correu que h\u00e0giu fet constar al pas 2 (mireu tamb\u00e9 al correu brossa) amb un enlla\u00e7 d\u2019activaci\u00f3. Feu click a l\u2019enlla\u00e7 i la nova contrasenya ja estar\u00e0 activa.<\/p>\n<p><strong>Pas 4<\/strong>. Apunteu-vos la vostra contrasenya personal en un lloc segur per a futures consultes. L&#8217;escola no coneix aquesta contrasenya i per tant no us la podr\u00e0 reenviar.<\/p>\n","protected":false},"excerpt":{"rendered":"<p>Qu\u00e8 \u00e9s la intranet? Acc\u00e9s a la intranet A la intranet hi podreu consultar el vostre expedient, el recompte de les vostres faltes d&#8217;assist\u00e8ncia, els resultats dels ex\u00e0mens finals i molta m\u00e9s informaci\u00f3 rellevant durant el vostre pas per l&#8217;escola. Tamb\u00e9 ser\u00e0 la plataforma per matricular-vos durant el juliol si heu estat alumnes oficials el [&hellip;]<\/p>\n","protected":false},"author":1,"featured_media":0,"parent":11741,"menu_order":15,"comment_status":"closed","ping_status":"closed","template":"page-templates\/side-menu.php","meta":{"_bbp_topic_count":0,"_bbp_reply_count":0,"_bbp_total_topic_count":0,"_bbp_total_reply_count":0,"_bbp_voice_count":0,"_bbp_anonymous_reply_count":0,"_bbp_topic_count_hidden":0,"_bbp_reply_count_hidden":0,"_bbp_forum_subforum_count":0,"site-sidebar-layout":"default","site-content-layout":"","ast-site-content-layout":"","site-content-style":"default","site-sidebar-style":"default","ast-global-header-display":"","ast-banner-title-visibility":"","ast-main-header-display":"","ast-hfb-above-header-display":"","ast-hfb-below-header-display":"","ast-hfb-mobile-header-display":"","site-post-title":"","ast-breadcrumbs-content":"","ast-featured-img":"","footer-sml-layout":"","theme-transparent-header-meta":"","adv-header-id-meta":"","stick-header-meta":"","header-above-stick-meta":"","header-main-stick-meta":"","header-below-stick-meta":"","astra-migrate-meta-layouts":"default","ast-page-background-enabled":"default","ast-page-background-meta":{"desktop":{"background-color":"var(--ast-global-color-4)","background-image":"","background-repeat":"repeat","background-position":"center center","background-size":"auto","background-attachment":"scroll","background-type":"","background-media":"","overlay-type":"","overlay-color":"","overlay-opacity":"","overlay-gradient":""},"tablet":{"background-color":"","background-image":"","background-repeat":"repeat","background-position":"center center","background-size":"auto","background-attachment":"scroll","background-type":"","background-media":"","overlay-type":"","overlay-color":"","overlay-opacity":"","overlay-gradient":""},"mobile":{"background-color":"","background-image":"","background-repeat":"repeat","background-position":"center center","background-size":"auto","background-attachment":"scroll","background-type":"","background-media":"","overlay-type":"","overlay-color":"","overlay-opacity":"","overlay-gradient":""}},"ast-content-background-meta":{"desktop":{"background-color":"var(--ast-global-color-5)","background-image":"","background-repeat":"repeat","background-position":"center center","background-size":"auto","background-attachment":"scroll","background-type":"","background-media":"","overlay-type":"","overlay-color":"","overlay-opacity":"","overlay-gradient":""},"tablet":{"background-color":"var(--ast-global-color-5)","background-image":"","background-repeat":"repeat","background-position":"center center","background-size":"auto","background-attachment":"scroll","background-type":"","background-media":"","overlay-type":"","overlay-color":"","overlay-opacity":"","overlay-gradient":""},"mobile":{"background-color":"var(--ast-global-color-5)","background-image":"","background-repeat":"repeat","background-position":"center center","background-size":"auto","background-attachment":"scroll","background-type":"","background-media":"","overlay-type":"","overlay-color":"","overlay-opacity":"","overlay-gradient":""}},"footnotes":""},"class_list":["post-9879","page","type-page","status-publish","hentry"],"post_mailing_queue_ids":[],"_links":{"self":[{"href":"https:\/\/agora-eoi.xtec.cat\/eoiguixols\/wp-json\/wp\/v2\/pages\/9879","targetHints":{"allow":["GET"]}}],"collection":[{"href":"https:\/\/agora-eoi.xtec.cat\/eoiguixols\/wp-json\/wp\/v2\/pages"}],"about":[{"href":"https:\/\/agora-eoi.xtec.cat\/eoiguixols\/wp-json\/wp\/v2\/types\/page"}],"author":[{"embeddable":true,"href":"https:\/\/agora-eoi.xtec.cat\/eoiguixols\/wp-json\/wp\/v2\/users\/1"}],"replies":[{"embeddable":true,"href":"https:\/\/agora-eoi.xtec.cat\/eoiguixols\/wp-json\/wp\/v2\/comments?post=9879"}],"version-history":[{"count":4,"href":"https:\/\/agora-eoi.xtec.cat\/eoiguixols\/wp-json\/wp\/v2\/pages\/9879\/revisions"}],"predecessor-version":[{"id":10709,"href":"https:\/\/agora-eoi.xtec.cat\/eoiguixols\/wp-json\/wp\/v2\/pages\/9879\/revisions\/10709"}],"up":[{"embeddable":true,"href":"https:\/\/agora-eoi.xtec.cat\/eoiguixols\/wp-json\/wp\/v2\/pages\/11741"}],"wp:attachment":[{"href":"https:\/\/agora-eoi.xtec.cat\/eoiguixols\/wp-json\/wp\/v2\/media?parent=9879"}],"curies":[{"name":"wp","href":"https:\/\/api.w.org\/{rel}","templated":true}]}}