{"id":8610,"date":"2016-06-20T11:15:09","date_gmt":"2016-06-20T10:15:09","guid":{"rendered":"http:\/\/agora-eoi.xtec.cat\/eoiguixols\/?page_id=8610"},"modified":"2023-03-04T12:22:59","modified_gmt":"2023-03-04T11:22:59","slug":"pla-destudis","status":"publish","type":"page","link":"https:\/\/agora-eoi.xtec.cat\/eoiguixols\/el-servei-educatiu\/pla-destudis\/","title":{"rendered":"Pla d&#8217;estudis"},"content":{"rendered":"<p>La <a href=\"https:\/\/www.boe.es\/boe_catalan\/dias\/2006\/05\/16\/pdfs\/A01294-01341.pdf\" target=\"_blank\" rel=\"noopener noreferrer\">LOE<\/a> estableix l&#8217;ordenaci\u00f3 i el curr\u00edculum dels ensenyaments d\u2019idiomes de r\u00e8gim especial.<\/p>\n<p>El pla d\u2019estudis s\u2019estructura en tres nivells:<\/p>\n<ul>\n<li>Nivell b\u00e0sic: A1 i A2<\/li>\n<li>Nivell intermedi: B1, B2.1 i B2.2<\/li>\n<li>Nivell avan\u00e7at: C1<\/li>\n<\/ul>\n<table style=\"height: 217px; width: 265px;\" border=\"1\" cellspacing=\"1\" cellpadding=\"1\">\n<tbody>\n<tr style=\"height: 31px;\">\n<td style=\"height: 31px; width: 70.2031px;\"><strong>Cursos<\/strong><\/td>\n<td style=\"height: 31px; width: 80.25px;\"><strong>Nivell<\/strong><\/td>\n<td style=\"height: 31px; width: 108.547px;\"><strong>Equival\u00e8ncia MECR<\/strong><\/td>\n<\/tr>\n<tr style=\"height: 31px;\">\n<td style=\"height: 31px; width: 70.2031px;\">A1<\/td>\n<td style=\"height: 62px; width: 80.25px;\" rowspan=\"2\">B\u00e0sic<\/td>\n<td style=\"height: 31px; width: 108.547px;\">A1<\/td>\n<\/tr>\n<tr style=\"height: 31px;\">\n<td style=\"height: 31px; width: 70.2031px;\">A2<\/td>\n<td style=\"height: 31px; width: 108.547px;\">A2<\/td>\n<\/tr>\n<tr style=\"height: 31px;\">\n<td style=\"height: 31px; width: 70.2031px;\">B1<\/td>\n<td style=\"height: 93px; width: 80.25px;\" rowspan=\"3\">Intermedi<\/td>\n<td style=\"height: 31px; width: 108.547px;\">B1<\/td>\n<\/tr>\n<tr style=\"height: 31px;\">\n<td style=\"height: 31px; width: 70.2031px;\">B2.1<\/td>\n<td style=\"height: 62px; width: 108.547px;\" rowspan=\"2\">B2<\/td>\n<\/tr>\n<tr style=\"height: 31px;\">\n<td style=\"height: 31px; width: 70.2031px;\">B2.2<\/td>\n<\/tr>\n<tr style=\"height: 31px;\">\n<td style=\"height: 31px; width: 70.2031px;\">C1<\/td>\n<td style=\"height: 31px; width: 80.25px;\">Avan\u00e7at<\/td>\n<td style=\"height: 31px; width: 108.547px;\">C1<\/td>\n<\/tr>\n<\/tbody>\n<\/table>\n<p>S&#8217;ofereixen dues <a href=\"https:\/\/agora-eoi.xtec.cat\/eoiguixols\/cursos\/cursos-oficials\/\" target=\"_blank\" rel=\"noopener noreferrer\">modalitats de cursos<\/a> anuals en dues franges hor\u00e0ries de tarda.<\/p>\n<p>El\u00a0pla d&#8217;estudis\u00a0de les EOI desenvolupa la finalitat dels ensenyaments d&#8217;idiomes que s&#8217;hi imparteixen, que \u00e9s la capacitat de l&#8217;alumnat en l&#8217;\u00fas efectiu de l&#8217;idioma com a vehicle de comunicaci\u00f3 general.<\/p>\n<p>Per assolir aquesta finalitat, a les EOI es treballa per tal que l&#8217;alumnat:<\/p>\n<ul>\n<li>Adquireixi les habilitats b\u00e0siques receptives i productives, tant del llenguatge oral com de l&#8217;escrit.<\/li>\n<li>Desenvolupi estrat\u00e8gies comunicatives en diferents \u00e0rees de comunicaci\u00f3.<\/li>\n<li>Desenvolupi estrat\u00e8gies per a l&#8217;aprenentatge aut\u00f2nom i continu de lleng\u00fces, que puguin facilitar l&#8217;\u00fas de l&#8217;idioma en l&#8217;exercici d&#8217;activitats professionals i en altres \u00e0mbits de la cultura o d&#8217;inter\u00e8s personal.<\/li>\n<li>Desenvolupi actituds positives envers la diversitat ling\u00fc\u00edstica i el pluralisme cultural del m\u00f3n actual.<\/li>\n<\/ul>\n<p>Les escoles oficials d&#8217;idiomes faciliten un aprenentatge de lleng\u00fces efica\u00e7, amb:<\/p>\n<ul>\n<li>Cursos en la l\u00ednia de les directrius del Consell d&#8217;Europa<\/li>\n<li>Classes i activitats did\u00e0ctiques que inclouen la llengua en \u00fas, oral i escrita<\/li>\n<li>Professors especialistes i titulats<\/li>\n<\/ul>\n","protected":false},"excerpt":{"rendered":"<p>La LOE estableix l&#8217;ordenaci\u00f3 i el curr\u00edculum dels ensenyaments d\u2019idiomes de r\u00e8gim especial. El pla d\u2019estudis s\u2019estructura en tres nivells: Nivell b\u00e0sic: A1 i A2 Nivell intermedi: B1, B2.1 i B2.2 Nivell avan\u00e7at: C1 Cursos Nivell Equival\u00e8ncia MECR A1 B\u00e0sic A1 A2 A2 B1 Intermedi B1 B2.1 B2 B2.2 C1 Avan\u00e7at C1 S&#8217;ofereixen dues modalitats [&hellip;]<\/p>\n","protected":false},"author":1,"featured_media":0,"parent":806,"menu_order":33,"comment_status":"closed","ping_status":"closed","template":"page-templates\/side-menu.php","meta":{"_bbp_topic_count":0,"_bbp_reply_count":0,"_bbp_total_topic_count":0,"_bbp_total_reply_count":0,"_bbp_voice_count":0,"_bbp_anonymous_reply_count":0,"_bbp_topic_count_hidden":0,"_bbp_reply_count_hidden":0,"_bbp_forum_subforum_count":0,"site-sidebar-layout":"default","site-content-layout":"","ast-site-content-layout":"","site-content-style":"default","site-sidebar-style":"default","ast-global-header-display":"","ast-banner-title-visibility":"","ast-main-header-display":"","ast-hfb-above-header-display":"","ast-hfb-below-header-display":"","ast-hfb-mobile-header-display":"","site-post-title":"","ast-breadcrumbs-content":"","ast-featured-img":"","footer-sml-layout":"","theme-transparent-header-meta":"","adv-header-id-meta":"","stick-header-meta":"","header-above-stick-meta":"","header-main-stick-meta":"","header-below-stick-meta":"","astra-migrate-meta-layouts":"default","ast-page-background-enabled":"default","ast-page-background-meta":{"desktop":{"background-color":"var(--ast-global-color-4)","background-image":"","background-repeat":"repeat","background-position":"center center","background-size":"auto","background-attachment":"scroll","background-type":"","background-media":"","overlay-type":"","overlay-color":"","overlay-opacity":"","overlay-gradient":""},"tablet":{"background-color":"","background-image":"","background-repeat":"repeat","background-position":"center center","background-size":"auto","background-attachment":"scroll","background-type":"","background-media":"","overlay-type":"","overlay-color":"","overlay-opacity":"","overlay-gradient":""},"mobile":{"background-color":"","background-image":"","background-repeat":"repeat","background-position":"center center","background-size":"auto","background-attachment":"scroll","background-type":"","background-media":"","overlay-type":"","overlay-color":"","overlay-opacity":"","overlay-gradient":""}},"ast-content-background-meta":{"desktop":{"background-color":"var(--ast-global-color-5)","background-image":"","background-repeat":"repeat","background-position":"center center","background-size":"auto","background-attachment":"scroll","background-type":"","background-media":"","overlay-type":"","overlay-color":"","overlay-opacity":"","overlay-gradient":""},"tablet":{"background-color":"var(--ast-global-color-5)","background-image":"","background-repeat":"repeat","background-position":"center center","background-size":"auto","background-attachment":"scroll","background-type":"","background-media":"","overlay-type":"","overlay-color":"","overlay-opacity":"","overlay-gradient":""},"mobile":{"background-color":"var(--ast-global-color-5)","background-image":"","background-repeat":"repeat","background-position":"center center","background-size":"auto","background-attachment":"scroll","background-type":"","background-media":"","overlay-type":"","overlay-color":"","overlay-opacity":"","overlay-gradient":""}},"footnotes":""},"class_list":["post-8610","page","type-page","status-publish","hentry"],"post_mailing_queue_ids":[],"_links":{"self":[{"href":"https:\/\/agora-eoi.xtec.cat\/eoiguixols\/wp-json\/wp\/v2\/pages\/8610","targetHints":{"allow":["GET"]}}],"collection":[{"href":"https:\/\/agora-eoi.xtec.cat\/eoiguixols\/wp-json\/wp\/v2\/pages"}],"about":[{"href":"https:\/\/agora-eoi.xtec.cat\/eoiguixols\/wp-json\/wp\/v2\/types\/page"}],"author":[{"embeddable":true,"href":"https:\/\/agora-eoi.xtec.cat\/eoiguixols\/wp-json\/wp\/v2\/users\/1"}],"replies":[{"embeddable":true,"href":"https:\/\/agora-eoi.xtec.cat\/eoiguixols\/wp-json\/wp\/v2\/comments?post=8610"}],"version-history":[{"count":3,"href":"https:\/\/agora-eoi.xtec.cat\/eoiguixols\/wp-json\/wp\/v2\/pages\/8610\/revisions"}],"predecessor-version":[{"id":12073,"href":"https:\/\/agora-eoi.xtec.cat\/eoiguixols\/wp-json\/wp\/v2\/pages\/8610\/revisions\/12073"}],"up":[{"embeddable":true,"href":"https:\/\/agora-eoi.xtec.cat\/eoiguixols\/wp-json\/wp\/v2\/pages\/806"}],"wp:attachment":[{"href":"https:\/\/agora-eoi.xtec.cat\/eoiguixols\/wp-json\/wp\/v2\/media?parent=8610"}],"curies":[{"name":"wp","href":"https:\/\/api.w.org\/{rel}","templated":true}]}}