{"id":8151,"date":"2016-06-08T16:42:13","date_gmt":"2016-06-08T15:42:13","guid":{"rendered":"http:\/\/agora-eoi.xtec.cat\/eoiguixols\/?page_id=8151"},"modified":"2024-06-07T13:09:22","modified_gmt":"2024-06-07T11:09:22","slug":"cursos-oficials","status":"publish","type":"page","link":"https:\/\/agora-eoi.xtec.cat\/eoiguixols\/cursos\/cursos-oficials\/","title":{"rendered":"Cursos oficials"},"content":{"rendered":"<h4>Modalitats de cursos<\/h4>\n<p>A l&#8217;EOI de Sant Feliu de Gu\u00edxols s&#8217;imparteixen dos tipus de cursos, tots de setembre a juny:<\/p>\n<ul>\n<li><strong>Cursos extensius<\/strong>: tenen una durada m\u00ednima de 130 hores repartides en dues sessions setmanals de 2 hores i quart en horari altern (dilluns i dimecres o dimarts i dijous).<\/li>\n<li><strong>Cursos semipresencials<\/strong>: tenen una durada m\u00ednima de 130 hores repartides en una sessi\u00f3 setmanal de classe presencial de 2 hores i quart (65 hores anuals) i la resta treball individual en l\u00ednia.<\/li>\n<\/ul>\n<p>Les franges hor\u00e0ries en qu\u00e8 s&#8217;ofereixen aquests cursos s\u00f3n de 16:00h a 18:15h i de 18:30h a 20:45h.<\/p>\n<p>La matr\u00edcula oficial dona dret a assistir a les hores de classe corresponents i als ex\u00e0mens finals.<\/p>\n<h4>Cursos per idioma i nivell<\/h4>\n<ul>\n<li><strong>Alemany<\/strong>: B\u00e0sic A1 i B\u00e0sic A2.<\/li>\n<li><strong>Angl\u00e8s<\/strong>: B\u00e0sic A1, B\u00e0sic A2, Intermedi B1, Intermedi B2.1, Intermedi B2.2 i Avan\u00e7at C1.<\/li>\n<li><strong>Franc\u00e8s<\/strong>: B\u00e0sic A1, B\u00e0sic A2, Intermedi B1 i Intermedi B2.1.<\/li>\n<\/ul>\n<p>Podeu consultar la p\u00e0gina <a href=\"https:\/\/agora-eoi.xtec.cat\/eoiguixols\/el-servei-educatiu\/pla-destudis\/\" target=\"_blank\" rel=\"noopener noreferrer\">pla d&#8217;estudis<\/a> del nostre web.<\/p>\n<h4>Aules virtuals<\/h4>\n<p>Com a complement als cursos, el professorat de l&#8217;EOISFG utilitza la <a href=\"https:\/\/agora-eoi.xtec.cat\/eoiguixols\/serveis\/aules-virtuals\/\" target=\"_blank\" rel=\"noopener\">plataforma Classroom<\/a> per oferir materials did\u00e0ctics que es poden utilitzar online. Per utilitzar aquests recursos, cal estar registrat\/da a la plataforma.<\/p>\n","protected":false},"excerpt":{"rendered":"<p>Modalitats de cursos A l&#8217;EOI de Sant Feliu de Gu\u00edxols s&#8217;imparteixen dos tipus de cursos, tots de setembre a juny: Cursos extensius: tenen una durada m\u00ednima de 130 hores repartides en dues sessions setmanals de 2 hores i quart en horari altern (dilluns i dimecres o dimarts i dijous). Cursos semipresencials: tenen una durada m\u00ednima [&hellip;]<\/p>\n","protected":false},"author":1,"featured_media":0,"parent":8149,"menu_order":10,"comment_status":"closed","ping_status":"closed","template":"page-templates\/side-menu.php","meta":{"_bbp_topic_count":0,"_bbp_reply_count":0,"_bbp_total_topic_count":0,"_bbp_total_reply_count":0,"_bbp_voice_count":0,"_bbp_anonymous_reply_count":0,"_bbp_topic_count_hidden":0,"_bbp_reply_count_hidden":0,"_bbp_forum_subforum_count":0,"site-sidebar-layout":"default","site-content-layout":"","ast-site-content-layout":"","site-content-style":"default","site-sidebar-style":"default","ast-global-header-display":"","ast-banner-title-visibility":"","ast-main-header-display":"","ast-hfb-above-header-display":"","ast-hfb-below-header-display":"","ast-hfb-mobile-header-display":"","site-post-title":"","ast-breadcrumbs-content":"","ast-featured-img":"","footer-sml-layout":"","theme-transparent-header-meta":"","adv-header-id-meta":"","stick-header-meta":"","header-above-stick-meta":"","header-main-stick-meta":"","header-below-stick-meta":"","astra-migrate-meta-layouts":"default","ast-page-background-enabled":"default","ast-page-background-meta":{"desktop":{"background-color":"var(--ast-global-color-4)","background-image":"","background-repeat":"repeat","background-position":"center center","background-size":"auto","background-attachment":"scroll","background-type":"","background-media":"","overlay-type":"","overlay-color":"","overlay-opacity":"","overlay-gradient":""},"tablet":{"background-color":"","background-image":"","background-repeat":"repeat","background-position":"center center","background-size":"auto","background-attachment":"scroll","background-type":"","background-media":"","overlay-type":"","overlay-color":"","overlay-opacity":"","overlay-gradient":""},"mobile":{"background-color":"","background-image":"","background-repeat":"repeat","background-position":"center center","background-size":"auto","background-attachment":"scroll","background-type":"","background-media":"","overlay-type":"","overlay-color":"","overlay-opacity":"","overlay-gradient":""}},"ast-content-background-meta":{"desktop":{"background-color":"var(--ast-global-color-5)","background-image":"","background-repeat":"repeat","background-position":"center center","background-size":"auto","background-attachment":"scroll","background-type":"","background-media":"","overlay-type":"","overlay-color":"","overlay-opacity":"","overlay-gradient":""},"tablet":{"background-color":"var(--ast-global-color-5)","background-image":"","background-repeat":"repeat","background-position":"center center","background-size":"auto","background-attachment":"scroll","background-type":"","background-media":"","overlay-type":"","overlay-color":"","overlay-opacity":"","overlay-gradient":""},"mobile":{"background-color":"var(--ast-global-color-5)","background-image":"","background-repeat":"repeat","background-position":"center center","background-size":"auto","background-attachment":"scroll","background-type":"","background-media":"","overlay-type":"","overlay-color":"","overlay-opacity":"","overlay-gradient":""}},"footnotes":""},"class_list":["post-8151","page","type-page","status-publish","hentry"],"post_mailing_queue_ids":[],"_links":{"self":[{"href":"https:\/\/agora-eoi.xtec.cat\/eoiguixols\/wp-json\/wp\/v2\/pages\/8151","targetHints":{"allow":["GET"]}}],"collection":[{"href":"https:\/\/agora-eoi.xtec.cat\/eoiguixols\/wp-json\/wp\/v2\/pages"}],"about":[{"href":"https:\/\/agora-eoi.xtec.cat\/eoiguixols\/wp-json\/wp\/v2\/types\/page"}],"author":[{"embeddable":true,"href":"https:\/\/agora-eoi.xtec.cat\/eoiguixols\/wp-json\/wp\/v2\/users\/1"}],"replies":[{"embeddable":true,"href":"https:\/\/agora-eoi.xtec.cat\/eoiguixols\/wp-json\/wp\/v2\/comments?post=8151"}],"version-history":[{"count":5,"href":"https:\/\/agora-eoi.xtec.cat\/eoiguixols\/wp-json\/wp\/v2\/pages\/8151\/revisions"}],"predecessor-version":[{"id":12849,"href":"https:\/\/agora-eoi.xtec.cat\/eoiguixols\/wp-json\/wp\/v2\/pages\/8151\/revisions\/12849"}],"up":[{"embeddable":true,"href":"https:\/\/agora-eoi.xtec.cat\/eoiguixols\/wp-json\/wp\/v2\/pages\/8149"}],"wp:attachment":[{"href":"https:\/\/agora-eoi.xtec.cat\/eoiguixols\/wp-json\/wp\/v2\/media?parent=8151"}],"curies":[{"name":"wp","href":"https:\/\/api.w.org\/{rel}","templated":true}]}}