{"id":12890,"date":"2024-07-02T13:41:05","date_gmt":"2024-07-02T11:41:05","guid":{"rendered":"https:\/\/agora-eoi.xtec.cat\/eoiguixols\/?page_id=12890"},"modified":"2025-07-15T00:06:45","modified_gmt":"2025-07-14T22:06:45","slug":"taxes-i-preus-publics","status":"publish","type":"page","link":"https:\/\/agora-eoi.xtec.cat\/eoiguixols\/secretaria\/taxes-i-preus-publics\/","title":{"rendered":"Taxes i preus p\u00fablics"},"content":{"rendered":"<h4><span id=\"Taxes_i_preus_publics\">Taxes i preus p\u00fablics<\/span><\/h4>\n<h5><span id=\"Taxes\">Taxes<\/span><\/h5>\n<p>Les tarifes de les taxes per a la prestaci\u00f3 dels serveis docents de les escoles oficials d\u2019idiomes i per a la inscripci\u00f3 a les proves lliures per a l\u2019obtenci\u00f3 dels certificats oficials que s\u2019aplica a les <strong>matr\u00edcules dels nivells intermedi B1<\/strong><strong>, intermedi B2.1<\/strong><strong> i intermedi B2.2 <\/strong>s\u00f3n les seg\u00fcents:<\/p>\n<ul>\n<li>Matr\u00edcula i serveis per a alumnes oficials dels nivells intermedi B1 i intermedi B2, per curs:\u00a0<strong>297,60 euros.<\/strong><\/li>\n<li>L\u2019import de la matr\u00edcula i els serveis per a alumnes oficials quan es fa la matr\u00edcula per segona vegada en el mateix curs del mateix idioma, \u00e9s el resultat d\u2019aplicar el coeficient de 1,3 a la quota prevista:\u00a0<strong>386,90 euros.<\/strong><\/li>\n<li>L\u2019import de la matr\u00edcula i els serveis per a alumnes oficials quan es fa la matr\u00edcula per tercera vegada en el mateix curs del mateix idioma, \u00e9s el resultat d\u2019aplicar el coeficient de 1,8 a la quota prevista:\u00a0<strong>535,70 euros.<\/strong><\/li>\n<li>Matr\u00edcula i drets d\u2019examen per a alumnes de r\u00e8gim lliure del certificat del nivell intermedi B1 i B2: <strong>78,40 euros.<\/strong><\/li>\n<li>Matr\u00edcula i drets d\u2019examen per a alumnes de r\u00e8gim lliure del certificat del nivell avan\u00e7at C1: <strong>96,65 euros.<\/strong><\/li>\n<\/ul>\n<h5><span id=\"Preus_publics\">Preus p\u00fablics<\/span><\/h5>\n<p>Les tarifes dels preus p\u00fablics per a la prestaci\u00f3 dels serveis docents de les escoles oficials d\u2019idiomes i per a la inscripci\u00f3 a les proves lliures per a l\u2019obtenci\u00f3 dels certificats oficials que s\u2019aplica a les <strong>matr\u00edcules dels nivells b\u00e0sic A1<\/strong><strong>, b\u00e0sic A2 <\/strong><strong>i avan\u00e7at C1<\/strong> s\u00f3n les seg\u00fcents:<\/p>\n<ul>\n<li>Matr\u00edcula i serveis per a alumnes oficials del nivell b\u00e0sic A1, b\u00e0sic A2 i avan\u00e7at C1, per curs:\u00a0<strong>275,00 euros.<\/strong><\/li>\n<li>L\u2019import de la matr\u00edcula i els serveis per a alumnes oficials quan es fa la matr\u00edcula per segona vegada en el mateix curs del mateix idioma, \u00e9s el resultat d\u2019aplicar el coeficient de 1,3 a l\u2019import previst:\u00a0<strong>357,50 euros.<\/strong><\/li>\n<li>L\u2019import de la matr\u00edcula i els serveis per a alumnes oficials quan es fa la matr\u00edcula per tercera vegada en el mateix curs del mateix idioma, \u00e9s el resultat d\u2019aplicar el coeficient de 1,8 a l\u2019import previst:\u00a0<strong>495,00 euros.<\/strong><\/li>\n<\/ul>\n<p>Tarifa de preu p\u00fablic pels serveis d&#8217;acc\u00e9s a la plataforma i materials did\u00e0ctics dels ensenyaments d&#8217;idiomes, que s&#8217;aplica a les <strong>matr\u00edcules dels nivells b\u00e0sic A1, b\u00e0sic A2, intermedi B1<\/strong><strong>, intermedi B2.1, <\/strong><strong>intermedi B2.2 i avan\u00e7at C1<\/strong>. No inclou els llibres de text.<\/p>\n<ul>\n<li>L\u2019import quan es fa la matr\u00edcula per primera vegada: <strong>30,00 euros.<\/strong><\/li>\n<li>L\u2019import quan es fa la matr\u00edcula per segona vegada en el mateix curs del mateix idioma, \u00e9s el resultat d\u2019aplicar el coeficient de 1,3 a l\u2019import previst: <strong>39,00 euros.<\/strong><\/li>\n<li>L\u2019import quan es fa la matr\u00edcula per tercera vegada en el mateix curs del mateix idioma, \u00e9s el resultat d\u2019aplicar el coeficient de 1,8 a l\u2019import previst: <strong>54,00 euros.<\/strong><\/li>\n<\/ul>\n","protected":false},"excerpt":{"rendered":"<p>Taxes i preus p\u00fablics Taxes Les tarifes de les taxes per a la prestaci\u00f3 dels serveis docents de les escoles oficials d\u2019idiomes i per a la inscripci\u00f3 a les proves lliures per a l\u2019obtenci\u00f3 dels certificats oficials que s\u2019aplica a les matr\u00edcules dels nivells intermedi B1, intermedi B2.1 i intermedi B2.2 s\u00f3n les seg\u00fcents: Matr\u00edcula [&hellip;]<\/p>\n","protected":false},"author":1,"featured_media":0,"parent":8358,"menu_order":25,"comment_status":"closed","ping_status":"closed","template":"","meta":{"_bbp_topic_count":0,"_bbp_reply_count":0,"_bbp_total_topic_count":0,"_bbp_total_reply_count":0,"_bbp_voice_count":0,"_bbp_anonymous_reply_count":0,"_bbp_topic_count_hidden":0,"_bbp_reply_count_hidden":0,"_bbp_forum_subforum_count":0,"site-sidebar-layout":"default","site-content-layout":"","ast-site-content-layout":"default","site-content-style":"default","site-sidebar-style":"default","ast-global-header-display":"","ast-banner-title-visibility":"","ast-main-header-display":"","ast-hfb-above-header-display":"","ast-hfb-below-header-display":"","ast-hfb-mobile-header-display":"","site-post-title":"","ast-breadcrumbs-content":"","ast-featured-img":"","footer-sml-layout":"","theme-transparent-header-meta":"default","adv-header-id-meta":"","stick-header-meta":"","header-above-stick-meta":"","header-main-stick-meta":"","header-below-stick-meta":"","astra-migrate-meta-layouts":"set","ast-page-background-enabled":"default","ast-page-background-meta":{"desktop":{"background-color":"var(--ast-global-color-4)","background-image":"","background-repeat":"repeat","background-position":"center center","background-size":"auto","background-attachment":"scroll","background-type":"","background-media":"","overlay-type":"","overlay-color":"","overlay-opacity":"","overlay-gradient":""},"tablet":{"background-color":"","background-image":"","background-repeat":"repeat","background-position":"center center","background-size":"auto","background-attachment":"scroll","background-type":"","background-media":"","overlay-type":"","overlay-color":"","overlay-opacity":"","overlay-gradient":""},"mobile":{"background-color":"","background-image":"","background-repeat":"repeat","background-position":"center center","background-size":"auto","background-attachment":"scroll","background-type":"","background-media":"","overlay-type":"","overlay-color":"","overlay-opacity":"","overlay-gradient":""}},"ast-content-background-meta":{"desktop":{"background-color":"var(--ast-global-color-5)","background-image":"","background-repeat":"repeat","background-position":"center center","background-size":"auto","background-attachment":"scroll","background-type":"","background-media":"","overlay-type":"","overlay-color":"","overlay-opacity":"","overlay-gradient":""},"tablet":{"background-color":"var(--ast-global-color-5)","background-image":"","background-repeat":"repeat","background-position":"center center","background-size":"auto","background-attachment":"scroll","background-type":"","background-media":"","overlay-type":"","overlay-color":"","overlay-opacity":"","overlay-gradient":""},"mobile":{"background-color":"var(--ast-global-color-5)","background-image":"","background-repeat":"repeat","background-position":"center center","background-size":"auto","background-attachment":"scroll","background-type":"","background-media":"","overlay-type":"","overlay-color":"","overlay-opacity":"","overlay-gradient":""}},"footnotes":""},"class_list":["post-12890","page","type-page","status-publish","hentry"],"post_mailing_queue_ids":[],"_links":{"self":[{"href":"https:\/\/agora-eoi.xtec.cat\/eoiguixols\/wp-json\/wp\/v2\/pages\/12890","targetHints":{"allow":["GET"]}}],"collection":[{"href":"https:\/\/agora-eoi.xtec.cat\/eoiguixols\/wp-json\/wp\/v2\/pages"}],"about":[{"href":"https:\/\/agora-eoi.xtec.cat\/eoiguixols\/wp-json\/wp\/v2\/types\/page"}],"author":[{"embeddable":true,"href":"https:\/\/agora-eoi.xtec.cat\/eoiguixols\/wp-json\/wp\/v2\/users\/1"}],"replies":[{"embeddable":true,"href":"https:\/\/agora-eoi.xtec.cat\/eoiguixols\/wp-json\/wp\/v2\/comments?post=12890"}],"version-history":[{"count":2,"href":"https:\/\/agora-eoi.xtec.cat\/eoiguixols\/wp-json\/wp\/v2\/pages\/12890\/revisions"}],"predecessor-version":[{"id":12892,"href":"https:\/\/agora-eoi.xtec.cat\/eoiguixols\/wp-json\/wp\/v2\/pages\/12890\/revisions\/12892"}],"up":[{"embeddable":true,"href":"https:\/\/agora-eoi.xtec.cat\/eoiguixols\/wp-json\/wp\/v2\/pages\/8358"}],"wp:attachment":[{"href":"https:\/\/agora-eoi.xtec.cat\/eoiguixols\/wp-json\/wp\/v2\/media?parent=12890"}],"curies":[{"name":"wp","href":"https:\/\/api.w.org\/{rel}","templated":true}]}}