{"id":8881,"date":"2021-11-13T17:48:51","date_gmt":"2021-11-13T16:48:51","guid":{"rendered":"https:\/\/agora-eoi.xtec.cat\/eoigirona\/?page_id=8881"},"modified":"2026-03-06T14:38:42","modified_gmt":"2026-03-06T13:38:42","slug":"erasmus","status":"publish","type":"page","link":"https:\/\/agora-eoi.xtec.cat\/eoigirona\/el-servei-educatiu\/erasmus\/","title":{"rendered":"Erasmus+"},"content":{"rendered":"<p>L&#8217;Escola Oficial d&#8217;Idiomes de Girona participa en projectes europeus des del 2009.<\/p>\n<table style=\"height: 873px; width: 100%; border-color: #bdbdbd; border-style: solid;\">\n<tbody>\n<tr style=\"border-style: solid; border-color: #bdbdbd; background-color: #c85f5f;\">\n<td style=\"width: 12.0075%; border-style: solid; border-color: #bdbdbd; height: 46px;\"><span style=\"font-weight: 400; color: #ffffff;\">DATA<\/span><\/td>\n<td style=\"width: 7.80299%; border-style: solid; border-color: #bdbdbd; height: 46px;\"><span style=\"font-weight: 400; color: #ffffff;\">TIPUS DE PROJECTE<\/span><\/td>\n<td style=\"width: 21.1025%; border-style: solid; border-color: #bdbdbd; height: 46px;\"><span style=\"font-weight: 400; color: #ffffff;\">NOM DEL PROJECTE<\/span><\/td>\n<td style=\"width: 20.9302%; border-style: solid; border-color: #bdbdbd; height: 46px;\"><span style=\"font-weight: 400; color: #ffffff;\">OBJECTIUS<\/span><\/td>\n<td style=\"width: 21.7054%; border-style: solid; border-color: #bdbdbd; height: 46px;\"><span style=\"font-weight: 400; color: #ffffff;\">FORMACIONS<\/span><\/td>\n<td style=\"width: 15.1594%; border-style: solid; border-color: #bdbdbd; height: 46px;\"><span style=\"color: #ffffff;\">SOCIS COL\u00b7LABORADORS<\/span><\/td>\n<\/tr>\n<tr style=\"height: 162px;\">\n<td style=\"width: 12.0075%; border-style: solid; border-color: #bdbdbd; height: 162px;\"><span style=\"font-weight: 400;\">2025 -2026<\/span><\/td>\n<td style=\"width: 7.80299%; border-style: solid; border-color: #bdbdbd; height: 162px;\"><span style=\"font-weight: 400;\">Erasmus + KA122 ADU<\/span><\/td>\n<td style=\"width: 21.1025%; border-style: solid; border-color: #bdbdbd; height: 162px;\"><span style=\"font-weight: 400;\">TR@NSFORMACI\u00d3N EN LA ENSE\u00d1ANZA DE LENGUAS PARA UN APRENDIZAJE INCLUSIVO Y CR\u00cdTICO<\/span><\/td>\n<td style=\"width: 20.9302%; border-style: solid; border-color: #bdbdbd; height: 162px;\"><span style=\"font-weight: 400;\">Promoure una ensenyan\u00e7a de lleng\u00fces inclusiva i innovadora que fomenti la creativitat digital, el pensament cr\u00edtic i el lideratge.<\/span><\/td>\n<td style=\"width: 21.7054%; border-style: solid; border-color: #bdbdbd; height: 162px;\"><span style=\"font-weight: 400;\">Formacions i Job-shadowing a Alemanya, \u00c0ustria, B\u00e8lgica, It\u00e0lia,\u00a0 i Pa\u00efsos Baixos.<\/span><\/td>\n<td style=\"width: 15.1594%; border-style: solid; border-color: #bdbdbd; height: 162px;\"><span style=\"font-weight: 400;\">Institucions d\u2019Alemanya, B\u00e8lgica, It\u00e0lia, Finl\u00e0ndia i Pa\u00efsos Baixos.<\/span><\/td>\n<\/tr>\n<tr style=\"border-style: solid; border-color: #bdbdbd;\">\n<td style=\"width: 12.0075%; height: 120px; border-style: solid; border-color: #bdbdbd;\"><span style=\"font-weight: 400;\">2020 &#8211; 21\/2022<\/span><\/td>\n<td style=\"width: 7.80299%; height: 120px; border-style: solid; border-color: #bdbdbd;\"><span style=\"font-weight: 400;\">Erasmus + KA1\u00a0<\/span><\/td>\n<td style=\"width: 21.1025%; height: 120px; border-style: solid; border-color: #bdbdbd;\"><a href=\"https:\/\/msimon29.wixsite.com\/profesorado40\" target=\"_blank\" rel=\"noopener\"><span style=\"font-weight: 400;\">PROFESORADO 4.0. ACTUALIZACI\u00d3N E INNOVACI\u00d3N EN EL AULA DE LENGUAS EXTRANJERAS<\/span><\/a><\/td>\n<td style=\"width: 20.9302%; height: 120px; border-style: solid; border-color: #bdbdbd;\"><span style=\"font-weight: 400;\">Obtenir noves eines i recursos actualitzats per als reptes de la societat actual.\u00a0<\/span><\/td>\n<td style=\"width: 21.7054%; height: 120px; border-style: solid; border-color: #bdbdbd;\"><span style=\"font-weight: 400;\">Formacions a Fran\u00e7a, Alemanya, It\u00e0lia i Regne Unit.<\/span><\/td>\n<td style=\"width: 15.1594%; height: 120px; border-style: solid; border-color: #bdbdbd;\"><\/td>\n<\/tr>\n<tr style=\"border-style: solid; border-color: #bdbdbd;\">\n<td style=\"width: 12.0075%; height: 81px; border-style: solid; border-color: #bdbdbd;\"><span style=\"font-weight: 400;\">2018-2021\u00a0<\/span><\/td>\n<td style=\"width: 7.80299%; height: 81px; border-style: solid; border-color: #bdbdbd;\"><span style=\"font-weight: 400;\">Erasmus+ KA104 (Consorcio)<\/span><\/td>\n<td style=\"width: 21.1025%; height: 81px; border-style: solid; border-color: #bdbdbd;\"><a href=\"https:\/\/sites.google.com\/view\/eacoach\/p%C3%A1gina-principal\" target=\"_blank\" rel=\"noopener\"><span style=\"font-weight: 400;\"><span style=\"text-decoration: underline;\">EA COACH<\/span><\/span><\/a><span style=\"font-weight: 400;\"> (Empoderamiento del Alumno COACH) (2)<\/span><\/td>\n<td style=\"width: 20.9302%; height: 81px; border-style: solid; border-color: #bdbdbd;\">Adquirir eines per ser bons formadors-coaches.<\/td>\n<td style=\"width: 21.7054%; height: 81px; border-style: solid; border-color: #bdbdbd;\"><span style=\"font-weight: 400;\">Formacions a Itali\u00e0, \u00c0ustria, Gr\u00e8cia, Eslov\u00e8nia<\/span><\/td>\n<td style=\"width: 15.1594%; height: 81px; border-style: solid; border-color: #bdbdbd;\"><span style=\"font-weight: 400;\">Centres d\u2019Espanya: Alacant, Algeciras, M\u00e1laga i C\u00e1diz<\/span><\/td>\n<\/tr>\n<tr style=\"border-style: solid; border-color: #bdbdbd;\">\n<td style=\"width: 12.0075%; height: 81px; border-style: solid; border-color: #bdbdbd;\"><span style=\"font-weight: 400;\">2017-2019\u00a0<\/span><\/td>\n<td style=\"width: 7.80299%; height: 81px; border-style: solid; border-color: #bdbdbd;\"><span style=\"font-weight: 400;\">Erasmus + KA1<\/span><\/td>\n<td style=\"width: 21.1025%; height: 81px; border-style: solid; border-color: #bdbdbd;\"><a href=\"https:\/\/idiomasautonomiaymotivacion.blogspot.com\/\" target=\"_blank\" rel=\"noopener\"><span style=\"font-weight: 400;\"><span style=\"text-decoration: underline;\">AUTONOM\u00cdA Y MOTIVACI\u00d3N DEL ALUMNADO DE NIVEL AVANZADO<\/span><\/span><\/a><span style=\"font-weight: 400;\"> (1)<\/span><\/td>\n<td style=\"width: 20.9302%; height: 81px; border-style: solid; border-color: #bdbdbd;\">Adquirir eines per ajudar l&#8217;alumne a ser m\u00e9s aut\u00f2nom.Adquirir eines per motivar l&#8217;alumnat.<\/td>\n<td style=\"width: 21.7054%; height: 81px; border-style: solid; border-color: #bdbdbd;\"><span style=\"font-weight: 400;\">Formacions a It\u00e0lia, Let\u00f2nia, Malta i el Regne Unit.<\/span><\/td>\n<td style=\"width: 15.1594%; height: 81px; border-style: solid; border-color: #bdbdbd;\"><\/td>\n<\/tr>\n<tr style=\"border-style: solid; border-color: #bdbdbd;\">\n<td style=\"width: 12.0075%; height: 81px; border-style: solid; border-color: #bdbdbd;\"><span style=\"font-weight: 400;\">2014-2017<\/span><\/td>\n<td style=\"width: 7.80299%; height: 81px; border-style: solid; border-color: #bdbdbd;\"><span style=\"font-weight: 400;\">Erasmus + KA2<\/span><\/td>\n<td style=\"width: 21.1025%; height: 81px; border-style: solid; border-color: #bdbdbd;\"><span style=\"text-decoration: underline;\"><a href=\"http:\/\/speaking4yourself.hetperspectief.net\/\" target=\"_blank\" rel=\"noopener\"><span style=\"font-weight: 400;\">SPEAKING FOR YOURSELF<\/span><\/a><\/span><span style=\"font-weight: 400;\"> (1)<\/span><\/td>\n<td style=\"width: 20.9302%; height: 81px; border-style: solid; border-color: #bdbdbd;\"><span style=\"font-weight: 400;\">Ajudar els alumnes a poder millorar l\u2019expressi\u00f3 oral d\u2019una manera aut\u00f2noma.\u00a0<\/span><\/td>\n<td style=\"width: 21.7054%; height: 81px; border-style: solid; border-color: #bdbdbd;\"><\/td>\n<td style=\"width: 15.1594%; height: 81px; border-style: solid; border-color: #bdbdbd;\"><span style=\"font-weight: 400;\">Institucions d\u2019Espanya, Isl\u00e0ndia, Su\u00e8cia i B\u00e8lgica<\/span><\/td>\n<\/tr>\n<tr style=\"border-style: solid; border-color: #bdbdbd;\">\n<td style=\"width: 12.0075%; height: 120px; border-style: solid; border-color: #bdbdbd;\"><span style=\"font-weight: 400;\">2014-2016<\/span><\/td>\n<td style=\"width: 7.80299%; height: 120px; border-style: solid; border-color: #bdbdbd;\"><span style=\"font-weight: 400;\">Erasmus+ KA1\u00a0<\/span><\/td>\n<td style=\"width: 21.1025%; height: 120px; border-style: solid; border-color: #bdbdbd;\"><span style=\"font-weight: 400;\">EL RETO DE LAS NUEVAS TECNOLOG\u00cdAS (1)<\/span><\/td>\n<td style=\"width: 20.9302%; height: 120px; border-style: solid; border-color: #bdbdbd;\">Millorar l&#8217;\u00fas de les tecnologies a l&#8217;aula.<\/td>\n<td style=\"width: 21.7054%; height: 120px; border-style: solid; border-color: #bdbdbd;\"><span style=\"font-weight: 400;\">Formacions a Anglaterra, Finl\u00e0ndia i It\u00e0lia.<\/span><\/td>\n<td style=\"width: 15.1594%; height: 120px; border-style: solid; border-color: #bdbdbd;\"><\/td>\n<\/tr>\n<tr style=\"border-style: solid; border-color: #bdbdbd;\">\n<td style=\"width: 12.0075%; height: 81px; border-style: solid; border-color: #bdbdbd;\"><span style=\"font-weight: 400;\">2011-2013\u00a0<\/span><\/td>\n<td style=\"width: 7.80299%; height: 81px; border-style: solid; border-color: #bdbdbd;\"><span style=\"font-weight: 400;\">Erasmus+ KA2<\/span><\/td>\n<td style=\"width: 21.1025%; height: 81px; border-style: solid; border-color: #bdbdbd;\"><span style=\"text-decoration: underline;\"><a href=\"http:\/\/www.culturalmirrors.eu\/\" target=\"_blank\" rel=\"noopener\"><span style=\"font-weight: 400;\">CULTURAL MIRRORS<\/span><\/a><\/span><\/td>\n<td style=\"width: 20.9302%; height: 81px; border-style: solid; border-color: #bdbdbd;\">Reflexionar i compartir activitats que fomentin l&#8217;inter\u00e8s i el respecte per les cultures d&#8217;altres pa\u00efsos.<\/td>\n<td style=\"width: 21.7054%; height: 81px; border-style: solid; border-color: #bdbdbd;\"><\/td>\n<td style=\"width: 15.1594%; height: 81px; border-style: solid; border-color: #bdbdbd;\"><span style=\"font-weight: 400;\">Institucions de B\u00e8lgica, Alemanya, Su\u00efssa i Pol\u00f2nia.<\/span><\/td>\n<\/tr>\n<tr style=\"border-style: solid; border-color: #bdbdbd;\">\n<td style=\"width: 12.0075%; height: 101px; border-style: solid; border-color: #bdbdbd;\"><span style=\"font-weight: 400;\">2009-2011<\/span><\/td>\n<td style=\"width: 7.80299%; height: 101px; border-style: solid; border-color: #bdbdbd;\"><span style=\"font-weight: 400;\">Grundtvig<\/span><\/td>\n<td style=\"width: 21.1025%; height: 101px; border-style: solid; border-color: #bdbdbd;\"><span style=\"font-weight: 400;\">BECOMING BETTER THROUGH COLLABORATION<\/span><\/td>\n<td style=\"width: 20.9302%; height: 101px; border-style: solid; border-color: #bdbdbd;\"><span style=\"font-weight: 400;\">Millorar aspectes metodol\u00f2gics i pedag\u00f2gics<\/span><\/td>\n<td style=\"width: 21.7054%; height: 101px; border-style: solid; border-color: #bdbdbd;\"><\/td>\n<td style=\"width: 15.1594%; height: 101px; border-style: solid; border-color: #bdbdbd;\"><span style=\"font-weight: 400;\">Centres educatius de Gr\u00e8cia, Turquia, Romania, Portugal i It\u00e0lia<\/span><\/td>\n<\/tr>\n<\/tbody>\n<\/table>\n<p>(1) Les docents participants en aquest projecte han estat reconegudes amb el certificat de projectes d&#8217;innovaci\u00f3 pedag\u00f2gica.<\/p>\n<p><span style=\"font-weight: 400;\">(2) <\/span>Projecte reconegut com a Bones Pr\u00e0ctiques per l&#8217;Agencia Nacional SEPIE.<\/p>\n","protected":false},"excerpt":{"rendered":"<p>L&#8217;Escola Oficial d&#8217;Idiomes de Girona participa en projectes europeus des del 2009. DATA TIPUS DE PROJECTE NOM DEL PROJECTE OBJECTIUS FORMACIONS SOCIS COL\u00b7LABORADORS 2025 -2026 Erasmus + KA122 ADU TR@NSFORMACI\u00d3N EN LA ENSE\u00d1ANZA DE LENGUAS PARA UN APRENDIZAJE INCLUSIVO Y CR\u00cdTICO Promoure una ensenyan\u00e7a de lleng\u00fces inclusiva i innovadora que fomenti la creativitat digital, el [&hellip;]<\/p>\n","protected":false},"author":1,"featured_media":0,"parent":806,"menu_order":8,"comment_status":"closed","ping_status":"closed","template":"","meta":{"_bbp_topic_count":0,"_bbp_reply_count":0,"_bbp_total_topic_count":0,"_bbp_total_reply_count":0,"_bbp_voice_count":0,"_bbp_anonymous_reply_count":0,"_bbp_topic_count_hidden":0,"_bbp_reply_count_hidden":0,"_bbp_forum_subforum_count":0,"site-sidebar-layout":"default","site-content-layout":"","ast-site-content-layout":"default","site-content-style":"default","site-sidebar-style":"default","ast-global-header-display":"","ast-banner-title-visibility":"","ast-main-header-display":"","ast-hfb-above-header-display":"","ast-hfb-below-header-display":"","ast-hfb-mobile-header-display":"","site-post-title":"","ast-breadcrumbs-content":"","ast-featured-img":"","footer-sml-layout":"","theme-transparent-header-meta":"","adv-header-id-meta":"","stick-header-meta":"","header-above-stick-meta":"","header-main-stick-meta":"","header-below-stick-meta":"","astra-migrate-meta-layouts":"set","ast-page-background-enabled":"default","ast-page-background-meta":{"desktop":{"background-color":"var(--ast-global-color-4)","background-image":"","background-repeat":"repeat","background-position":"center center","background-size":"auto","background-attachment":"scroll","background-type":"","background-media":"","overlay-type":"","overlay-color":"","overlay-opacity":"","overlay-gradient":""},"tablet":{"background-color":"","background-image":"","background-repeat":"repeat","background-position":"center center","background-size":"auto","background-attachment":"scroll","background-type":"","background-media":"","overlay-type":"","overlay-color":"","overlay-opacity":"","overlay-gradient":""},"mobile":{"background-color":"","background-image":"","background-repeat":"repeat","background-position":"center center","background-size":"auto","background-attachment":"scroll","background-type":"","background-media":"","overlay-type":"","overlay-color":"","overlay-opacity":"","overlay-gradient":""}},"ast-content-background-meta":{"desktop":{"background-color":"var(--ast-global-color-5)","background-image":"","background-repeat":"repeat","background-position":"center center","background-size":"auto","background-attachment":"scroll","background-type":"","background-media":"","overlay-type":"","overlay-color":"","overlay-opacity":"","overlay-gradient":""},"tablet":{"background-color":"var(--ast-global-color-5)","background-image":"","background-repeat":"repeat","background-position":"center center","background-size":"auto","background-attachment":"scroll","background-type":"","background-media":"","overlay-type":"","overlay-color":"","overlay-opacity":"","overlay-gradient":""},"mobile":{"background-color":"var(--ast-global-color-5)","background-image":"","background-repeat":"repeat","background-position":"center center","background-size":"auto","background-attachment":"scroll","background-type":"","background-media":"","overlay-type":"","overlay-color":"","overlay-opacity":"","overlay-gradient":""}},"footnotes":""},"class_list":["post-8881","page","type-page","status-publish","hentry"],"post_mailing_queue_ids":[],"_links":{"self":[{"href":"https:\/\/agora-eoi.xtec.cat\/eoigirona\/wp-json\/wp\/v2\/pages\/8881","targetHints":{"allow":["GET"]}}],"collection":[{"href":"https:\/\/agora-eoi.xtec.cat\/eoigirona\/wp-json\/wp\/v2\/pages"}],"about":[{"href":"https:\/\/agora-eoi.xtec.cat\/eoigirona\/wp-json\/wp\/v2\/types\/page"}],"author":[{"embeddable":true,"href":"https:\/\/agora-eoi.xtec.cat\/eoigirona\/wp-json\/wp\/v2\/users\/1"}],"replies":[{"embeddable":true,"href":"https:\/\/agora-eoi.xtec.cat\/eoigirona\/wp-json\/wp\/v2\/comments?post=8881"}],"version-history":[{"count":6,"href":"https:\/\/agora-eoi.xtec.cat\/eoigirona\/wp-json\/wp\/v2\/pages\/8881\/revisions"}],"predecessor-version":[{"id":19224,"href":"https:\/\/agora-eoi.xtec.cat\/eoigirona\/wp-json\/wp\/v2\/pages\/8881\/revisions\/19224"}],"up":[{"embeddable":true,"href":"https:\/\/agora-eoi.xtec.cat\/eoigirona\/wp-json\/wp\/v2\/pages\/806"}],"wp:attachment":[{"href":"https:\/\/agora-eoi.xtec.cat\/eoigirona\/wp-json\/wp\/v2\/media?parent=8881"}],"curies":[{"name":"wp","href":"https:\/\/api.w.org\/{rel}","templated":true}]}}