{"id":8621,"date":"2016-06-20T11:24:49","date_gmt":"2016-06-20T09:24:49","guid":{"rendered":"https:\/\/agora-eoi.xtec.cat\/eoigirona\/?page_id=8621"},"modified":"2026-02-25T14:53:42","modified_gmt":"2026-02-25T13:53:42","slug":"consell-escolar","status":"publish","type":"page","link":"https:\/\/agora-eoi.xtec.cat\/eoigirona\/el-servei-educatiu\/consell-escolar\/","title":{"rendered":"Consell escolar"},"content":{"rendered":"<p>El Consell Escolar \u00e9s l\u2019\u00f2rgan de participaci\u00f3 de la comunitat educativa que s\u2019encarrega del control i gesti\u00f3 de l\u2019escola, amb funcions de seguiment i avaluaci\u00f3 de la programaci\u00f3 i de les activitats que es duen a terme a l\u2019EOI Girona. L\u2019alumnat hi t\u00e9 cinc representants que elegeix peri\u00f2dicament. La principal funci\u00f3 d\u2019aquests representants \u00e9s la de fer de portaveu en les sessions de Consell Escolar dels suggeriments, preguntes i queixes que qualsevol alumne\/a, a iniciativa pr\u00f2pia o mitjan\u00e7ant els seus delegats o les seves delegades, els puguin fer arribar.<\/p>\n<p>El Consell Escolar de l\u2019EOI Girona, constitu\u00eft el 15\/12\/2023, est\u00e0 format per:<\/p>\n<p><strong>Representants de l\u2019equip directiu<\/strong><\/p>\n<p>Directora: Maria Mir Figueras<br \/>\nSecret\u00e0ria: S\u00edlvia Guanter Alabau<br \/>\nCap d&#8217;estudis: Sandra Diaz de Alda Sans<\/p>\n<p><strong>Representants del professorat<\/strong><\/p>\n<p>James McCullough Thompson<br \/>\nCl\u00e0udia Martinell Lozano<br \/>\nFrancisco Meneses Romero<br \/>\nElena Paz Torres<br \/>\nMerc\u00e8 Ribera G\u00f3rriz<\/p>\n<p><strong>Representants de l&#8217;alumnat<\/strong><\/p>\n<p>Chantal Busquets Brugada<br \/>\nPere Carreras Carreras<br \/>\nJordi Freixes Vila<br \/>\nAnna Garci S\u00e1nchez<br \/>\nEudald Prat Mir<\/p>\n<p><a href=\"https:\/\/agora-eoi.xtec.cat\/eoigirona\/wp-content\/uploads\/usu2632\/2022\/03\/email.png\"><img loading=\"lazy\" decoding=\"async\" class=\"alignleft wp-image-10331\" src=\"https:\/\/agora-eoi.xtec.cat\/eoigirona\/wp-content\/uploads\/usu2632\/2022\/03\/email-150x150.png\" alt=\"\" width=\"32\" height=\"32\" srcset=\"https:\/\/agora-eoi.xtec.cat\/eoigirona\/wp-content\/uploads\/usu2632\/2022\/03\/email-150x150.png 150w, https:\/\/agora-eoi.xtec.cat\/eoigirona\/wp-content\/uploads\/usu2632\/2022\/03\/email-300x300.png 300w, https:\/\/agora-eoi.xtec.cat\/eoigirona\/wp-content\/uploads\/usu2632\/2022\/03\/email.png 512w\" sizes=\"auto, (max-width: 32px) 100vw, 32px\" \/><\/a>Els representants de l&#8217;alumnat disposen d&#8217;aquesta adre\u00e7a electr\u00f2nica: <b>consellescolar<span class=\"\">@eoigirona<\/span>.cat <\/b>per facilitar la comunicaci\u00f3 amb l&#8217;alumnat de l&#8217;escola.<\/p>\n<p><strong>Representant del personal d\u2019administraci\u00f3 i serveis (PAS)<\/strong><\/p>\n<p>Anna Trulls Pararols<\/p>\n<p><strong>Representant de l\u2019Ajuntament<\/strong><\/p>\n<p>Queralt Vila Verg\u00e9s<\/p>\n<p><span style=\"color: #c42300;\"><strong>ACORDS PRESOS PEL CONSELL ESCOLAR<\/strong><\/span><\/p>\n","protected":false},"excerpt":{"rendered":"<p>El Consell Escolar \u00e9s l\u2019\u00f2rgan de participaci\u00f3 de la comunitat educativa que s\u2019encarrega del control i gesti\u00f3 de l\u2019escola, amb funcions de seguiment i avaluaci\u00f3 de la programaci\u00f3 i de les activitats que es duen a terme a l\u2019EOI Girona. L\u2019alumnat hi t\u00e9 cinc representants que elegeix peri\u00f2dicament. La principal funci\u00f3 d\u2019aquests representants \u00e9s la [&hellip;]<\/p>\n","protected":false},"author":1,"featured_media":0,"parent":806,"menu_order":4,"comment_status":"closed","ping_status":"closed","template":"","meta":{"_bbp_topic_count":0,"_bbp_reply_count":0,"_bbp_total_topic_count":0,"_bbp_total_reply_count":0,"_bbp_voice_count":0,"_bbp_anonymous_reply_count":0,"_bbp_topic_count_hidden":0,"_bbp_reply_count_hidden":0,"_bbp_forum_subforum_count":0,"site-sidebar-layout":"default","site-content-layout":"","ast-site-content-layout":"default","site-content-style":"default","site-sidebar-style":"default","ast-global-header-display":"","ast-banner-title-visibility":"","ast-main-header-display":"","ast-hfb-above-header-display":"","ast-hfb-below-header-display":"","ast-hfb-mobile-header-display":"","site-post-title":"","ast-breadcrumbs-content":"","ast-featured-img":"","footer-sml-layout":"","theme-transparent-header-meta":"","adv-header-id-meta":"","stick-header-meta":"","header-above-stick-meta":"","header-main-stick-meta":"","header-below-stick-meta":"","astra-migrate-meta-layouts":"set","ast-page-background-enabled":"default","ast-page-background-meta":{"desktop":{"background-color":"var(--ast-global-color-4)","background-image":"","background-repeat":"repeat","background-position":"center center","background-size":"auto","background-attachment":"scroll","background-type":"","background-media":"","overlay-type":"","overlay-color":"","overlay-opacity":"","overlay-gradient":""},"tablet":{"background-color":"","background-image":"","background-repeat":"repeat","background-position":"center center","background-size":"auto","background-attachment":"scroll","background-type":"","background-media":"","overlay-type":"","overlay-color":"","overlay-opacity":"","overlay-gradient":""},"mobile":{"background-color":"","background-image":"","background-repeat":"repeat","background-position":"center center","background-size":"auto","background-attachment":"scroll","background-type":"","background-media":"","overlay-type":"","overlay-color":"","overlay-opacity":"","overlay-gradient":""}},"ast-content-background-meta":{"desktop":{"background-color":"var(--ast-global-color-5)","background-image":"","background-repeat":"repeat","background-position":"center center","background-size":"auto","background-attachment":"scroll","background-type":"","background-media":"","overlay-type":"","overlay-color":"","overlay-opacity":"","overlay-gradient":""},"tablet":{"background-color":"var(--ast-global-color-5)","background-image":"","background-repeat":"repeat","background-position":"center center","background-size":"auto","background-attachment":"scroll","background-type":"","background-media":"","overlay-type":"","overlay-color":"","overlay-opacity":"","overlay-gradient":""},"mobile":{"background-color":"var(--ast-global-color-5)","background-image":"","background-repeat":"repeat","background-position":"center center","background-size":"auto","background-attachment":"scroll","background-type":"","background-media":"","overlay-type":"","overlay-color":"","overlay-opacity":"","overlay-gradient":""}},"footnotes":""},"class_list":["post-8621","page","type-page","status-publish","hentry"],"post_mailing_queue_ids":[],"_links":{"self":[{"href":"https:\/\/agora-eoi.xtec.cat\/eoigirona\/wp-json\/wp\/v2\/pages\/8621","targetHints":{"allow":["GET"]}}],"collection":[{"href":"https:\/\/agora-eoi.xtec.cat\/eoigirona\/wp-json\/wp\/v2\/pages"}],"about":[{"href":"https:\/\/agora-eoi.xtec.cat\/eoigirona\/wp-json\/wp\/v2\/types\/page"}],"author":[{"embeddable":true,"href":"https:\/\/agora-eoi.xtec.cat\/eoigirona\/wp-json\/wp\/v2\/users\/1"}],"replies":[{"embeddable":true,"href":"https:\/\/agora-eoi.xtec.cat\/eoigirona\/wp-json\/wp\/v2\/comments?post=8621"}],"version-history":[{"count":6,"href":"https:\/\/agora-eoi.xtec.cat\/eoigirona\/wp-json\/wp\/v2\/pages\/8621\/revisions"}],"predecessor-version":[{"id":19140,"href":"https:\/\/agora-eoi.xtec.cat\/eoigirona\/wp-json\/wp\/v2\/pages\/8621\/revisions\/19140"}],"up":[{"embeddable":true,"href":"https:\/\/agora-eoi.xtec.cat\/eoigirona\/wp-json\/wp\/v2\/pages\/806"}],"wp:attachment":[{"href":"https:\/\/agora-eoi.xtec.cat\/eoigirona\/wp-json\/wp\/v2\/media?parent=8621"}],"curies":[{"name":"wp","href":"https:\/\/api.w.org\/{rel}","templated":true}]}}