{"id":8506,"date":"2016-06-16T14:08:30","date_gmt":"2016-06-16T13:08:30","guid":{"rendered":"https:\/\/agora-eoi.xtec.cat\/eoigirona\/?page_id=8506"},"modified":"2026-04-28T14:17:23","modified_gmt":"2026-04-28T12:17:23","slug":"absencies-del-professorat","status":"publish","type":"page","link":"https:\/\/agora-eoi.xtec.cat\/eoigirona\/absencies-del-professorat\/","title":{"rendered":"Abs\u00e8ncies del professorat"},"content":{"rendered":"<table style=\"height: 56px; width: 98.8927%; border-collapse: collapse; border-style: solid; background-color: #fcfcfc; border-color: #969090;\">\n<tbody>\n<tr style=\"border-style: solid; border-color: #BDBDBD;\">\n<td style=\"width: 9.26706%; border-style: solid; border-color: #bdbdbd; background-color: #c85f5f; height: 23px;\"><span style=\"color: #ffffff;\">IDIOMA<\/span><\/td>\n<td style=\"width: 24.2628%; border-style: solid; border-color: #bdbdbd; background-color: #c85f5f; height: 23px;\"><span style=\"color: #ffffff;\">PROFESSOR\/A<\/span><\/td>\n<td style=\"width: 21.015%; border-style: solid; border-color: #bdbdbd; background-color: #c85f5f; height: 23px;\"><span style=\"color: #ffffff;\">DATA D&#8217;INICI<\/span><\/td>\n<td style=\"width: 20.0128%; border-style: solid; border-color: #bdbdbd; background-color: #c85f5f; height: 23px;\"><span style=\"color: #ffffff;\">REINCORPORACI\u00d3<\/span><\/td>\n<td style=\"width: 25.1896%; border-style: solid; border-color: #bdbdbd; background-color: #c85f5f; height: 23px;\"><span style=\"color: #ffffff;\">OBSERVACIONS<\/span><\/td>\n<\/tr>\n<tr>\n<td style=\"width: 9.26706%; border-style: solid; border-color: #bdbdbd;\">angl\u00e8s<\/td>\n<td style=\"width: 24.2628%; border-style: solid; border-color: #bdbdbd;\">Iona Sharp<\/td>\n<td style=\"width: 21.015%; border-style: solid; border-color: #bdbdbd;\">dt 28\/04\/2026<\/td>\n<td style=\"width: 20.0128%; border-style: solid; border-color: #bdbdbd;\">\u00a0<\/td>\n<td style=\"width: 25.1896%; border-style: solid; border-color: #bdbdbd;\">\u00a0<\/td>\n<\/tr>\n<tr>\n<td style=\"width: 9.26706%; border-style: solid; border-color: #bdbdbd;\">angl\u00e8s<\/td>\n<td style=\"width: 24.2628%; border-style: solid; border-color: #bdbdbd;\">Marisa Stone<\/td>\n<td style=\"width: 21.015%; border-style: solid; border-color: #bdbdbd;\">dl 27\/04\/2026<\/td>\n<td style=\"width: 20.0128%; border-style: solid; border-color: #bdbdbd;\">\u00a0<\/td>\n<td style=\"width: 25.1896%; border-style: solid; border-color: #bdbdbd;\">\u00a0<\/td>\n<\/tr>\n<tr style=\"height: 33px;\">\n<td style=\"width: 9.26706%; border-style: solid; border-color: #bdbdbd; height: 33px;\">catal\u00e0<\/td>\n<td style=\"width: 24.2628%; border-style: solid; border-color: #bdbdbd; height: 33px;\">Paula Urgell<\/td>\n<td style=\"width: 21.015%; border-style: solid; border-color: #bdbdbd; height: 33px;\">dl 20\/04\/2026<\/td>\n<td style=\"width: 20.0128%; border-style: solid; border-color: #bdbdbd; height: 33px;\">\u00a0dl 27\/04\/2026<\/td>\n<td style=\"width: 25.1896%; border-style: solid; border-color: #bdbdbd; height: 33px;\">\u00a0<\/td>\n<\/tr>\n<\/tbody>\n<\/table>\n<p>Quan falta un\/a professor\/a, l&#8217;escola envia un SMS a l&#8217;alumnat el primer dia de l&#8217;abs\u00e8ncia. A partir del segon dia, l&#8217;alumne pot veure la data de reincorporaci\u00f3 en aquesta secci\u00f3.<\/p>\n<p>En casos d&#8217;abs\u00e8ncia del professorat, no hi ha substitut\/a a menys que sigui una abs\u00e8ncia de llarga durada. <span class=\"gmail_default\">Us recomanen\u00a0c<\/span>onsult<span class=\"gmail_default\">ar<\/span>\u00a0el vostre moodle o classroom, on trobareu feina per fer.<\/p>\n<p><span class=\"gmail_default\">Aprofitem per recordar-vos\u00a0<\/span>que sempre podeu anar a la Biblioteca-CAM, on teniu molts recursos per aprendre de manera aut\u00f2noma.<\/p>\n\n\n<p><\/p>\n","protected":false},"excerpt":{"rendered":"<p>IDIOMA PROFESSOR\/A DATA D&#8217;INICI REINCORPORACI\u00d3 OBSERVACIONS angl\u00e8s Iona Sharp dt 28\/04\/2026 \u00a0 \u00a0 angl\u00e8s Marisa Stone dl 27\/04\/2026 \u00a0 \u00a0 catal\u00e0 Paula Urgell dl 20\/04\/2026 \u00a0dl 27\/04\/2026 \u00a0 Quan falta un\/a professor\/a, l&#8217;escola envia un SMS a l&#8217;alumnat el primer dia de l&#8217;abs\u00e8ncia. A partir del segon dia, l&#8217;alumne pot veure la data de reincorporaci\u00f3 [&hellip;]<\/p>\n","protected":false},"author":1,"featured_media":0,"parent":0,"menu_order":0,"comment_status":"closed","ping_status":"closed","template":"","meta":{"_bbp_topic_count":0,"_bbp_reply_count":0,"_bbp_total_topic_count":0,"_bbp_total_reply_count":0,"_bbp_voice_count":0,"_bbp_anonymous_reply_count":0,"_bbp_topic_count_hidden":0,"_bbp_reply_count_hidden":0,"_bbp_forum_subforum_count":0,"site-sidebar-layout":"default","site-content-layout":"","ast-site-content-layout":"default","site-content-style":"default","site-sidebar-style":"default","ast-global-header-display":"","ast-banner-title-visibility":"","ast-main-header-display":"","ast-hfb-above-header-display":"","ast-hfb-below-header-display":"","ast-hfb-mobile-header-display":"","site-post-title":"","ast-breadcrumbs-content":"","ast-featured-img":"","footer-sml-layout":"","theme-transparent-header-meta":"default","adv-header-id-meta":"","stick-header-meta":"","header-above-stick-meta":"","header-main-stick-meta":"","header-below-stick-meta":"","astra-migrate-meta-layouts":"set","ast-page-background-enabled":"default","ast-page-background-meta":{"desktop":{"background-color":"var(--ast-global-color-4)","background-image":"","background-repeat":"repeat","background-position":"center center","background-size":"auto","background-attachment":"scroll","background-type":"","background-media":"","overlay-type":"","overlay-color":"","overlay-opacity":"","overlay-gradient":""},"tablet":{"background-color":"","background-image":"","background-repeat":"repeat","background-position":"center center","background-size":"auto","background-attachment":"scroll","background-type":"","background-media":"","overlay-type":"","overlay-color":"","overlay-opacity":"","overlay-gradient":""},"mobile":{"background-color":"","background-image":"","background-repeat":"repeat","background-position":"center center","background-size":"auto","background-attachment":"scroll","background-type":"","background-media":"","overlay-type":"","overlay-color":"","overlay-opacity":"","overlay-gradient":""}},"ast-content-background-meta":{"desktop":{"background-color":"var(--ast-global-color-5)","background-image":"","background-repeat":"repeat","background-position":"center center","background-size":"auto","background-attachment":"scroll","background-type":"","background-media":"","overlay-type":"","overlay-color":"","overlay-opacity":"","overlay-gradient":""},"tablet":{"background-color":"var(--ast-global-color-5)","background-image":"","background-repeat":"repeat","background-position":"center center","background-size":"auto","background-attachment":"scroll","background-type":"","background-media":"","overlay-type":"","overlay-color":"","overlay-opacity":"","overlay-gradient":""},"mobile":{"background-color":"var(--ast-global-color-5)","background-image":"","background-repeat":"repeat","background-position":"center center","background-size":"auto","background-attachment":"scroll","background-type":"","background-media":"","overlay-type":"","overlay-color":"","overlay-opacity":"","overlay-gradient":""}},"footnotes":""},"class_list":["post-8506","page","type-page","status-publish","hentry"],"post_mailing_queue_ids":[],"_links":{"self":[{"href":"https:\/\/agora-eoi.xtec.cat\/eoigirona\/wp-json\/wp\/v2\/pages\/8506","targetHints":{"allow":["GET"]}}],"collection":[{"href":"https:\/\/agora-eoi.xtec.cat\/eoigirona\/wp-json\/wp\/v2\/pages"}],"about":[{"href":"https:\/\/agora-eoi.xtec.cat\/eoigirona\/wp-json\/wp\/v2\/types\/page"}],"author":[{"embeddable":true,"href":"https:\/\/agora-eoi.xtec.cat\/eoigirona\/wp-json\/wp\/v2\/users\/1"}],"replies":[{"embeddable":true,"href":"https:\/\/agora-eoi.xtec.cat\/eoigirona\/wp-json\/wp\/v2\/comments?post=8506"}],"version-history":[{"count":6,"href":"https:\/\/agora-eoi.xtec.cat\/eoigirona\/wp-json\/wp\/v2\/pages\/8506\/revisions"}],"predecessor-version":[{"id":19361,"href":"https:\/\/agora-eoi.xtec.cat\/eoigirona\/wp-json\/wp\/v2\/pages\/8506\/revisions\/19361"}],"wp:attachment":[{"href":"https:\/\/agora-eoi.xtec.cat\/eoigirona\/wp-json\/wp\/v2\/media?parent=8506"}],"curies":[{"name":"wp","href":"https:\/\/api.w.org\/{rel}","templated":true}]}}

Absències del professorat

<table style="height: 56px; width: 98.8927%; border-collapse: collapse; border-style: solid; background-color: #fcfcfc; border-color: #969090;">
<tbody>
<tr style="border-style: solid; border-color: #BDBDBD;">
<td style="width: 9.26706%; border-style: solid; border-color: #bdbdbd; background-color: #c85f5f; height: 23px;"><span style="color: #ffffff;">IDIOMA</span></td>
<td style="width: 24.2628%; border-style: solid; border-color: #bdbdbd; background-color: #c85f5f; height: 23px;"><span style="color: #ffffff;">PROFESSOR/A</span></td>
<td style="width: 21.015%; border-style: solid; border-color: #bdbdbd; background-color: #c85f5f; height: 23px;"><span style="color: #ffffff;">DATA D&#8217;INICI</span></td>
<td style="width: 20.0128%; border-style: solid; border-color: #bdbdbd; background-color: #c85f5f; height: 23px;"><span style="color: #ffffff;">REINCORPORACIÓ</span></td>
<td style="width: 25.1896%; border-style: solid; border-color: #bdbdbd; background-color: #c85f5f; height: 23px;"><span style="color: #ffffff;">OBSERVACIONS</span></td>
</tr>
<tr>
<td style="width: 9.26706%; border-style: solid; border-color: #bdbdbd;">anglès</td>
<td style="width: 24.2628%; border-style: solid; border-color: #bdbdbd;">Iona Sharp</td>
<td style="width: 21.015%; border-style: solid; border-color: #bdbdbd;">dt 28/04/2026</td>
<td style="width: 20.0128%; border-style: solid; border-color: #bdbdbd;"> </td>
<td style="width: 25.1896%; border-style: solid; border-color: #bdbdbd;"> </td>
</tr>
<tr>
<td style="width: 9.26706%; border-style: solid; border-color: #bdbdbd;">anglès</td>
<td style="width: 24.2628%; border-style: solid; border-color: #bdbdbd;">Marisa Stone</td>
<td style="width: 21.015%; border-style: solid; border-color: #bdbdbd;">dl 27/04/2026</td>
<td style="width: 20.0128%; border-style: solid; border-color: #bdbdbd;"> </td>
<td style="width: 25.1896%; border-style: solid; border-color: #bdbdbd;"> </td>
</tr>
<tr style="height: 33px;">
<td style="width: 9.26706%; border-style: solid; border-color: #bdbdbd; height: 33px;">català</td>
<td style="width: 24.2628%; border-style: solid; border-color: #bdbdbd; height: 33px;">Paula Urgell</td>
<td style="width: 21.015%; border-style: solid; border-color: #bdbdbd; height: 33px;">dl 20/04/2026</td>
<td style="width: 20.0128%; border-style: solid; border-color: #bdbdbd; height: 33px;"> dl 27/04/2026</td>
<td style="width: 25.1896%; border-style: solid; border-color: #bdbdbd; height: 33px;"> </td>
</tr>
</tbody>
</table>
<p>Quan falta un/a professor/a, l&#8217;escola envia un SMS a l&#8217;alumnat el primer dia de l&#8217;absència. A partir del segon dia, l&#8217;alumne pot veure la data de reincorporació en aquesta secció.</p>
<p>En casos d&#8217;absència del professorat, no hi ha substitut/a a menys que sigui una absència de llarga durada. <span class="gmail_default">Us recomanen c</span>onsult<span class="gmail_default">ar</span> el vostre moodle o classroom, on trobareu feina per fer.</p>
<p><span class="gmail_default">Aprofitem per recordar-vos </span>que sempre podeu anar a la Biblioteca-CAM, on teniu molts recursos per aprendre de manera autònoma.</p>


<p></p>

<p>IDIOMA PROFESSOR/A DATA D&#8217;INICI REINCORPORACIÓ OBSERVACIONS anglès Iona Sharp dt 28/04/2026     anglès Marisa Stone dl 27/04/2026     català Paula Urgell dl 20/04/2026  dl 27/04/2026   Quan falta un/a professor/a, l&#8217;escola envia un SMS a l&#8217;alumnat el primer dia de l&#8217;absència. A partir del segon dia, l&#8217;alumne pot veure la data de reincorporació [&hellip;]</p>
