{"id":8260,"date":"2016-06-13T11:19:49","date_gmt":"2016-06-13T10:19:49","guid":{"rendered":"https:\/\/agora-eoi.xtec.cat\/eoigirona\/?page_id=8260"},"modified":"2025-09-18T12:33:27","modified_gmt":"2025-09-18T10:33:27","slug":"horaris","status":"publish","type":"page","link":"https:\/\/agora-eoi.xtec.cat\/eoigirona\/catala\/horaris\/","title":{"rendered":"Horaris i professorat"},"content":{"rendered":"<p><b>HORARIS DEL CURS 2025-2026<\/b><\/p>\n<p>&#8211; L\u2019EOI Girona no pot garantir que es mantingui l\u2019horari que ara escolliu en els cursos successius.<br \/>\n&#8211; Les proves de final de curs poden no coincidir amb el dia i hora de classe habitual.<br \/>\n&#8211; El dia i hora de l\u2019examen final no es pot canviar.<br \/>\n&#8211; L\u2019assist\u00e8ncia a classe \u00e9s obligat\u00f2ria.<br \/>\n&#8211; Consulteu normativa de canvis d\u2019horari.<\/p>\n<div class=\"separacio5\">\n<table style=\"height: 1203px; width: 100%; border-style: solid; border-color: #bdbdbd;\">\n<tbody>\n<tr style=\"border-color: #bdbdbd; border-style: solid; background-color: #c85f5f;\">\n<td style=\"height: 53px; border-color: #bdbdbd; border-style: solid; width: 5.44933%;\"><span style=\"color: #ffffff;\"><strong>\u00a0\u00a0Nivell<\/strong><\/span><\/td>\n<td style=\"height: 53px; border-color: #bdbdbd; border-style: solid; width: 17.2084%;\"><span style=\"color: #ffffff;\"><strong>Dia<\/strong><\/span><\/td>\n<td style=\"height: 53px; border-color: #bdbdbd; border-style: solid; width: 8.98662%;\"><span style=\"color: #ffffff;\"><strong>Hora<\/strong><\/span><\/td>\n<td style=\"height: 53px; border-color: #bdbdbd; border-style: solid; width: 4.1109%;\"><span style=\"color: #ffffff;\"><strong>\u00a0Aula<\/strong><\/span><\/td>\n<td style=\"height: 53px; border-color: #bdbdbd; border-style: solid; width: 10.9943%;\"><span style=\"color: #ffffff;\"><strong>Professor\/a<\/strong><\/span><\/td>\n<td style=\"height: 53px; border-color: #bdbdbd; border-style: solid; width: 22.2753%;\"><span style=\"color: #ffffff;\"><strong>Correu-e<\/strong><\/span><\/td>\n<td style=\"height: 53px; border-color: #bdbdbd; border-style: solid; width: 29.2543%;\"><span style=\"color: #ffffff;\"><strong>\u00a0Hora d&#8217;atenci\u00f3<\/strong><\/span><\/td>\n<\/tr>\n<tr style=\"border-color: #bdbdbd; border-style: solid;\">\n<td style=\"height: 115px; border-color: #bdbdbd; border-style: solid; width: 5.44933%;\">A1<\/td>\n<td style=\"height: 115px; border-color: #bdbdbd; border-style: solid; width: 17.2084%;\">Dilluns i dimecres<\/td>\n<td style=\"height: 115px; border-color: #bdbdbd; border-style: solid; width: 8.98662%;\">16.00 &#8211; 18.15<\/td>\n<td style=\"height: 115px; border-color: #bdbdbd; border-style: solid; width: 4.1109%;\">2<\/td>\n<td style=\"height: 115px; border-color: #bdbdbd; border-style: solid; width: 10.9943%;\">Maria\u00a0Mir<\/td>\n<td style=\"height: 115px; border-color: #bdbdbd; border-style: solid; width: 22.2753%;\">maria.mir@eoigirona.cat<\/td>\n<td style=\"height: 115px; border-color: #bdbdbd; border-style: solid; width: 29.2543%;\">Dilluns15.00 \u2013 16.00<\/td>\n<\/tr>\n<tr style=\"border-color: #bdbdbd; border-style: solid;\">\n<td style=\"height: 115px; border-color: #bdbdbd; border-style: solid; width: 5.44933%;\">A2<\/td>\n<td style=\"height: 115px; border-color: #bdbdbd; border-style: solid; width: 17.2084%;\">Dilluns i dimecres<\/td>\n<td style=\"height: 115px; border-color: #bdbdbd; border-style: solid; width: 8.98662%;\">16.00 &#8211; 18.15<\/td>\n<td style=\"height: 115px; border-color: #bdbdbd; border-style: solid; width: 4.1109%;\">17<\/td>\n<td style=\"height: 115px; border-color: #bdbdbd; border-style: solid; width: 10.9943%;\">Puri G\u00f3mez<\/td>\n<td style=\"height: 115px; border-color: #bdbdbd; border-style: solid; width: 22.2753%;\">puri.gomez@eoigirona.cat<\/td>\n<td style=\"height: 115px; border-color: #bdbdbd; border-style: solid; width: 29.2543%;\">Dimarts i dimecres15.30 \u2013 16.00<\/td>\n<\/tr>\n<tr style=\"border-color: #bdbdbd; border-style: solid;\">\n<td style=\"height: 115px; border-color: #bdbdbd; border-style: solid; width: 5.44933%;\">B1<\/td>\n<td style=\"height: 115px; border-color: #bdbdbd; border-style: solid; width: 17.2084%;\">Dimarts i dijous<\/td>\n<td style=\"height: 115px; border-color: #bdbdbd; border-style: solid; width: 8.98662%;\">16.00 &#8211; 18.15<\/td>\n<td style=\"height: 115px; border-color: #bdbdbd; border-style: solid; width: 4.1109%;\">2<\/td>\n<td style=\"height: 115px; border-color: #bdbdbd; border-style: solid; width: 10.9943%;\">Puri G\u00f3mez<\/td>\n<td style=\"height: 115px; border-color: #bdbdbd; border-style: solid; width: 22.2753%;\">puri.gomez@eoigirona.cat<\/td>\n<td style=\"height: 115px; border-color: #bdbdbd; border-style: solid; width: 29.2543%;\">Dimarts i dimecres15.30 \u2013 16.00<\/td>\n<\/tr>\n<tr style=\"border-color: #bdbdbd; border-style: solid;\">\n<td style=\"height: 115px; border-color: #bdbdbd; border-style: solid; width: 5.44933%;\">B2<\/td>\n<td style=\"height: 115px; border-color: #bdbdbd; border-style: solid; width: 17.2084%;\">\u00a0Dilluns i dimecres<\/td>\n<td style=\"height: 115px; border-color: #bdbdbd; border-style: solid; width: 8.98662%;\">18.30 &#8211; 20.45<\/td>\n<td style=\"height: 115px; border-color: #bdbdbd; border-style: solid; width: 4.1109%;\">17<\/td>\n<td style=\"height: 115px; border-color: #bdbdbd; border-style: solid; width: 10.9943%;\">Puri G\u00f3mez<\/td>\n<td style=\"height: 115px; border-color: #bdbdbd; border-style: solid; width: 22.2753%;\">puri.gomez@eoigirona.cat<\/td>\n<td style=\"height: 115px; border-color: #bdbdbd; border-style: solid; width: 29.2543%;\">Dimarts i dimecres15.30 \u2013 16.00<\/td>\n<\/tr>\n<tr style=\"border-color: #bdbdbd; border-style: solid;\">\n<td style=\"height: 115px; border-color: #bdbdbd; border-style: solid; width: 5.44933%;\">C1<\/td>\n<td style=\"height: 115px; border-color: #bdbdbd; border-style: solid; width: 17.2084%;\">Dimarts i dijous<\/td>\n<td style=\"height: 115px; border-color: #bdbdbd; border-style: solid; width: 8.98662%;\">18.30 &#8211; 20.45<\/td>\n<td style=\"height: 115px; border-color: #bdbdbd; border-style: solid; width: 4.1109%;\">17<\/td>\n<td style=\"height: 115px; border-color: #bdbdbd; border-style: solid; width: 10.9943%;\">Paula Urgell<\/td>\n<td style=\"height: 115px; border-color: #bdbdbd; border-style: solid; width: 22.2753%;\">paula.urgell@eoigirona.cat<\/td>\n<td style=\"height: 115px; border-color: #bdbdbd; border-style: solid; width: 29.2543%;\">Dilluns, dimarts, dimecres i dijous 18.00-18.15<\/td>\n<\/tr>\n<tr style=\"border-color: #bdbdbd; border-style: solid;\">\n<td style=\"height: 115px; border-color: #bdbdbd; border-style: solid; width: 5.44933%;\">C2<\/td>\n<td style=\"height: 115px; border-color: #bdbdbd; border-style: solid; width: 17.2084%;\">Semipresencial dilluns<\/td>\n<td style=\"height: 115px; border-color: #bdbdbd; border-style: solid; width: 8.98662%;\">18.30 &#8211; 20.45<\/td>\n<td style=\"height: 115px; border-color: #bdbdbd; border-style: solid; width: 4.1109%;\">2<\/td>\n<td style=\"height: 115px; border-color: #bdbdbd; border-style: solid; width: 10.9943%;\">Paula Urgell<\/td>\n<td style=\"height: 115px; border-color: #bdbdbd; border-style: solid; width: 22.2753%;\">paula.urgell@eoigirona.cat<\/td>\n<td style=\"height: 115px; border-color: #bdbdbd; border-style: solid; width: 29.2543%;\">Dilluns, dimarts, dimecres i dijous 18.00-18.15<\/td>\n<\/tr>\n<tr style=\"border-color: #bdbdbd; border-style: solid;\">\n<td style=\"height: 115px; border-color: #bdbdbd; border-style: solid; width: 5.44933%;\">C2<\/td>\n<td style=\"height: 115px; border-color: #bdbdbd; border-style: solid; width: 17.2084%;\">Semipresencial dimarts<\/td>\n<td style=\"height: 115px; border-color: #bdbdbd; border-style: solid; width: 8.98662%;\">16.00 &#8211; 18.15<\/td>\n<td style=\"height: 115px; border-color: #bdbdbd; border-style: solid; width: 4.1109%;\">1<\/td>\n<td style=\"height: 115px; border-color: #bdbdbd; border-style: solid; width: 10.9943%;\">Maria Figueras<\/td>\n<td style=\"height: 115px; border-color: #bdbdbd; border-style: solid; width: 22.2753%;\">maria.figueras@eoigirona.cat<\/td>\n<td style=\"height: 115px; border-color: #bdbdbd; border-style: solid; width: 29.2543%;\">Dimarts 15.30-16.00<\/td>\n<\/tr>\n<tr style=\"border-color: #bdbdbd; border-style: solid;\">\n<td style=\"height: 115px; border-color: #bdbdbd; border-style: solid; width: 5.44933%;\">C2<\/td>\n<td style=\"height: 115px; border-color: #bdbdbd; border-style: solid; width: 17.2084%;\">Semipresencial dimarts<\/td>\n<td style=\"height: 115px; border-color: #bdbdbd; border-style: solid; width: 8.98662%;\">18.30 &#8211; 20.45<\/td>\n<td style=\"height: 115px; border-color: #bdbdbd; border-style: solid; width: 4.1109%;\">1<\/td>\n<td style=\"height: 115px; border-color: #bdbdbd; border-style: solid; width: 10.9943%;\">Maria Figueras<\/td>\n<td style=\"height: 115px; border-color: #bdbdbd; border-style: solid; width: 22.2753%;\">maria.figueras@eoigirona.cat<\/td>\n<td style=\"height: 115px; border-color: #bdbdbd; border-style: solid; width: 29.2543%;\">Dimarts 15.30-16.00<\/td>\n<\/tr>\n<tr style=\"border-color: #bdbdbd; border-style: solid;\">\n<td style=\"height: 115px; border-color: #bdbdbd; border-style: solid; width: 5.44933%;\">C2<\/td>\n<td style=\"height: 115px; border-color: #bdbdbd; border-style: solid; width: 17.2084%;\">Semipresencial dimecres<\/td>\n<td style=\"height: 115px; border-color: #bdbdbd; border-style: solid; width: 8.98662%;\">18.30 &#8211; 20.45<\/td>\n<td style=\"height: 115px; border-color: #bdbdbd; border-style: solid; width: 4.1109%;\">2<\/td>\n<td style=\"height: 115px; border-color: #bdbdbd; border-style: solid; width: 10.9943%;\">Paula Urgell<\/td>\n<td style=\"height: 115px; border-color: #bdbdbd; border-style: solid; width: 22.2753%;\">paula.urgell@eoigirona.cat<\/td>\n<td style=\"height: 115px; border-color: #bdbdbd; border-style: solid; width: 29.2543%;\">Dilluns, dimarts, dimecres i dijous 18.00-18.15<\/td>\n<\/tr>\n<tr style=\"border-color: #bdbdbd; border-style: solid;\">\n<td style=\"height: 115px; border-color: #bdbdbd; border-style: solid; width: 5.44933%;\">C2<\/td>\n<td style=\"height: 115px; border-color: #bdbdbd; border-style: solid; width: 17.2084%;\">Semipresencial dijous<\/td>\n<td style=\"height: 115px; border-color: #bdbdbd; border-style: solid; width: 8.98662%;\">16.00 &#8211; 18.15<\/td>\n<td style=\"height: 115px; border-color: #bdbdbd; border-style: solid; width: 4.1109%;\">11<\/td>\n<td style=\"height: 115px; border-color: #bdbdbd; border-style: solid; width: 10.9943%;\">Paula Urgell<\/td>\n<td style=\"height: 115px; border-color: #bdbdbd; border-style: solid; width: 22.2753%;\">paula.urgell@eoigirona.cat<\/td>\n<td style=\"height: 115px; border-color: #bdbdbd; border-style: solid; width: 29.2543%;\">Dilluns, dimarts, dimecres i dijous 18.00-18.15<\/td>\n<\/tr>\n<\/tbody>\n<\/table>\n<\/div>\n","protected":false},"excerpt":{"rendered":"<p>HORARIS DEL CURS 2025-2026 &#8211; L\u2019EOI Girona no pot garantir que es mantingui l\u2019horari que ara escolliu en els cursos successius. &#8211; Les proves de final de curs poden no coincidir amb el dia i hora de classe habitual. &#8211; El dia i hora de l\u2019examen final no es pot canviar. &#8211; L\u2019assist\u00e8ncia a classe [&hellip;]<\/p>\n","protected":false},"author":1,"featured_media":0,"parent":8197,"menu_order":10,"comment_status":"closed","ping_status":"closed","template":"","meta":{"_bbp_topic_count":0,"_bbp_reply_count":0,"_bbp_total_topic_count":0,"_bbp_total_reply_count":0,"_bbp_voice_count":0,"_bbp_anonymous_reply_count":0,"_bbp_topic_count_hidden":0,"_bbp_reply_count_hidden":0,"_bbp_forum_subforum_count":0,"site-sidebar-layout":"default","site-content-layout":"","ast-site-content-layout":"default","site-content-style":"default","site-sidebar-style":"default","ast-global-header-display":"","ast-banner-title-visibility":"","ast-main-header-display":"","ast-hfb-above-header-display":"","ast-hfb-below-header-display":"","ast-hfb-mobile-header-display":"","site-post-title":"","ast-breadcrumbs-content":"","ast-featured-img":"","footer-sml-layout":"","theme-transparent-header-meta":"default","adv-header-id-meta":"","stick-header-meta":"","header-above-stick-meta":"","header-main-stick-meta":"","header-below-stick-meta":"","astra-migrate-meta-layouts":"set","ast-page-background-enabled":"default","ast-page-background-meta":{"desktop":{"background-color":"var(--ast-global-color-4)","background-image":"","background-repeat":"repeat","background-position":"center center","background-size":"auto","background-attachment":"scroll","background-type":"","background-media":"","overlay-type":"","overlay-color":"","overlay-opacity":"","overlay-gradient":""},"tablet":{"background-color":"","background-image":"","background-repeat":"repeat","background-position":"center center","background-size":"auto","background-attachment":"scroll","background-type":"","background-media":"","overlay-type":"","overlay-color":"","overlay-opacity":"","overlay-gradient":""},"mobile":{"background-color":"","background-image":"","background-repeat":"repeat","background-position":"center center","background-size":"auto","background-attachment":"scroll","background-type":"","background-media":"","overlay-type":"","overlay-color":"","overlay-opacity":"","overlay-gradient":""}},"ast-content-background-meta":{"desktop":{"background-color":"var(--ast-global-color-5)","background-image":"","background-repeat":"repeat","background-position":"center center","background-size":"auto","background-attachment":"scroll","background-type":"","background-media":"","overlay-type":"","overlay-color":"","overlay-opacity":"","overlay-gradient":""},"tablet":{"background-color":"var(--ast-global-color-5)","background-image":"","background-repeat":"repeat","background-position":"center center","background-size":"auto","background-attachment":"scroll","background-type":"","background-media":"","overlay-type":"","overlay-color":"","overlay-opacity":"","overlay-gradient":""},"mobile":{"background-color":"var(--ast-global-color-5)","background-image":"","background-repeat":"repeat","background-position":"center center","background-size":"auto","background-attachment":"scroll","background-type":"","background-media":"","overlay-type":"","overlay-color":"","overlay-opacity":"","overlay-gradient":""}},"footnotes":""},"class_list":["post-8260","page","type-page","status-publish","hentry"],"post_mailing_queue_ids":[],"_links":{"self":[{"href":"https:\/\/agora-eoi.xtec.cat\/eoigirona\/wp-json\/wp\/v2\/pages\/8260","targetHints":{"allow":["GET"]}}],"collection":[{"href":"https:\/\/agora-eoi.xtec.cat\/eoigirona\/wp-json\/wp\/v2\/pages"}],"about":[{"href":"https:\/\/agora-eoi.xtec.cat\/eoigirona\/wp-json\/wp\/v2\/types\/page"}],"author":[{"embeddable":true,"href":"https:\/\/agora-eoi.xtec.cat\/eoigirona\/wp-json\/wp\/v2\/users\/1"}],"replies":[{"embeddable":true,"href":"https:\/\/agora-eoi.xtec.cat\/eoigirona\/wp-json\/wp\/v2\/comments?post=8260"}],"version-history":[{"count":6,"href":"https:\/\/agora-eoi.xtec.cat\/eoigirona\/wp-json\/wp\/v2\/pages\/8260\/revisions"}],"predecessor-version":[{"id":17940,"href":"https:\/\/agora-eoi.xtec.cat\/eoigirona\/wp-json\/wp\/v2\/pages\/8260\/revisions\/17940"}],"up":[{"embeddable":true,"href":"https:\/\/agora-eoi.xtec.cat\/eoigirona\/wp-json\/wp\/v2\/pages\/8197"}],"wp:attachment":[{"href":"https:\/\/agora-eoi.xtec.cat\/eoigirona\/wp-json\/wp\/v2\/media?parent=8260"}],"curies":[{"name":"wp","href":"https:\/\/api.w.org\/{rel}","templated":true}]}}