{"id":8168,"date":"2016-06-08T17:05:08","date_gmt":"2016-06-08T16:05:08","guid":{"rendered":"https:\/\/agora-eoi.xtec.cat\/eoigirona\/?page_id=8168"},"modified":"2025-10-27T17:41:56","modified_gmt":"2025-10-27T16:41:56","slug":"pia-professorat","status":"publish","type":"page","link":"https:\/\/agora-eoi.xtec.cat\/eoigirona\/matricula\/pia-professorat\/","title":{"rendered":"Programa PIA+ Formaci\u00f3 del professorat"},"content":{"rendered":"\n<figure class=\"wp-block-image\"><img decoding=\"async\" src=\"https:\/\/agora-eoi.xtec.cat\/eoigirona\/wp-content\/uploads\/usu2632\/2025\/10\/PROGRAMA-PIA-PER-A-PROFESSORAT-10-ag-300-x-200-px-1.svg\" alt=\"\" class=\"wp-image-18433\"\/><\/figure>\n\n\n\n<p>NOTA: LES QUALIFICACIONS ES PUBLIQUEN OFICIALMENT A FINALS DE JUNY<strong>.<\/strong>&nbsp; EL TERMINI DE PRESENTACI\u00d3 DE SOL.LICITUDS DE CADA CURS S\u2019INFORMA A FINALS DE JUNY A LES NOT\u00cdCIES DE LA P\u00c0GINA INICIAL DEL WEB DE L\u2019EOI GIRONA. NO S\u2019ENVIA MAIL INFORMATIU, L\u2019ALUMNE \u00c9S EL RESPONSABLE DE FER LA SOL.LICITUD EN EL TERMINI INDICAT.&nbsp;<\/p>\n\n\n\n<p>El programa PIA+ \u00e9s una acci\u00f3 per a la millora de la compet\u00e8ncia comunicativa del professorat no universitari de centres educatius finan\u00e7ats amb fons p\u00fablics.<\/p>\n\n\n\n<p><a href=\"https:\/\/xtec.gencat.cat\/ca\/formacio\/formaciogeneralprofessorat\/llengues\/programa-pia\/\" target=\"_blank\" rel=\"noreferrer noopener\">Informaci\u00f3 del programa PIA+<\/a>&nbsp;Si us plau, llegiu-la detingudament.<\/p>\n\n\n\n<p><strong>Tots els docents&nbsp;<\/strong>acollits al programa PIA+ i que obtenen la qualificaci\u00f3 d\u2019apte o certificat d\u2019actualitzaci\u00f3 (matr\u00edcula d\u2019actualitzaci\u00f3) poden sol.licitar el retorn de taxes.&nbsp;<strong><a href=\"https:\/\/educacio.gencat.cat\/ca\/tramits\/tramits-temes\/devolucio-matricula-pia\" target=\"_blank\" rel=\"noreferrer noopener\">Tr\u00e0mit exclusivament en l\u00ednia.<\/a><\/strong>&nbsp;El tr\u00e0mit s\u2019ha de fer utilitzant el correu corporatiu&nbsp;<strong>@<a href=\"http:\/\/xtec.cat\/\">xtec.cat&nbsp;<\/a><\/strong>(a excepci\u00f3 dels auxiliars de conversa).<\/p>\n\n\n\n<p><\/p>\n","protected":false},"excerpt":{"rendered":"<p>NOTA: LES QUALIFICACIONS ES PUBLIQUEN OFICIALMENT A FINALS DE JUNY.&nbsp; EL TERMINI DE PRESENTACI\u00d3 DE SOL.LICITUDS DE CADA CURS S\u2019INFORMA A FINALS DE JUNY A LES NOT\u00cdCIES DE LA P\u00c0GINA INICIAL DEL WEB DE L\u2019EOI GIRONA. NO S\u2019ENVIA MAIL INFORMATIU, L\u2019ALUMNE \u00c9S EL RESPONSABLE DE FER LA SOL.LICITUD EN EL TERMINI INDICAT.&nbsp; El programa PIA+ [&hellip;]<\/p>\n","protected":false},"author":1,"featured_media":0,"parent":9820,"menu_order":3,"comment_status":"closed","ping_status":"closed","template":"","meta":{"_bbp_topic_count":0,"_bbp_reply_count":0,"_bbp_total_topic_count":0,"_bbp_total_reply_count":0,"_bbp_voice_count":0,"_bbp_anonymous_reply_count":0,"_bbp_topic_count_hidden":0,"_bbp_reply_count_hidden":0,"_bbp_forum_subforum_count":0,"site-sidebar-layout":"default","site-content-layout":"","ast-site-content-layout":"default","site-content-style":"default","site-sidebar-style":"default","ast-global-header-display":"","ast-banner-title-visibility":"","ast-main-header-display":"","ast-hfb-above-header-display":"","ast-hfb-below-header-display":"","ast-hfb-mobile-header-display":"","site-post-title":"","ast-breadcrumbs-content":"","ast-featured-img":"","footer-sml-layout":"","theme-transparent-header-meta":"default","adv-header-id-meta":"","stick-header-meta":"","header-above-stick-meta":"","header-main-stick-meta":"","header-below-stick-meta":"","astra-migrate-meta-layouts":"set","ast-page-background-enabled":"default","ast-page-background-meta":{"desktop":{"background-color":"var(--ast-global-color-4)","background-image":"","background-repeat":"repeat","background-position":"center center","background-size":"auto","background-attachment":"scroll","background-type":"","background-media":"","overlay-type":"","overlay-color":"","overlay-opacity":"","overlay-gradient":""},"tablet":{"background-color":"","background-image":"","background-repeat":"repeat","background-position":"center center","background-size":"auto","background-attachment":"scroll","background-type":"","background-media":"","overlay-type":"","overlay-color":"","overlay-opacity":"","overlay-gradient":""},"mobile":{"background-color":"","background-image":"","background-repeat":"repeat","background-position":"center center","background-size":"auto","background-attachment":"scroll","background-type":"","background-media":"","overlay-type":"","overlay-color":"","overlay-opacity":"","overlay-gradient":""}},"ast-content-background-meta":{"desktop":{"background-color":"var(--ast-global-color-5)","background-image":"","background-repeat":"repeat","background-position":"center center","background-size":"auto","background-attachment":"scroll","background-type":"","background-media":"","overlay-type":"","overlay-color":"","overlay-opacity":"","overlay-gradient":""},"tablet":{"background-color":"var(--ast-global-color-5)","background-image":"","background-repeat":"repeat","background-position":"center center","background-size":"auto","background-attachment":"scroll","background-type":"","background-media":"","overlay-type":"","overlay-color":"","overlay-opacity":"","overlay-gradient":""},"mobile":{"background-color":"var(--ast-global-color-5)","background-image":"","background-repeat":"repeat","background-position":"center center","background-size":"auto","background-attachment":"scroll","background-type":"","background-media":"","overlay-type":"","overlay-color":"","overlay-opacity":"","overlay-gradient":""}},"footnotes":""},"class_list":["post-8168","page","type-page","status-publish","hentry"],"post_mailing_queue_ids":[],"_links":{"self":[{"href":"https:\/\/agora-eoi.xtec.cat\/eoigirona\/wp-json\/wp\/v2\/pages\/8168","targetHints":{"allow":["GET"]}}],"collection":[{"href":"https:\/\/agora-eoi.xtec.cat\/eoigirona\/wp-json\/wp\/v2\/pages"}],"about":[{"href":"https:\/\/agora-eoi.xtec.cat\/eoigirona\/wp-json\/wp\/v2\/types\/page"}],"author":[{"embeddable":true,"href":"https:\/\/agora-eoi.xtec.cat\/eoigirona\/wp-json\/wp\/v2\/users\/1"}],"replies":[{"embeddable":true,"href":"https:\/\/agora-eoi.xtec.cat\/eoigirona\/wp-json\/wp\/v2\/comments?post=8168"}],"version-history":[{"count":6,"href":"https:\/\/agora-eoi.xtec.cat\/eoigirona\/wp-json\/wp\/v2\/pages\/8168\/revisions"}],"predecessor-version":[{"id":18509,"href":"https:\/\/agora-eoi.xtec.cat\/eoigirona\/wp-json\/wp\/v2\/pages\/8168\/revisions\/18509"}],"up":[{"embeddable":true,"href":"https:\/\/agora-eoi.xtec.cat\/eoigirona\/wp-json\/wp\/v2\/pages\/9820"}],"wp:attachment":[{"href":"https:\/\/agora-eoi.xtec.cat\/eoigirona\/wp-json\/wp\/v2\/media?parent=8168"}],"curies":[{"name":"wp","href":"https:\/\/api.w.org\/{rel}","templated":true}]}}