{"id":8153,"date":"2016-06-08T16:43:37","date_gmt":"2016-06-08T15:43:37","guid":{"rendered":"https:\/\/agora-eoi.xtec.cat\/eoigirona\/?page_id=8153"},"modified":"2026-02-27T13:13:29","modified_gmt":"2026-02-27T12:13:29","slug":"cursos-intensius-destiu","status":"publish","type":"page","link":"https:\/\/agora-eoi.xtec.cat\/eoigirona\/cursos\/cursos-intensius-destiu\/","title":{"rendered":"Cursos especials d&#8217;estiu"},"content":{"rendered":"<p><span style=\"font-size: 18pt;\"><strong>*L&#8217;EOI Girona no oferir\u00e0 cursos d&#8217;estiu al juliol 2026.\u00a0<\/strong><\/span><\/p>\n<p>Les escoles oficials d&#8217;idiomes ofereixen, independentment dels programes regulars, cursos especials amb la finalitat d&#8217;aprofundir en la cultura vinculada a un idioma o treballar un aspecte espec\u00edfic de la llengua.<\/p>\n<p>Els\u00a0<b>cursos d&#8217;estiu<\/b> s\u00f3n cursos especials que s&#8217;ofereixen segons demanda, necessitats espec\u00edfiques de l\u2019alumnat i disponibilitat d\u2019espais durant el mes de juliol i que tenen una durada d&#8217;entre 30 i 80 hores.<\/p>\n<p>Com en el cas dels cursos especials, hi ha dos tipus de\u00a0<b>cursos d&#8217;estiu<\/b>:<\/p>\n<p><b>Cursos monogr\u00e0fics<\/b>: Cursos d&#8217;especialitzaci\u00f3, sobre llenguatge d&#8217;especialitat o centrats en aspectes socioculturals vinculats a l&#8217;idioma com poden ser el cinema, la civilitzaci\u00f3, la literatura\u2026<\/p>\n<p><b>Cursos de llengua instrumental<\/b>: Cursos que tenen com a objectiu el coneixement general de la llengua, el treball espec\u00edfic d&#8217;alguna destresa, el manteniment o perfeccionament d&#8217;un idioma\u2026<\/p>\n<p>Per accedir als ensenyaments d\u2019idiomes de r\u00e8gim especial \u00e9s requisit tenir setze anys complerts en l\u2019any natural en qu\u00e8 es comencin els estudis. Tamb\u00e9 poden accedir-hi les persones majors de catorze anys per seguir els ensenyaments d\u2019un idioma diferent del que cursen en l\u2019educaci\u00f3 secund\u00e0ria obligat\u00f2ria com a primera llengua estrangera.<\/p>\n<p><strong>Trobareu tota la informaci\u00f3 detallada sobre els cursos\u00a0 en el desplegable de l\u2019esquerra<\/strong>\u00a0(a sota de tot si ho consulteu amb el m\u00f2bil).<\/p>\n","protected":false},"excerpt":{"rendered":"<p>*L&#8217;EOI Girona no oferir\u00e0 cursos d&#8217;estiu al juliol 2026.\u00a0 Les escoles oficials d&#8217;idiomes ofereixen, independentment dels programes regulars, cursos especials amb la finalitat d&#8217;aprofundir en la cultura vinculada a un idioma o treballar un aspecte espec\u00edfic de la llengua. Els\u00a0cursos d&#8217;estiu s\u00f3n cursos especials que s&#8217;ofereixen segons demanda, necessitats espec\u00edfiques de l\u2019alumnat i disponibilitat d\u2019espais [&hellip;]<\/p>\n","protected":false},"author":1,"featured_media":0,"parent":8149,"menu_order":3,"comment_status":"closed","ping_status":"closed","template":"","meta":{"_bbp_topic_count":0,"_bbp_reply_count":0,"_bbp_total_topic_count":0,"_bbp_total_reply_count":0,"_bbp_voice_count":0,"_bbp_anonymous_reply_count":0,"_bbp_topic_count_hidden":0,"_bbp_reply_count_hidden":0,"_bbp_forum_subforum_count":0,"site-sidebar-layout":"default","site-content-layout":"","ast-site-content-layout":"default","site-content-style":"default","site-sidebar-style":"default","ast-global-header-display":"","ast-banner-title-visibility":"","ast-main-header-display":"","ast-hfb-above-header-display":"","ast-hfb-below-header-display":"","ast-hfb-mobile-header-display":"","site-post-title":"","ast-breadcrumbs-content":"","ast-featured-img":"","footer-sml-layout":"","theme-transparent-header-meta":"","adv-header-id-meta":"","stick-header-meta":"","header-above-stick-meta":"","header-main-stick-meta":"","header-below-stick-meta":"","astra-migrate-meta-layouts":"set","ast-page-background-enabled":"default","ast-page-background-meta":{"desktop":{"background-color":"var(--ast-global-color-4)","background-image":"","background-repeat":"repeat","background-position":"center center","background-size":"auto","background-attachment":"scroll","background-type":"","background-media":"","overlay-type":"","overlay-color":"","overlay-opacity":"","overlay-gradient":""},"tablet":{"background-color":"","background-image":"","background-repeat":"repeat","background-position":"center center","background-size":"auto","background-attachment":"scroll","background-type":"","background-media":"","overlay-type":"","overlay-color":"","overlay-opacity":"","overlay-gradient":""},"mobile":{"background-color":"","background-image":"","background-repeat":"repeat","background-position":"center center","background-size":"auto","background-attachment":"scroll","background-type":"","background-media":"","overlay-type":"","overlay-color":"","overlay-opacity":"","overlay-gradient":""}},"ast-content-background-meta":{"desktop":{"background-color":"var(--ast-global-color-5)","background-image":"","background-repeat":"repeat","background-position":"center center","background-size":"auto","background-attachment":"scroll","background-type":"","background-media":"","overlay-type":"","overlay-color":"","overlay-opacity":"","overlay-gradient":""},"tablet":{"background-color":"var(--ast-global-color-5)","background-image":"","background-repeat":"repeat","background-position":"center center","background-size":"auto","background-attachment":"scroll","background-type":"","background-media":"","overlay-type":"","overlay-color":"","overlay-opacity":"","overlay-gradient":""},"mobile":{"background-color":"var(--ast-global-color-5)","background-image":"","background-repeat":"repeat","background-position":"center center","background-size":"auto","background-attachment":"scroll","background-type":"","background-media":"","overlay-type":"","overlay-color":"","overlay-opacity":"","overlay-gradient":""}},"footnotes":""},"class_list":["post-8153","page","type-page","status-publish","hentry"],"post_mailing_queue_ids":[],"_links":{"self":[{"href":"https:\/\/agora-eoi.xtec.cat\/eoigirona\/wp-json\/wp\/v2\/pages\/8153","targetHints":{"allow":["GET"]}}],"collection":[{"href":"https:\/\/agora-eoi.xtec.cat\/eoigirona\/wp-json\/wp\/v2\/pages"}],"about":[{"href":"https:\/\/agora-eoi.xtec.cat\/eoigirona\/wp-json\/wp\/v2\/types\/page"}],"author":[{"embeddable":true,"href":"https:\/\/agora-eoi.xtec.cat\/eoigirona\/wp-json\/wp\/v2\/users\/1"}],"replies":[{"embeddable":true,"href":"https:\/\/agora-eoi.xtec.cat\/eoigirona\/wp-json\/wp\/v2\/comments?post=8153"}],"version-history":[{"count":6,"href":"https:\/\/agora-eoi.xtec.cat\/eoigirona\/wp-json\/wp\/v2\/pages\/8153\/revisions"}],"predecessor-version":[{"id":19191,"href":"https:\/\/agora-eoi.xtec.cat\/eoigirona\/wp-json\/wp\/v2\/pages\/8153\/revisions\/19191"}],"up":[{"embeddable":true,"href":"https:\/\/agora-eoi.xtec.cat\/eoigirona\/wp-json\/wp\/v2\/pages\/8149"}],"wp:attachment":[{"href":"https:\/\/agora-eoi.xtec.cat\/eoigirona\/wp-json\/wp\/v2\/media?parent=8153"}],"curies":[{"name":"wp","href":"https:\/\/api.w.org\/{rel}","templated":true}]}}

<p><span style="font-size: 18pt;"><strong>*L&#8217;EOI Girona no oferirà cursos d&#8217;estiu al juliol 2026. </strong></span></p>
<p>Les escoles oficials d&#8217;idiomes ofereixen, independentment dels programes regulars, cursos especials amb la finalitat d&#8217;aprofundir en la cultura vinculada a un idioma o treballar un aspecte específic de la llengua.</p>
<p>Els <b>cursos d&#8217;estiu</b> són cursos especials que s&#8217;ofereixen segons demanda, necessitats específiques de l’alumnat i disponibilitat d’espais durant el mes de juliol i que tenen una durada d&#8217;entre 30 i 80 hores.</p>
<p>Com en el cas dels cursos especials, hi ha dos tipus de <b>cursos d&#8217;estiu</b>:</p>
<p><b>Cursos monogràfics</b>: Cursos d&#8217;especialització, sobre llenguatge d&#8217;especialitat o centrats en aspectes socioculturals vinculats a l&#8217;idioma com poden ser el cinema, la civilització, la literatura…</p>
<p><b>Cursos de llengua instrumental</b>: Cursos que tenen com a objectiu el coneixement general de la llengua, el treball específic d&#8217;alguna destresa, el manteniment o perfeccionament d&#8217;un idioma…</p>
<p>Per accedir als ensenyaments d’idiomes de règim especial és requisit tenir setze anys complerts en l’any natural en què es comencin els estudis. També poden accedir-hi les persones majors de catorze anys per seguir els ensenyaments d’un idioma diferent del que cursen en l’educació secundària obligatòria com a primera llengua estrangera.</p>
<p><strong>Trobareu tota la informació detallada sobre els cursos  en el desplegable de l’esquerra</strong> (a sota de tot si ho consulteu amb el mòbil).</p>

<p>*L&#8217;EOI Girona no oferirà cursos d&#8217;estiu al juliol 2026.  Les escoles oficials d&#8217;idiomes ofereixen, independentment dels programes regulars, cursos especials amb la finalitat d&#8217;aprofundir en la cultura vinculada a un idioma o treballar un aspecte específic de la llengua. Els cursos d&#8217;estiu són cursos especials que s&#8217;ofereixen segons demanda, necessitats específiques de l’alumnat i disponibilitat d’espais [&hellip;]</p>
