{"id":10154,"date":"2022-02-24T18:28:19","date_gmt":"2022-02-24T17:28:19","guid":{"rendered":"https:\/\/agora-eoi.xtec.cat\/eoigirona\/?page_id=10154"},"modified":"2026-04-07T20:26:54","modified_gmt":"2026-04-07T18:26:54","slug":"treballar-en-una-eoi","status":"publish","type":"page","link":"https:\/\/agora-eoi.xtec.cat\/eoigirona\/treballar-en-una-eoi\/","title":{"rendered":"Treballar en una EOI"},"content":{"rendered":"<p><strong>Vols treballar com a docent en una escola oficial d&#8217;idiomes?<\/strong><\/p>\n<p>Les EOI s\u00f3n centres p\u00fablics d\u2019ensenyament d\u2019idiomes que depenen del Departament d\u2019Educaci\u00f3. N\u2019hi ha 45 a tota Catalunya.<\/p>\n<p>Per treballar-hi, els professors han d\u2019incorporar-se a la <a href=\"https:\/\/educacio.gencat.cat\/ca\/serveis-tramits\/borsa-docents\/\">Borsa de treball de personal docent<\/a>. All\u00e0 trobareu quins s\u00f3n els requisits, terminis, com funciona, etc.<\/p>\n<p>En aquest\u00a0<a href=\"https:\/\/aplicacions.gestioeducativa.gencat.cat\/pls\/apex\/f?p=2011914:28\" target=\"_blank\" rel=\"noopener\">enlla\u00e7<\/a>\u00a0hi trobar\u00e0s les <strong>titulacions<\/strong> que permeten impartir els ensenyaments d\u2019idiomes a les ESCOLES OFICIALS D\u2019IDIOMES DE CATALUNYA.<\/p>\n<p>Per ocupar llocs de treball en escoles oficials d&#8217;idiomes, les persones interessades han de superar una <strong>prova de capacitaci\u00f3<\/strong> que certifiqui la seva idone\u00eftat. Trobar\u00e0s tota la informaci\u00f3\u00a0<a href=\"https:\/\/educacio.gencat.cat\/ca\/serveis-tramits\/treballa-amb-nosaltres\/borses-treball\/personal-interi-docent\/borsa-curs\/proves-capacitacio-especialitat\/escoles-oficials-didiomes\/\" target=\"_blank\" rel=\"noopener\">aqu\u00ed<\/a>.\u00a0El nivell de qualsevol professor de l\u2019EOI ha de ser el C2 (no cal acreditar-ho, es comprova amb l\u2019entrevista de la prova de capacitaci\u00f3).<\/p>\n<p>Per a m\u00e9s informaci\u00f3, adre\u00e7a&#8217;t al servei de personal docent del Servei Territorial de Girona:<\/p>\n<p>docentsec_gir.educacio@gencat.cat<\/p>\n<p>Treballar en una EOI \u00e9s una gran oportunitat!<\/p>\n","protected":false},"excerpt":{"rendered":"<p>Vols treballar com a docent en una escola oficial d&#8217;idiomes? Les EOI s\u00f3n centres p\u00fablics d\u2019ensenyament d\u2019idiomes que depenen del Departament d\u2019Educaci\u00f3. N\u2019hi ha 45 a tota Catalunya. Per treballar-hi, els professors han d\u2019incorporar-se a la Borsa de treball de personal docent. All\u00e0 trobareu quins s\u00f3n els requisits, terminis, com funciona, etc. En aquest\u00a0enlla\u00e7\u00a0hi trobar\u00e0s [&hellip;]<\/p>\n","protected":false},"author":1,"featured_media":0,"parent":0,"menu_order":0,"comment_status":"closed","ping_status":"closed","template":"","meta":{"_bbp_topic_count":0,"_bbp_reply_count":0,"_bbp_total_topic_count":0,"_bbp_total_reply_count":0,"_bbp_voice_count":0,"_bbp_anonymous_reply_count":0,"_bbp_topic_count_hidden":0,"_bbp_reply_count_hidden":0,"_bbp_forum_subforum_count":0,"site-sidebar-layout":"default","site-content-layout":"","ast-site-content-layout":"default","site-content-style":"default","site-sidebar-style":"default","ast-global-header-display":"","ast-banner-title-visibility":"","ast-main-header-display":"","ast-hfb-above-header-display":"","ast-hfb-below-header-display":"","ast-hfb-mobile-header-display":"","site-post-title":"","ast-breadcrumbs-content":"","ast-featured-img":"","footer-sml-layout":"","theme-transparent-header-meta":"","adv-header-id-meta":"","stick-header-meta":"","header-above-stick-meta":"","header-main-stick-meta":"","header-below-stick-meta":"","astra-migrate-meta-layouts":"set","ast-page-background-enabled":"default","ast-page-background-meta":{"desktop":{"background-color":"var(--ast-global-color-4)","background-image":"","background-repeat":"repeat","background-position":"center center","background-size":"auto","background-attachment":"scroll","background-type":"","background-media":"","overlay-type":"","overlay-color":"","overlay-opacity":"","overlay-gradient":""},"tablet":{"background-color":"","background-image":"","background-repeat":"repeat","background-position":"center center","background-size":"auto","background-attachment":"scroll","background-type":"","background-media":"","overlay-type":"","overlay-color":"","overlay-opacity":"","overlay-gradient":""},"mobile":{"background-color":"","background-image":"","background-repeat":"repeat","background-position":"center center","background-size":"auto","background-attachment":"scroll","background-type":"","background-media":"","overlay-type":"","overlay-color":"","overlay-opacity":"","overlay-gradient":""}},"ast-content-background-meta":{"desktop":{"background-color":"var(--ast-global-color-5)","background-image":"","background-repeat":"repeat","background-position":"center center","background-size":"auto","background-attachment":"scroll","background-type":"","background-media":"","overlay-type":"","overlay-color":"","overlay-opacity":"","overlay-gradient":""},"tablet":{"background-color":"var(--ast-global-color-5)","background-image":"","background-repeat":"repeat","background-position":"center center","background-size":"auto","background-attachment":"scroll","background-type":"","background-media":"","overlay-type":"","overlay-color":"","overlay-opacity":"","overlay-gradient":""},"mobile":{"background-color":"var(--ast-global-color-5)","background-image":"","background-repeat":"repeat","background-position":"center center","background-size":"auto","background-attachment":"scroll","background-type":"","background-media":"","overlay-type":"","overlay-color":"","overlay-opacity":"","overlay-gradient":""}},"footnotes":""},"class_list":["post-10154","page","type-page","status-publish","hentry"],"post_mailing_queue_ids":[],"_links":{"self":[{"href":"https:\/\/agora-eoi.xtec.cat\/eoigirona\/wp-json\/wp\/v2\/pages\/10154","targetHints":{"allow":["GET"]}}],"collection":[{"href":"https:\/\/agora-eoi.xtec.cat\/eoigirona\/wp-json\/wp\/v2\/pages"}],"about":[{"href":"https:\/\/agora-eoi.xtec.cat\/eoigirona\/wp-json\/wp\/v2\/types\/page"}],"author":[{"embeddable":true,"href":"https:\/\/agora-eoi.xtec.cat\/eoigirona\/wp-json\/wp\/v2\/users\/1"}],"replies":[{"embeddable":true,"href":"https:\/\/agora-eoi.xtec.cat\/eoigirona\/wp-json\/wp\/v2\/comments?post=10154"}],"version-history":[{"count":4,"href":"https:\/\/agora-eoi.xtec.cat\/eoigirona\/wp-json\/wp\/v2\/pages\/10154\/revisions"}],"predecessor-version":[{"id":18607,"href":"https:\/\/agora-eoi.xtec.cat\/eoigirona\/wp-json\/wp\/v2\/pages\/10154\/revisions\/18607"}],"wp:attachment":[{"href":"https:\/\/agora-eoi.xtec.cat\/eoigirona\/wp-json\/wp\/v2\/media?parent=10154"}],"curies":[{"name":"wp","href":"https:\/\/api.w.org\/{rel}","templated":true}]}}