{"id":8414,"date":"2016-06-14T14:55:48","date_gmt":"2016-06-14T13:55:48","guid":{"rendered":"http:\/\/agora-eoi.xtec.cat\/eoigarraf\/?page_id=8414"},"modified":"2025-07-15T11:17:57","modified_gmt":"2025-07-15T09:17:57","slug":"biblioteca","status":"publish","type":"page","link":"https:\/\/agora-eoi.xtec.cat\/eoigarraf\/serveis\/biblioteca\/","title":{"rendered":"Biblioteca"},"content":{"rendered":"<p><strong>Horari d&#8217;obertura<\/strong>: de 16.00 a 19.15h de dilluns a dijous.<\/p>\n<p><strong>Horari de pr\u00e9stec i retorn de llibres<\/strong>:<\/p>\n<p>De 16.30 a 17.00h i de 18.45 a 19.15h, de dilluns a dijous.<\/p>\n<hr \/>\n<p>Per poder accedir al servei de pr\u00e9stec cal estar en possessi\u00f3 del carnet escolar. Us el podeu descarregar des d&#8217;aquest <a href=\"https:\/\/agora-eoi.xtec.cat\/eoigarraf\/serveis\/carnet-destudiant\/\" target=\"_blank\" rel=\"noopener\">enlla\u00e7<\/a>.<\/p>\n<p>&nbsp;<\/p>\n<p>Per accedir al cat\u00e0leg de la biblioteca de l&#8217;EOI Garraf, feu clic sobre el logo:<\/p>\n<p style=\"text-align: justify;\"><a href=\"https:\/\/aplicacions.gestioeducativa.gencat.cat\/epergam\/web\/biblioteca.jsp\" target=\"_blank\" rel=\"noopener\"><img loading=\"lazy\" decoding=\"async\" class=\"aligncenter wp-image-9500 size-full\" src=\"https:\/\/agora-eoi.xtec.cat\/eoigarraf\/wp-content\/uploads\/usu2250\/2020\/11\/epergam_203x75.png\" alt=\"\" width=\"200\" height=\"75\" \/><\/a><\/p>\n<p>L\u2019eP\u00e8rgam \u00e9s l\u2019aplicaci\u00f3 del Departament d\u2019Educaci\u00f3 per a la gesti\u00f3 de les biblioteques dels centres educatius de Catalunya. \u00c9s una aplicaci\u00f3 que permet la consulta en l\u00ednia del cat\u00e0legs de la biblioteca del centre. El servei de pr\u00e9stec nom\u00e9s funciona de manera presencial.<\/p>\n","protected":false},"excerpt":{"rendered":"<p>Horari d&#8217;obertura: de 16.00 a 19.15h de dilluns a dijous.<br \/>\nHorari de pr\u00e9stec i retorn de llibres:<br \/>\nDe 16.30 a 17.00h i de 18.45 a 19.15h, de dilluns a dijous.<\/p>\n<p>Per poder accedir al servei de pr\u00e9stec cal estar en possessi\u00f3 del carnet escolar. Us el podeu descarregar&hellip;  <a href=\"https:\/\/agora-eoi.xtec.cat\/eoigarraf\/serveis\/biblioteca\/\" title=\"Read Biblioteca\">Llegeix m\u00e9s\u00bb<\/a><\/p>\n","protected":false},"author":1,"featured_media":0,"parent":8411,"menu_order":30,"comment_status":"closed","ping_status":"closed","template":"page-templates\/side-menu.php","meta":{"_bbp_topic_count":0,"_bbp_reply_count":0,"_bbp_total_topic_count":0,"_bbp_total_reply_count":0,"_bbp_voice_count":0,"_bbp_anonymous_reply_count":0,"_bbp_topic_count_hidden":0,"_bbp_reply_count_hidden":0,"_bbp_forum_subforum_count":0,"footnotes":""},"class_list":["post-8414","page","type-page","status-publish","hentry"],"post_mailing_queue_ids":[],"_links":{"self":[{"href":"https:\/\/agora-eoi.xtec.cat\/eoigarraf\/wp-json\/wp\/v2\/pages\/8414","targetHints":{"allow":["GET"]}}],"collection":[{"href":"https:\/\/agora-eoi.xtec.cat\/eoigarraf\/wp-json\/wp\/v2\/pages"}],"about":[{"href":"https:\/\/agora-eoi.xtec.cat\/eoigarraf\/wp-json\/wp\/v2\/types\/page"}],"author":[{"embeddable":true,"href":"https:\/\/agora-eoi.xtec.cat\/eoigarraf\/wp-json\/wp\/v2\/users\/1"}],"replies":[{"embeddable":true,"href":"https:\/\/agora-eoi.xtec.cat\/eoigarraf\/wp-json\/wp\/v2\/comments?post=8414"}],"version-history":[{"count":5,"href":"https:\/\/agora-eoi.xtec.cat\/eoigarraf\/wp-json\/wp\/v2\/pages\/8414\/revisions"}],"predecessor-version":[{"id":12080,"href":"https:\/\/agora-eoi.xtec.cat\/eoigarraf\/wp-json\/wp\/v2\/pages\/8414\/revisions\/12080"}],"up":[{"embeddable":true,"href":"https:\/\/agora-eoi.xtec.cat\/eoigarraf\/wp-json\/wp\/v2\/pages\/8411"}],"wp:attachment":[{"href":"https:\/\/agora-eoi.xtec.cat\/eoigarraf\/wp-json\/wp\/v2\/media?parent=8414"}],"curies":[{"name":"wp","href":"https:\/\/api.w.org\/{rel}","templated":true}]}}

<p><strong>Horari d&#8217;obertura</strong>: de 16.00 a 19.15h de dilluns a dijous.</p>
<p><strong>Horari de préstec i retorn de llibres</strong>:</p>
<p>De 16.30 a 17.00h i de 18.45 a 19.15h, de dilluns a dijous.</p>
<hr />
<p>Per poder accedir al servei de préstec cal estar en possessió del carnet escolar. Us el podeu descarregar des d&#8217;aquest <a href="https://agora-eoi.xtec.cat/eoigarraf/serveis/carnet-destudiant/" target="_blank" rel="noopener">enllaç</a>.</p>
<p>&nbsp;</p>
<p>Per accedir al catàleg de la biblioteca de l&#8217;EOI Garraf, feu clic sobre el logo:</p>
<p style="text-align: justify;"><a href="https://aplicacions.gestioeducativa.gencat.cat/epergam/web/biblioteca.jsp" target="_blank" rel="noopener"><img loading="lazy" decoding="async" class="aligncenter wp-image-9500 size-full" src="https://agora-eoi.xtec.cat/eoigarraf/wp-content/uploads/usu2250/2020/11/epergam_203x75.png" alt="" width="200" height="75" /></a></p>
<p>L’ePèrgam és l’aplicació del Departament d’Educació per a la gestió de les biblioteques dels centres educatius de Catalunya. És una aplicació que permet la consulta en línia del catàlegs de la biblioteca del centre. El servei de préstec només funciona de manera presencial.</p>

<p>Horari d&#8217;obertura: de 16.00 a 19.15h de dilluns a dijous.<br />
Horari de préstec i retorn de llibres:<br />
De 16.30 a 17.00h i de 18.45 a 19.15h, de dilluns a dijous.</p>
<p>Per poder accedir al servei de préstec cal estar en possessió del carnet escolar. Us el podeu descarregar&hellip;  <a href="https://agora-eoi.xtec.cat/eoigarraf/serveis/biblioteca/" title="Read Biblioteca">Llegeix més»</a></p>
