{"id":8166,"date":"2016-06-08T17:01:17","date_gmt":"2016-06-08T16:01:17","guid":{"rendered":"http:\/\/agora-eoi.xtec.cat\/eoigarraf\/?page_id=8166"},"modified":"2026-02-18T12:25:49","modified_gmt":"2026-02-18T11:25:49","slug":"alumnes-nous","status":"publish","type":"page","link":"https:\/\/agora-eoi.xtec.cat\/eoigarraf\/secretaria\/matricula\/alumnes-nous\/","title":{"rendered":"Nou alumnat"},"content":{"rendered":"<p>Per accedir als ensenyaments d&#8217;idiomes de les Escoles Oficials \u00e9s requisit imprescindible haver fet 16 anys abans del 31 de desembre de l\u2019any que es comencen els estudis.Tamb\u00e9 hi poden accedir els m\u00e9s grans de 14 anys per seguir els ensenyaments d\u2019un idioma diferent del cursat com a primera llengua en l\u2019educaci\u00f3 secund\u00e0ria (<em>Resoluci\u00f3 EDU\/904\/2007, DOGC 4853 de 30\/03\/07<\/em>). En aquest cas cal acreditar aquesta informaci\u00f3 amb un certificat del centre on es fa l\u2019ESO.<\/p>\n<p>La <strong>preinscripci\u00f3<\/strong> per als curs 2025\/2026 de les Escoles Oficial d\u2019Idiomes es far\u00e0 per via <strong>telem\u00e0tica<\/strong> durant els primers dies de setembre de 2026, en dates encara per determinar. Podreu accedir a l&#8217;aplicatiu de preinscripci\u00f3 des d&#8217;aquest <a href=\"https:\/\/www.eoidigital.com\/eoicat\/alumnes\/index.php\" target=\"_blank\" rel=\"noopener noreferrer\">enlla\u00e7.<\/a><\/p>\n<p>A partir del mes de juliol tindreu tota la <strong>informaci\u00f3<\/strong> sobre el proc\u00e9s de preinscripci\u00f3 i matr\u00edcula a les Escoles Oficials d&#8217;Idiomes en aquest <a href=\"https:\/\/preinscripcio.gencat.cat\/ca\/estudis\/idiomes-eoi\/inici\/\" target=\"_blank\" rel=\"noopener noreferrer\">enlla\u00e7<\/a>.<\/p>\n<hr \/>\n<h6><strong>Taxes i preus de matr\u00edcula<\/strong><\/h6>\n<p>Podeu trobar la informaci\u00f3 sobre les taxes i preus p\u00fablics de matricula, aix\u00ed com les bonificacions i exempcions generals que s&#8217;hi apliquen, en aquests enlla\u00e7os:<\/p>\n<ul>\n<li><a href=\"http:\/\/educacio.gencat.cat\/ca\/departament\/normativa\/taxes-preus-publics\/taxes\/\" target=\"_blank\" rel=\"noopener noreferrer\">Taxes de matr\u00edcula<\/a>. (Nivells B1, B2.1 i B2.2)<\/li>\n<li><a href=\"http:\/\/educacio.gencat.cat\/ca\/departament\/normativa\/taxes-preus-publics\/preu-public\/\" target=\"_blank\" rel=\"noopener noreferrer\">Preus p\u00fablics de matr\u00edcula<\/a> (Nivells A1, A2 i C1)<\/li>\n<\/ul>\n<p>Cal afegir un preu p\u00fablic de <strong>30\u20ac<\/strong>, en concepte de serveis d\u2019acc\u00e9s a la plataforma i materials did\u00e0ctics dels ensenyaments d\u2019idiomes. La matr\u00edcula no es considera finalitzada fins a l\u2019abonament d\u2019aquests dos conceptes.<\/p>\n<p>&nbsp;<\/p>\n","protected":false},"excerpt":{"rendered":"<p>Per accedir als ensenyaments d&#8217;idiomes de les Escoles Oficials \u00e9s requisit imprescindible haver fet 16 anys abans del 31 de desembre de l\u2019any que es comencen els estudis.Tamb\u00e9 hi poden accedir els m\u00e9s grans de 14 anys per seguir els ensenyaments d\u2019un idioma diferent del&hellip;  <a href=\"https:\/\/agora-eoi.xtec.cat\/eoigarraf\/secretaria\/matricula\/alumnes-nous\/\" title=\"Read Nou alumnat\">Llegeix m\u00e9s\u00bb<\/a><\/p>\n","protected":false},"author":1,"featured_media":0,"parent":8161,"menu_order":20,"comment_status":"closed","ping_status":"closed","template":"page-templates\/side-menu.php","meta":{"_bbp_topic_count":0,"_bbp_reply_count":0,"_bbp_total_topic_count":0,"_bbp_total_reply_count":0,"_bbp_voice_count":0,"_bbp_anonymous_reply_count":0,"_bbp_topic_count_hidden":0,"_bbp_reply_count_hidden":0,"_bbp_forum_subforum_count":0,"footnotes":""},"class_list":["post-8166","page","type-page","status-publish","hentry"],"post_mailing_queue_ids":[],"_links":{"self":[{"href":"https:\/\/agora-eoi.xtec.cat\/eoigarraf\/wp-json\/wp\/v2\/pages\/8166","targetHints":{"allow":["GET"]}}],"collection":[{"href":"https:\/\/agora-eoi.xtec.cat\/eoigarraf\/wp-json\/wp\/v2\/pages"}],"about":[{"href":"https:\/\/agora-eoi.xtec.cat\/eoigarraf\/wp-json\/wp\/v2\/types\/page"}],"author":[{"embeddable":true,"href":"https:\/\/agora-eoi.xtec.cat\/eoigarraf\/wp-json\/wp\/v2\/users\/1"}],"replies":[{"embeddable":true,"href":"https:\/\/agora-eoi.xtec.cat\/eoigarraf\/wp-json\/wp\/v2\/comments?post=8166"}],"version-history":[{"count":6,"href":"https:\/\/agora-eoi.xtec.cat\/eoigarraf\/wp-json\/wp\/v2\/pages\/8166\/revisions"}],"predecessor-version":[{"id":12223,"href":"https:\/\/agora-eoi.xtec.cat\/eoigarraf\/wp-json\/wp\/v2\/pages\/8166\/revisions\/12223"}],"up":[{"embeddable":true,"href":"https:\/\/agora-eoi.xtec.cat\/eoigarraf\/wp-json\/wp\/v2\/pages\/8161"}],"wp:attachment":[{"href":"https:\/\/agora-eoi.xtec.cat\/eoigarraf\/wp-json\/wp\/v2\/media?parent=8166"}],"curies":[{"name":"wp","href":"https:\/\/api.w.org\/{rel}","templated":true}]}}