{"id":11080,"date":"2023-05-15T08:24:49","date_gmt":"2023-05-15T06:24:49","guid":{"rendered":"https:\/\/agora-eoi.xtec.cat\/eoigarraf\/?page_id=11080"},"modified":"2023-07-19T09:13:41","modified_gmt":"2023-07-19T07:13:41","slug":"acolliment-digital-professorat-alumnat-i-pas","status":"publish","type":"page","link":"https:\/\/agora-eoi.xtec.cat\/eoigarraf\/estrategia-digital-de-centre-edc\/cultura-digital\/acolliment-digital-professorat-alumnat-i-pas\/","title":{"rendered":"Acolliment digital professorat, alumnat i PAS"},"content":{"rendered":"<h3><strong>Acolliment digital de professorat de nova incorporaci\u00f3.<\/strong><\/h3>\n<p>Se li facilita per part de la direcci\u00f3 del centre, en cas que no en disposi, del correu electr\u00f2nic corporatiu del Departament d&#8217;Educaci\u00f3.<\/p>\n<p>Se li facilita per part de secretaria o direcci\u00f3 la paraula de pas per a la WiFi de l&#8217;escola.<\/p>\n<p>Se li facilitar\u00e0 per part de la coordinadora TIC d&#8217;un ordinador port\u00e0til i es facilitar\u00e0 la instal\u00b7laci\u00f3 dels llibres digitals i programari que consideri necess\u00e0ria per a la seva activitat docent.<\/p>\n<p>L&#8217;activitat al Moodle del centre forma part de l&#8217;acompanyament a l&#8217;alumant contemplada en el PAT del centre. La coordinadora de Moodle del centre far\u00e0 el seg\u00fcent acompanyament al nou professorat:<\/p>\n<p>-Crear\u00e0 les seves aules Moodle (en cas d&#8217;incorporacions a principi de curs) o b\u00e9 es donar\u00e0 acc\u00e9s a l&#8217;aula Moodle ja creada.<\/p>\n<p>-Generar\u00e0 els codis d&#8217;acc\u00e9s (en cas d&#8217;incorporacions a principi de curs) o b\u00e9 es facilitaran els codis ja creats.<\/p>\n<p>-Facilitar\u00e0 la informaci\u00f3 per tal que l&#8217;alumnat es pugui inscriure.<\/p>\n<p>-En cas que sigui necessari se li facilitar\u00e0 un manual d&#8217;\u00fas del Moodle per poder iniciar la seva activitat.<\/p>\n<p>-Oferir\u00e0 un assessorament continuat pel que fa a la creaci\u00f3 de materials al Moodle.<\/p>\n<p>&nbsp;<\/p>\n<h3><strong>Acolliment digital de l&#8217;alumnat.<\/strong><\/h3>\n<p>Al moment de formalitzar la matr\u00edcula, des de l&#8217;aplicatiu de matr\u00edcula es demanen unes dades personals, entre les quals un correu electr\u00f2nic i un tel\u00e8fon. Aquestes dades serveixen per a la comunicaci\u00f3 amb l&#8217;alumnat i, en el cas dels menors, amb els progenitors o tutors legals i estan protegides per la normativa de protecci\u00f3 de dades personals recollida en les Normes d&#8217;Organitzaci\u00f3 i Funcionament del centre.<\/p>\n<p>En comen\u00e7ar el curs l&#8217;alumnat rebr\u00e0 la contrasenya d&#8217;acc\u00e9s a la xarxa sense fils del centre, aix\u00ed com les indicacions per tal de donar-se d&#8217;alta del seu grup de classe al Moodle.<\/p>\n<p>La plataforma Moodle servir\u00e0, durant tot el curs, de mitj\u00e0 de comunicaci\u00f3 amb el professorat, d&#8217;acompanyament de l&#8217;aprenentatge de l&#8217;alumnat i de plataforma per a la realitzaci\u00f3 de tasques de producci\u00f3 escrita i oral.<\/p>\n<p>El professorat assessorar\u00e0 l&#8217;alumnat per tal de fer un \u00fas profit\u00f3s de la plataforma Moodle.<\/p>\n<p>&nbsp;<\/p>\n<h3><strong>\u00a0Acolliment digital del PAS.<\/strong><\/h3>\n<p>Se li facilita per part de la direcci\u00f3 del centre, en cas que no en disposi, del correu electr\u00f2nic corporatiu del Departament d&#8217;Educaci\u00f3.<\/p>\n<p>Se li facilita per part de secretaria o direcci\u00f3 la paraula de pas per a la xarxa sense fils de l&#8217;escola.<\/p>\n<p>Se li facilitar\u00e0, en cas que sigui necessari, assessorament pel que fa a l&#8217;\u00fas de programari propi de la gesti\u00f3 administrativa del centre.<\/p>\n<p>Se li facilitar\u00e0, en cas que sigui necessari per desenvolupar la seva tasca, un ordinador port\u00e0til<\/p>\n<p>6.3 Acolliment digital PAS.<\/p>\n<p>Se li facilita per part de la direcci\u00f3 del centre, en cas que no en disposi, del correu electr\u00f2nic corporatiu del Departament d&#8217;Educaci\u00f3.<\/p>\n<p>Se li facilita per part de secretaria o direcci\u00f3 la paraula de pas per a la WiFi de l&#8217;escola.<\/p>\n<p>Se li facilitar\u00e0, en cas que sigui necessari, assessorament pel que fa a l&#8217;\u00fas de programari propi de la gesti\u00f3 administrativa del centre.<\/p>\n<p>Se li facilitar\u00e0, en cas que sigui necessari per desenvolupar la seva tasca, un ordinador port\u00e0til.<\/p>\n<p>&nbsp;<\/p>\n","protected":false},"excerpt":{"rendered":"<p>Acolliment digital de professorat de nova incorporaci\u00f3.<br \/>\nSe li facilita per part de la direcci\u00f3 del centre, en cas que no en disposi, del correu electr\u00f2nic corporatiu del Departament d&#8217;Educaci\u00f3.<br \/>\nSe li facilita per part de secretaria o direcci\u00f3 la paraula de pas per a la WiFi&hellip;  <a href=\"https:\/\/agora-eoi.xtec.cat\/eoigarraf\/estrategia-digital-de-centre-edc\/cultura-digital\/acolliment-digital-professorat-alumnat-i-pas\/\" title=\"Read Acolliment digital professorat, alumnat i PAS\">Llegeix m\u00e9s\u00bb<\/a><\/p>\n","protected":false},"author":1,"featured_media":0,"parent":11053,"menu_order":6,"comment_status":"closed","ping_status":"closed","template":"page-templates\/side-menu.php","meta":{"_bbp_topic_count":0,"_bbp_reply_count":0,"_bbp_total_topic_count":0,"_bbp_total_reply_count":0,"_bbp_voice_count":0,"_bbp_anonymous_reply_count":0,"_bbp_topic_count_hidden":0,"_bbp_reply_count_hidden":0,"_bbp_forum_subforum_count":0,"footnotes":""},"class_list":["post-11080","page","type-page","status-publish","hentry"],"post_mailing_queue_ids":[],"_links":{"self":[{"href":"https:\/\/agora-eoi.xtec.cat\/eoigarraf\/wp-json\/wp\/v2\/pages\/11080","targetHints":{"allow":["GET"]}}],"collection":[{"href":"https:\/\/agora-eoi.xtec.cat\/eoigarraf\/wp-json\/wp\/v2\/pages"}],"about":[{"href":"https:\/\/agora-eoi.xtec.cat\/eoigarraf\/wp-json\/wp\/v2\/types\/page"}],"author":[{"embeddable":true,"href":"https:\/\/agora-eoi.xtec.cat\/eoigarraf\/wp-json\/wp\/v2\/users\/1"}],"replies":[{"embeddable":true,"href":"https:\/\/agora-eoi.xtec.cat\/eoigarraf\/wp-json\/wp\/v2\/comments?post=11080"}],"version-history":[{"count":3,"href":"https:\/\/agora-eoi.xtec.cat\/eoigarraf\/wp-json\/wp\/v2\/pages\/11080\/revisions"}],"predecessor-version":[{"id":11463,"href":"https:\/\/agora-eoi.xtec.cat\/eoigarraf\/wp-json\/wp\/v2\/pages\/11080\/revisions\/11463"}],"up":[{"embeddable":true,"href":"https:\/\/agora-eoi.xtec.cat\/eoigarraf\/wp-json\/wp\/v2\/pages\/11053"}],"wp:attachment":[{"href":"https:\/\/agora-eoi.xtec.cat\/eoigarraf\/wp-json\/wp\/v2\/media?parent=11080"}],"curies":[{"name":"wp","href":"https:\/\/api.w.org\/{rel}","templated":true}]}}

<h3><strong>Acolliment digital de professorat de nova incorporació.</strong></h3>
<p>Se li facilita per part de la direcció del centre, en cas que no en disposi, del correu electrònic corporatiu del Departament d&#8217;Educació.</p>
<p>Se li facilita per part de secretaria o direcció la paraula de pas per a la WiFi de l&#8217;escola.</p>
<p>Se li facilitarà per part de la coordinadora TIC d&#8217;un ordinador portàtil i es facilitarà la instal·lació dels llibres digitals i programari que consideri necessària per a la seva activitat docent.</p>
<p>L&#8217;activitat al Moodle del centre forma part de l&#8217;acompanyament a l&#8217;alumant contemplada en el PAT del centre. La coordinadora de Moodle del centre farà el següent acompanyament al nou professorat:</p>
<p>-Crearà les seves aules Moodle (en cas d&#8217;incorporacions a principi de curs) o bé es donarà accés a l&#8217;aula Moodle ja creada.</p>
<p>-Generarà els codis d&#8217;accés (en cas d&#8217;incorporacions a principi de curs) o bé es facilitaran els codis ja creats.</p>
<p>-Facilitarà la informació per tal que l&#8217;alumnat es pugui inscriure.</p>
<p>-En cas que sigui necessari se li facilitarà un manual d&#8217;ús del Moodle per poder iniciar la seva activitat.</p>
<p>-Oferirà un assessorament continuat pel que fa a la creació de materials al Moodle.</p>
<p>&nbsp;</p>
<h3><strong>Acolliment digital de l&#8217;alumnat.</strong></h3>
<p>Al moment de formalitzar la matrícula, des de l&#8217;aplicatiu de matrícula es demanen unes dades personals, entre les quals un correu electrònic i un telèfon. Aquestes dades serveixen per a la comunicació amb l&#8217;alumnat i, en el cas dels menors, amb els progenitors o tutors legals i estan protegides per la normativa de protecció de dades personals recollida en les Normes d&#8217;Organització i Funcionament del centre.</p>
<p>En començar el curs l&#8217;alumnat rebrà la contrasenya d&#8217;accés a la xarxa sense fils del centre, així com les indicacions per tal de donar-se d&#8217;alta del seu grup de classe al Moodle.</p>
<p>La plataforma Moodle servirà, durant tot el curs, de mitjà de comunicació amb el professorat, d&#8217;acompanyament de l&#8217;aprenentatge de l&#8217;alumnat i de plataforma per a la realització de tasques de producció escrita i oral.</p>
<p>El professorat assessorarà l&#8217;alumnat per tal de fer un ús profitós de la plataforma Moodle.</p>
<p>&nbsp;</p>
<h3><strong> Acolliment digital del PAS.</strong></h3>
<p>Se li facilita per part de la direcció del centre, en cas que no en disposi, del correu electrònic corporatiu del Departament d&#8217;Educació.</p>
<p>Se li facilita per part de secretaria o direcció la paraula de pas per a la xarxa sense fils de l&#8217;escola.</p>
<p>Se li facilitarà, en cas que sigui necessari, assessorament pel que fa a l&#8217;ús de programari propi de la gestió administrativa del centre.</p>
<p>Se li facilitarà, en cas que sigui necessari per desenvolupar la seva tasca, un ordinador portàtil</p>
<p>6.3 Acolliment digital PAS.</p>
<p>Se li facilita per part de la direcció del centre, en cas que no en disposi, del correu electrònic corporatiu del Departament d&#8217;Educació.</p>
<p>Se li facilita per part de secretaria o direcció la paraula de pas per a la WiFi de l&#8217;escola.</p>
<p>Se li facilitarà, en cas que sigui necessari, assessorament pel que fa a l&#8217;ús de programari propi de la gestió administrativa del centre.</p>
<p>Se li facilitarà, en cas que sigui necessari per desenvolupar la seva tasca, un ordinador portàtil.</p>
<p>&nbsp;</p>

<p>Acolliment digital de professorat de nova incorporació.<br />
Se li facilita per part de la direcció del centre, en cas que no en disposi, del correu electrònic corporatiu del Departament d&#8217;Educació.<br />
Se li facilita per part de secretaria o direcció la paraula de pas per a la WiFi&hellip;  <a href="https://agora-eoi.xtec.cat/eoigarraf/estrategia-digital-de-centre-edc/cultura-digital/acolliment-digital-professorat-alumnat-i-pas/" title="Read Acolliment digital professorat, alumnat i PAS">Llegeix més»</a></p>
