{"id":11070,"date":"2023-05-15T08:14:04","date_gmt":"2023-05-15T06:14:04","guid":{"rendered":"https:\/\/agora-eoi.xtec.cat\/eoigarraf\/?page_id=11070"},"modified":"2023-05-15T11:12:07","modified_gmt":"2023-05-15T09:12:07","slug":"comissio-destrategia-digital","status":"publish","type":"page","link":"https:\/\/agora-eoi.xtec.cat\/eoigarraf\/estrategia-digital-de-centre-edc\/cultura-digital\/comissio-destrategia-digital\/","title":{"rendered":"Comissi\u00f3 d&#8217;estrat\u00e8gia digital"},"content":{"rendered":"<p>La comissi\u00f3 d\u2019estrat\u00e8gia digital est\u00e0 formada pel director, el secretari, i la coordinadora digital. Aquesta comissi\u00f3 t\u00e9 l&#8217;objectiu de desenvolupar l\u2019Estrat\u00e8gia Digital de Centre, fer-ne el seguiment i liderar la transformaci\u00f3 digital del centre.<\/p>\n","protected":false},"excerpt":{"rendered":"<p>La comissi\u00f3 d\u2019estrat\u00e8gia digital est\u00e0 formada pel director, el secretari, i la coordinadora digital. Aquesta comissi\u00f3 t\u00e9 l&#8217;objectiu de desenvolupar l\u2019Estrat\u00e8gia Digital de Centre, fer-ne el seguiment i liderar la transformaci\u00f3 digital del centre.<\/p>\n","protected":false},"author":1,"featured_media":0,"parent":11053,"menu_order":2,"comment_status":"closed","ping_status":"closed","template":"page-templates\/side-menu.php","meta":{"_bbp_topic_count":0,"_bbp_reply_count":0,"_bbp_total_topic_count":0,"_bbp_total_reply_count":0,"_bbp_voice_count":0,"_bbp_anonymous_reply_count":0,"_bbp_topic_count_hidden":0,"_bbp_reply_count_hidden":0,"_bbp_forum_subforum_count":0,"footnotes":""},"class_list":["post-11070","page","type-page","status-publish","hentry"],"post_mailing_queue_ids":[],"_links":{"self":[{"href":"https:\/\/agora-eoi.xtec.cat\/eoigarraf\/wp-json\/wp\/v2\/pages\/11070","targetHints":{"allow":["GET"]}}],"collection":[{"href":"https:\/\/agora-eoi.xtec.cat\/eoigarraf\/wp-json\/wp\/v2\/pages"}],"about":[{"href":"https:\/\/agora-eoi.xtec.cat\/eoigarraf\/wp-json\/wp\/v2\/types\/page"}],"author":[{"embeddable":true,"href":"https:\/\/agora-eoi.xtec.cat\/eoigarraf\/wp-json\/wp\/v2\/users\/1"}],"replies":[{"embeddable":true,"href":"https:\/\/agora-eoi.xtec.cat\/eoigarraf\/wp-json\/wp\/v2\/comments?post=11070"}],"version-history":[{"count":3,"href":"https:\/\/agora-eoi.xtec.cat\/eoigarraf\/wp-json\/wp\/v2\/pages\/11070\/revisions"}],"predecessor-version":[{"id":11115,"href":"https:\/\/agora-eoi.xtec.cat\/eoigarraf\/wp-json\/wp\/v2\/pages\/11070\/revisions\/11115"}],"up":[{"embeddable":true,"href":"https:\/\/agora-eoi.xtec.cat\/eoigarraf\/wp-json\/wp\/v2\/pages\/11053"}],"wp:attachment":[{"href":"https:\/\/agora-eoi.xtec.cat\/eoigarraf\/wp-json\/wp\/v2\/media?parent=11070"}],"curies":[{"name":"wp","href":"https:\/\/api.w.org\/{rel}","templated":true}]}}