{"id":11051,"date":"2023-05-03T09:26:14","date_gmt":"2023-05-03T07:26:14","guid":{"rendered":"https:\/\/agora-eoi.xtec.cat\/eoigarraf\/?page_id=11051"},"modified":"2023-05-08T09:33:20","modified_gmt":"2023-05-08T07:33:20","slug":"part-estrategica","status":"publish","type":"page","link":"https:\/\/agora-eoi.xtec.cat\/eoigarraf\/estrategia-digital-de-centre-edc\/part-estrategica\/","title":{"rendered":"Part estrat\u00e8gica"},"content":{"rendered":"<p>Seguint les indicacions del document on es defineix l\u2019EDC, s\u2019ha estructurat aquesta part en 4 fases que es presenten a continuaci\u00f3. Per poder consultar-les seleccioneu la fase que voleu veure:<\/p>\n<h3>Diagnosi<\/h3>\n<p>Per fer la diagnosi, la comissi\u00f3 digital del centre ha utilitzat l\u2019eina SELFIE. Es tracta d\u2019una eina desenvolupada per la Comissi\u00f3 Europea mitjan\u00e7ant la qual hem obtingut dades que permeten extreure conclusions per a fer una diagnosi de l\u2019estat actual i tamb\u00e9 per a plantejar-nos objectius a assolir dins l\u2019\u00e0mbit digital.<\/p>\n<p>Aquesta diagnosi es va realitzar en el per\u00edode del<b> 7 novembre de 2022 a 27 de novembre de 2022<\/b> i van participar el 100% de l\u2019equip directiu i del professorat i el 15% de l\u2019alumnat.<\/p>\n<p>Reunida la comissi\u00f3 d\u2019estrat\u00e8gia digital de centre va obtenir els seg\u00fcents resultats fruits de la reflexi\u00f3 emprant les eines anteriorment citades.<\/p>\n<table>\n<tbody>\n<tr>\n<td style=\"text-align: center; background-color: #087eb6;\"><span style=\"color: #ffffff;\"><strong>Punts forts<\/strong><\/span><\/td>\n<td style=\"text-align: center; background-color: #087eb6;\"><span style=\"color: #ffffff;\"><strong>Oportunitats de millora<\/strong><\/span><\/td>\n<\/tr>\n<tr>\n<td>\n<ul>\n<li aria-level=\"1\">Noves formes d\u2019ensenyament amb tecnologies digitals<\/li>\n<li aria-level=\"1\">Foment del debat sobre l&#8217;\u00fas de la tecnologia<\/li>\n<li aria-level=\"1\">Infraestructura digital adient, equips i acc\u00e9s a Internet<\/li>\n<li aria-level=\"1\">Formaci\u00f3 cont\u00ednua del professorat<\/li>\n<li aria-level=\"1\">Professorat competent digitalment<\/li>\n<li aria-level=\"1\">\u00das d&#8217;entorns digitals d&#8217;aprenentatge<\/li>\n<li aria-level=\"1\">Adaptaci\u00f3 a les necessitats de l&#8217;alumnat<\/li>\n<\/ul>\n<\/td>\n<td>\n<ul>\n<li aria-level=\"1\">Tecnologies assistencials<\/li>\n<li aria-level=\"1\">Creaci\u00f3 de continguts digitals<\/li>\n<li aria-level=\"1\">Debat sobre l&#8217;\u00fas de la tecnologia<\/li>\n<li aria-level=\"1\">Intercanvi d&#8217;experi\u00e8ncies<\/li>\n<\/ul>\n<\/td>\n<\/tr>\n<\/tbody>\n<\/table>\n<p>&nbsp;<\/p>\n<h3>Objectius<\/h3>\n<p>Mitjan\u00e7ant la diagnosi de l\u2019eina SELFIE hem detectat oportunitats de millora que esdevindran els seg\u00fcents objectius:<\/p>\n<ul>\n<li aria-level=\"1\"><b>Millorar el debat sobre l\u2019\u00fas de les tecnologies per establir l\u00ednies de centre.<\/b><\/li>\n<\/ul>\n<p>Tot i entendre que les possibles actuacions formen part de la llibertat de c\u00e0tedra del professorat creiem que cal millorar el debat al claustre i a l\u2019aula per tal de millorar l\u2019\u00fas de les tecnologies al centre.<\/p>\n<ul>\n<li aria-level=\"1\"><b>Incrementar l&#8217;\u00fas per part de l\u2019alumnat de l\u2019Entorn Virtual d\u2019Aprenentatge de centre (Moodle).<\/b><\/li>\n<\/ul>\n<p>El Moodle forma part de les actuacions del Pla tutorial de centre.<\/p>\n<ul>\n<li aria-level=\"1\"><b>Implementar tecnologies que afavoreixen l\u2019equitat.<\/b><\/li>\n<\/ul>\n<p>Per millorar la inclusi\u00f3 digital de tot l\u2019alumnat. Detectar necessitats i implementar programari \u00fatil per alumnat amb necessitats especials.<\/p>\n<ul>\n<li aria-level=\"1\"><b>Fomentar l\u2019intercanvi sobre l\u2019ensenyament amb tecnologies digitals.<\/b><\/li>\n<\/ul>\n<p>Afavorint les sinergies per a la millora continua en el si de la comunitat docent<\/p>\n<ul>\n<li aria-level=\"1\"><b>Capacitar l\u2019alumnat per la creaci\u00f3 de continguts, l\u2019\u00fas d\u2019aplicacions i el lliurament d\u2019activitats amb eines digitals.<\/b><\/li>\n<\/ul>\n<p>Promovent creacions de continguts digitals amb diferents eines i suports tecnol\u00f2gics.<\/p>\n<p>&nbsp;<\/p>\n<h3>Planificaci\u00f3 i seguiment<\/h3>\n<table>\n<tbody>\n<tr style=\"background-color: #087eb6;\">\n<td style=\"text-align: center;\" colspan=\"2\" rowspan=\"2\"><span style=\"color: #ffffff;\"><b>Objectius de l&#8217;EDC<\/b><\/span><\/td>\n<td style=\"text-align: center;\" colspan=\"3\"><span style=\"color: #ffffff;\">Curs 1 22-23<\/span><\/td>\n<td style=\"text-align: center;\" colspan=\"3\"><span style=\"color: #ffffff;\">Curs 23-24<\/span><\/td>\n<td style=\"text-align: center;\" colspan=\"3\"><span style=\"color: #ffffff;\">Curs\u00a0 24 &#8211; 25<\/span><\/td>\n<td style=\"text-align: center;\" colspan=\"3\"><span style=\"color: #ffffff;\">Curs 4 25 &#8211; 26<\/span><\/td>\n<\/tr>\n<tr style=\"background-color: #087eb6;\">\n<td style=\"text-align: center;\"><span style=\"color: #ffffff;\">1T<\/span><\/td>\n<td style=\"text-align: center;\"><span style=\"color: #ffffff;\">2T<\/span><\/td>\n<td style=\"text-align: center;\"><span style=\"color: #ffffff;\">3T<\/span><\/td>\n<td style=\"text-align: center;\"><span style=\"color: #ffffff;\">1T<\/span><\/td>\n<td style=\"text-align: center;\"><span style=\"color: #ffffff;\">2T<\/span><\/td>\n<td style=\"text-align: center;\"><span style=\"color: #ffffff;\">3T<\/span><\/td>\n<td style=\"text-align: center;\"><span style=\"color: #ffffff;\">1T<\/span><\/td>\n<td style=\"text-align: center;\"><span style=\"color: #ffffff;\">2T<\/span><\/td>\n<td style=\"text-align: center;\"><span style=\"color: #ffffff;\">3T<\/span><\/td>\n<td style=\"text-align: center;\"><span style=\"color: #ffffff;\">1T<\/span><\/td>\n<td style=\"text-align: center;\"><span style=\"color: #ffffff;\">2T<\/span><\/td>\n<td style=\"text-align: center;\"><span style=\"color: #ffffff;\">3T<\/span><\/td>\n<\/tr>\n<tr>\n<td>1<\/td>\n<td>Millorar el debat dintre del sector professorat sobre l\u2019\u00fas de les tecnologies per establir l\u00ednies de centre.<\/td>\n<td><\/td>\n<td><\/td>\n<td><\/td>\n<td style=\"background-color: #0eb1ff;\"><\/td>\n<td style=\"background-color: #0eb1ff;\"><\/td>\n<td style=\"background-color: #0eb1ff;\"><\/td>\n<td style=\"background-color: #0eb1ff;\"><\/td>\n<td style=\"background-color: #0eb1ff;\"><\/td>\n<td style=\"background-color: #0eb1ff;\"><\/td>\n<td><\/td>\n<td><\/td>\n<td><\/td>\n<\/tr>\n<tr>\n<td>2<\/td>\n<td>Incrementar l&#8217;\u00fas per part de l\u2019alumnat de l\u2019EVA de centre.<\/td>\n<td><\/td>\n<td><\/td>\n<td><\/td>\n<td style=\"background-color: #0eb1ff;\"><\/td>\n<td style=\"background-color: #0eb1ff;\"><\/td>\n<td style=\"background-color: #0eb1ff;\"><\/td>\n<td style=\"background-color: #0eb1ff;\"><\/td>\n<td style=\"background-color: #0eb1ff;\"><\/td>\n<td style=\"background-color: #0eb1ff;\"><\/td>\n<td style=\"background-color: #0eb1ff;\"><\/td>\n<td style=\"background-color: #0eb1ff;\"><\/td>\n<td style=\"background-color: #0eb1ff;\"><\/td>\n<\/tr>\n<tr>\n<td>3<\/td>\n<td>Implementar tecnologies que afavoreixen l\u2019equitat.<\/td>\n<td><\/td>\n<td><\/td>\n<td><\/td>\n<td style=\"background-color: #0eb1ff;\"><\/td>\n<td style=\"background-color: #0eb1ff;\"><\/td>\n<td style=\"background-color: #0eb1ff;\"><\/td>\n<td style=\"background-color: #0eb1ff;\"><\/td>\n<td style=\"background-color: #0eb1ff;\"><\/td>\n<td style=\"background-color: #0eb1ff;\"><\/td>\n<td style=\"background-color: #0eb1ff;\"><\/td>\n<td style=\"background-color: #0eb1ff;\"><\/td>\n<td style=\"background-color: #0eb1ff;\"><\/td>\n<\/tr>\n<tr>\n<td>4<\/td>\n<td>Fomentar l\u2019intercanvi d\u2019experi\u00e8ncies concretes del sector professorat sobre l\u2019ensenyament amb tecnologies digitals.<\/td>\n<td><\/td>\n<td><\/td>\n<td><\/td>\n<td><\/td>\n<td><\/td>\n<td style=\"background-color: #0eb1ff;\"><\/td>\n<td style=\"background-color: #0eb1ff;\"><\/td>\n<td style=\"background-color: #0eb1ff;\"><\/td>\n<td style=\"background-color: #0eb1ff;\"><\/td>\n<td style=\"background-color: #0eb1ff;\"><\/td>\n<td style=\"background-color: #0eb1ff;\"><\/td>\n<td style=\"background-color: #0eb1ff;\"><\/td>\n<\/tr>\n<tr>\n<td>5<\/td>\n<td>Capacitar l\u2019alumnat pel lliurament d\u2019activitats amb eines digitals.<\/td>\n<td><\/td>\n<td><\/td>\n<td><\/td>\n<td style=\"background-color: #0eb1ff;\"><\/td>\n<td style=\"background-color: #0eb1ff;\"><\/td>\n<td style=\"background-color: #0eb1ff;\"><\/td>\n<td style=\"background-color: #0eb1ff;\"><\/td>\n<td style=\"background-color: #0eb1ff;\"><\/td>\n<td style=\"background-color: #0eb1ff;\"><\/td>\n<td style=\"background-color: #0eb1ff;\"><\/td>\n<td><\/td>\n<td><\/td>\n<\/tr>\n<\/tbody>\n<\/table>\n<p>A partir de la diagnosi, el projecte educatiu de centre i els objectius formulats s\u2019ha fet una planificaci\u00f3. Es portaran a terme les seg\u00fcents activitats\u00a0 relacionades amb els objectius marcats i repartides en diferents \u00e0mbits:<\/p>\n<ol>\n<li aria-level=\"1\">Inclusi\u00f3 del debat sobre l\u2019\u00fas de tecnologies en l\u2019ordre del dia dels claustres i recollida a l\u2019acta de les principals conclusions dels debats.<\/li>\n<li aria-level=\"1\">Sessi\u00f3 inicial d\u2019informaci\u00f3 a l\u2019alumnat sobre l\u2019Entorn Virtual d\u2019Aprenentatge de centre (Moodle) i la forma d\u2019accedir-hi. Seguiment i debat trimestral dins l\u2019aula sobre el seu \u00fas.<\/li>\n<li aria-level=\"1\">Informaci\u00f3 al professorat, durant els dos primers trimestres de cada curs, sobre c\u00e0psules formatives relacionades amb l&#8217;Entorn Virtual d\u2019Aprenentatge de centre.<\/li>\n<li aria-level=\"1\">Identificar a l&#8217;inici de curs aquell alumnat amb necessitats educatives especials.<\/li>\n<li aria-level=\"1\">Oferir recursos a l&#8217;alumnat (durant les hores lectives i a les avaluacions) adaptats a les necessitats especials detectades.<\/li>\n<li aria-level=\"1\">Realitzaci\u00f3, cada curs, d\u2019una jornada d\u2019intercanvi d\u2019experi\u00e8ncies relacionades amb l\u2019\u00fas de les tecnologies entre el professorat.<\/li>\n<li aria-level=\"1\">Durant el primer trimestre de cada curs el professorat far\u00e0 presentacions i demostracions d&#8217;\u00fas de les eines digitals que es fan servir a l\u2019aula.<\/li>\n<\/ol>\n<h3><\/h3>\n<h3>Avaluaci\u00f3 i millora.<\/h3>\n<p>L\u2019avaluaci\u00f3 entesa com un proc\u00e9s de millora continua, porta impl\u00edcit ser un projecte viu que es va modificant en funci\u00f3 de la realitat i els resultats que vagin esdevenint. Aix\u00f2 no obstant, trobem tres moments diferenciats:<\/p>\n<ul>\n<li aria-level=\"1\"><b>Avaluaci\u00f3 continuada:<\/b> es realitza mitjan\u00e7ant el seguiment i revisi\u00f3 de les diferents activitats planificades per determinar el seu grau d\u2019acompliment a partir dels seus corresponents criteris. Aquesta la realitza persona responsable, que s\u2019indica en cada fitxa de les activitats, en el moment de la finalitzaci\u00f3 d\u2019aquesta.<\/li>\n<li aria-level=\"1\"><b>Avaluaci\u00f3 anual:<\/b> a l\u2019inici de curs els objectius temporitzats per aquell per\u00edode s\u2019incorporaran la Programaci\u00f3 General Anual de Centre (PGAC). En finalitzar el per\u00edode escolar, l\u2019equip directiu mitjan\u00e7ant la Mem\u00f2ria Anual far\u00e0 el seguiment i recull de les evid\u00e8ncies de l\u2019assoliment dels objectius. Aquesta tasca es troba liderada per la comissi\u00f3 digital, que aprofitar\u00e0 per revisar els objectius establerts per al present i vinent curs, tot \u00a0 determinant la modificaci\u00f3, si fos necessari.<\/li>\n<li aria-level=\"1\"><b>Avaluaci\u00f3 final:<\/b> quan l\u2019EDC est\u00e0 arribant al final de la seva planificaci\u00f3, que s\u2019ha temporitzat a un termini de diversos cursos, es recullen totes les avaluacions anuals per tal\u00a0 de prendre una decisi\u00f3 en el si de l\u2019equip directiu. Actualitzar-la, per tant, plantejar-se una nova diagnosi i iniciar un nou pla o modificar l\u2019existent amb les dades que es disposen.<\/li>\n<\/ul>\n<p>&nbsp;<\/p>\n<table>\n<thead>\n<tr style=\"background-color: #087eb6;\">\n<th style=\"text-align: center;\" colspan=\"2\" rowspan=\"2\"><span style=\"color: #ffffff;\"><b>Objectius de l&#8217;EDC<\/b><\/span><\/th>\n<th style=\"text-align: center;\" rowspan=\"2\"><span style=\"color: #ffffff;\"><b>Indicador<\/b><\/span><\/th>\n<th style=\"text-align: center;\" rowspan=\"2\"><span style=\"color: #ffffff;\"><b>Criteri<\/b><\/span><\/th>\n<\/tr>\n<\/thead>\n<tbody>\n<tr style=\"background-color: #0eb1ff;\">\n<td>1<\/td>\n<td><b>Millorar el debat dintre del sector professorat sobre l\u2019\u00fas de les tecnologies per establir l\u00ednies de centre.<\/b><\/td>\n<td><b>Nombre de debats al claustre.<\/b><\/td>\n<td><b>1<\/b><\/td>\n<\/tr>\n<tr>\n<td>1.1<\/td>\n<td>Inclusi\u00f3 del debat sobre l\u2019\u00fas de tecnologies en l\u2019ordre del dia dels claustres<\/td>\n<td>S\u2019ha incl\u00f2s un punt per debatre.<\/td>\n<td>Fet<\/td>\n<\/tr>\n<tr>\n<td>1.2<\/td>\n<td>Recollida en les actes del claustre les principals conclusions del debat sobre aquest \u00fas<\/td>\n<td>S\u2019han recollit les conclusions a l\u2019acta.<\/td>\n<td>Fet<\/td>\n<\/tr>\n<tr style=\"background-color: #0eb1ff;\">\n<td>2<\/td>\n<td><b>Incrementar l&#8217;\u00fas per part de l\u2019alumnat de l\u2019EVA de centre.<\/b><\/td>\n<td><b>Augment del nombre d&#8217;alumnat que es connecta a l&#8217;EVA de centre respecte al curs anterior.<\/b><\/td>\n<td><b>Fet<\/b><\/td>\n<\/tr>\n<tr>\n<td>2.1<\/td>\n<td>Sessi\u00f3 inicial d\u2019informaci\u00f3 sobre l\u2019EVA de centre i la forma d\u2019acc\u00e9s.<\/td>\n<td>Sessions d\u2019informaci\u00f3 realitzades<\/td>\n<td>1<\/td>\n<\/tr>\n<tr>\n<td>2.2<\/td>\n<td>Seguiment i debat trimestral a l\u2019aula sobre l\u2019\u00fas de l\u2019EVA.<\/td>\n<td>Valoraci\u00f3 positiva en l\u2019enquesta de l\u2019alumnat<\/td>\n<td>50%<\/td>\n<\/tr>\n<tr>\n<td>2.3<\/td>\n<td>Informaci\u00f3 sobre c\u00e0psules formatives relacionades amb l&#8217;EVA de centre<\/td>\n<td>Nombre de comunicacions realitzades<\/td>\n<td>2<\/td>\n<\/tr>\n<tr style=\"background-color: #0eb1ff;\">\n<td>3<\/td>\n<td><b>Implementar tecnologies que afavoreixen l\u2019equitat.<\/b><\/td>\n<td><b>% de casos detectats atesos.<\/b><\/td>\n<td><b>80%<\/b><\/td>\n<\/tr>\n<tr>\n<td>3.1<\/td>\n<td>Identificar a l&#8217;inici de curs aquell alumnat amb necessitats educatives especials<\/td>\n<td>Enviar sol\u00b7licitud d\u2019adaptacions personalitzades<\/td>\n<td>Fet<\/td>\n<\/tr>\n<tr>\n<td>3.2<\/td>\n<td>Oferir recursos a l&#8217;alumnat (durant les hores lectives i a les avaluacions) adaptats a les necessitats especials detectades<\/td>\n<td>% de peticions tramitades.<\/td>\n<td>80%<\/td>\n<\/tr>\n<tr style=\"background-color: #0eb1ff;\">\n<td>4<\/td>\n<td><b>Fomentar l\u2019intercanvi d\u2019experi\u00e8ncies concretes del sector professorat sobre l\u2019ensenyament amb tecnologies digitals.<\/b><\/td>\n<td><b>% del professorat participa en la sessi\u00f3.<\/b><\/td>\n<td><b>80%<\/b><\/td>\n<\/tr>\n<tr>\n<td>4.1<\/td>\n<td>Jornada d&#8217;intercanvi d&#8217;activitats realitzades amb \u00fas de les tecnologies<\/td>\n<td>% del professorat que fa presentacions<\/td>\n<td>50%<\/td>\n<\/tr>\n<tr style=\"background-color: #0eb1ff;\">\n<td>5<\/td>\n<td><b>Capacitar l\u2019alumnat pel lliurament d\u2019activitats amb eines digitals.<\/b><\/td>\n<td><b>% de valoraci\u00f3 positiva<\/b><\/td>\n<td><b>50%<\/b><\/td>\n<\/tr>\n<tr>\n<td>5.1<\/td>\n<td>Capacitar l&#8217;alumnat en l&#8217;\u00fas de diferents eines digitals<\/td>\n<td>% del professorat que fa presentacions<\/td>\n<td>80%<\/td>\n<\/tr>\n<\/tbody>\n<\/table>\n","protected":false},"excerpt":{"rendered":"<p>Seguint les indicacions del document on es defineix l\u2019EDC, s\u2019ha estructurat aquesta part en 4 fases que es presenten a continuaci\u00f3. Per poder consultar-les seleccioneu la fase que voleu veure:<br \/>\nDiagnosi<br \/>\nPer fer la diagnosi, la comissi\u00f3 digital del centre ha utilitzat l\u2019eina SELFIE. Es tracta d\u2019una&hellip;  <a href=\"https:\/\/agora-eoi.xtec.cat\/eoigarraf\/estrategia-digital-de-centre-edc\/part-estrategica\/\" title=\"Read Part estrat\u00e8gica\">Llegeix m\u00e9s\u00bb<\/a><\/p>\n","protected":false},"author":1,"featured_media":0,"parent":11018,"menu_order":2,"comment_status":"closed","ping_status":"closed","template":"page-templates\/side-menu.php","meta":{"_bbp_topic_count":0,"_bbp_reply_count":0,"_bbp_total_topic_count":0,"_bbp_total_reply_count":0,"_bbp_voice_count":0,"_bbp_anonymous_reply_count":0,"_bbp_topic_count_hidden":0,"_bbp_reply_count_hidden":0,"_bbp_forum_subforum_count":0,"footnotes":""},"class_list":["post-11051","page","type-page","status-publish","hentry"],"post_mailing_queue_ids":[],"_links":{"self":[{"href":"https:\/\/agora-eoi.xtec.cat\/eoigarraf\/wp-json\/wp\/v2\/pages\/11051","targetHints":{"allow":["GET"]}}],"collection":[{"href":"https:\/\/agora-eoi.xtec.cat\/eoigarraf\/wp-json\/wp\/v2\/pages"}],"about":[{"href":"https:\/\/agora-eoi.xtec.cat\/eoigarraf\/wp-json\/wp\/v2\/types\/page"}],"author":[{"embeddable":true,"href":"https:\/\/agora-eoi.xtec.cat\/eoigarraf\/wp-json\/wp\/v2\/users\/1"}],"replies":[{"embeddable":true,"href":"https:\/\/agora-eoi.xtec.cat\/eoigarraf\/wp-json\/wp\/v2\/comments?post=11051"}],"version-history":[{"count":4,"href":"https:\/\/agora-eoi.xtec.cat\/eoigarraf\/wp-json\/wp\/v2\/pages\/11051\/revisions"}],"predecessor-version":[{"id":11064,"href":"https:\/\/agora-eoi.xtec.cat\/eoigarraf\/wp-json\/wp\/v2\/pages\/11051\/revisions\/11064"}],"up":[{"embeddable":true,"href":"https:\/\/agora-eoi.xtec.cat\/eoigarraf\/wp-json\/wp\/v2\/pages\/11018"}],"wp:attachment":[{"href":"https:\/\/agora-eoi.xtec.cat\/eoigarraf\/wp-json\/wp\/v2\/media?parent=11051"}],"curies":[{"name":"wp","href":"https:\/\/api.w.org\/{rel}","templated":true}]}}