{"id":9140,"date":"2021-05-28T13:23:31","date_gmt":"2021-05-28T11:23:31","guid":{"rendered":"https:\/\/agora-eoi.xtec.cat\/eoifigueres\/?page_id=9140"},"modified":"2025-06-25T12:15:40","modified_gmt":"2025-06-25T10:15:40","slug":"preu-i-modificacions","status":"publish","type":"page","link":"https:\/\/agora-eoi.xtec.cat\/eoifigueres\/preu-i-modificacions\/","title":{"rendered":"Preus i bonificacions"},"content":{"rendered":"<h4><span style=\"color: #008080;\"><strong>ALUMNAT OFICIAL:\u00a0<\/strong><\/span><span style=\"color: #008080;\"><strong>CURS EXTENSIU\u00a0<\/strong><strong>PRESENCIAL i SEMIPRESENCIAL &#8211; TAXES i PREUS P\u00daBLICS &#8211;\u00a0<\/strong><\/span><\/h4>\n<p><span style=\"color: #000000;\">Consulteu l&#8217;enlla\u00e7: <\/span><a href=\"http:\/\/educacio.gencat.cat\/ca\/departament\/normativa\/taxes-preus-publics\/\" target=\"_blank\" rel=\"noopener noreferrer\">Taxes i preus p\u00fablics. Departament d&#8217;Educaci\u00f3 (gencat.cat)<\/a><\/p>\n<ul>\n<li><strong><a href=\"https:\/\/docs.google.com\/document\/d\/1USvpnjq7E_Ot6jt3BHe2nHf2PReKqj_6yTU2RI6-KTQ\/edit?usp=sharing\" target=\"_blank\" rel=\"noopener\">Nivell B\u00e0sic (A1, A2) i Nivell Avan\u00e7at (C1 i C2): Preus P\u00fablics<\/a><br \/>\n<\/strong><\/li>\n<li><strong><a href=\"https:\/\/docs.google.com\/document\/d\/1vwZ6HWgvxLSjN17VuNPOYzoNt2tGN9wr_BfFjRE9nDA\/edit?usp=sharing\" target=\"_blank\" rel=\"noopener\">Nivell Intermedi (B1, B2.1 i B2.2): Taxes<\/a><br \/>\n<\/strong><\/li>\n<\/ul>\n<p><strong style=\"color: #008000; font-size: 1.4375em;\"><span style=\"color: #008080;\">ALUMNAT OFICIAL: BONIFICACIONS i EXEMPCIONS GENERALS\u00a0 \u00a0 \u00a0 \u00a0<\/span>\u00a0 \u00a0 \u00a0 \u00a0 \u00a0 <\/strong><\/p>\n<p><strong>PER A TAXES I PREUS P\u00daBLICS &#8211; tots els nivells &#8211;<br \/>\n<\/strong>Consulteu l&#8217;enlla\u00e7: <a href=\"http:\/\/educacio.gencat.cat\/ca\/departament\/normativa\/taxes-preus-publics\/exempcions-bonificacions\/\" target=\"_blank\" rel=\"noopener noreferrer\">Exempcions i bonificacions generals. Departament d&#8217;Educaci\u00f3 (gencat.cat)<\/a><\/p>\n<h4><span style=\"color: #008080;\"><strong>ALUMNAT OFICIAL: BONIFICACIONS i EXEMPCIONS ADDICIONALS<\/strong><\/span><\/h4>\n<p><strong>PER A TAXES &#8211; nivells intermedi B1, B2.1 i B2.2 &#8211;<br \/>\n<\/strong>Consulteu l&#8217;enlla\u00e7: <a href=\"http:\/\/educacio.gencat.cat\/ca\/departament\/normativa\/taxes-preus-publics\/taxes\/\" target=\"_blank\" rel=\"noopener noreferrer\">Taxes. Departament d&#8217;Educaci\u00f3 (gencat.cat)<\/a><\/p>\n<p><strong>PER A PREUS P\u00daBLICS &#8211; nivells b\u00e0sics A1, A2 i nivell avan\u00e7at C1 i C2 &#8211;<br \/>\n<\/strong>Consulteu l&#8217;enlla\u00e7: <a href=\"http:\/\/educacio.gencat.cat\/ca\/departament\/normativa\/taxes-preus-publics\/preu-public\/\" target=\"_blank\" rel=\"noopener noreferrer\">Preus p\u00fablics. Departament d&#8217;Educaci\u00f3 (gencat.cat)<\/a><\/p>\n<p><strong>Presteu especial atenci\u00f3 als 3 casos seg\u00fcents (nom\u00e9s preus p\u00fablics A1, A2, C1 i C2):<\/strong><br \/>\n<strong><span style=\"font-family: inherit; font-size: 1em;\">. bonificaci\u00f3 del 50% per la segona llengua matriculada<br \/>\n<\/span><span style=\"font-family: inherit; font-size: 1em;\">. bonificaci\u00f3 del 50% per a l&#8217;alumnat de centres sostinguts amb fons p\u00fablics que es matriculi a una llengua estrangera diferent de la que cursa en el seu centre.<br \/>\n<\/span><span style=\"font-family: inherit; font-size: 1em;\">. bonificaci\u00f3 de 50% per a l&#8217;alumnat que es matricula d&#8217;una nova llengua havent cursat el B2.2 d&#8217;una altra llengua el curs anterior.<\/span><\/strong><\/p>\n<h4><span style=\"color: #008080;\"><strong>CURS D&#8217;ACTUALITZACI\u00d3<\/strong><\/span><\/h4>\n<p>Consulteu l&#8217;enlla\u00e7: <a href=\"https:\/\/docs.google.com\/document\/d\/1O7Zdbpvv1VVR2WtadDE3WDe2C5VK4LDF9doteC6HYKA\/edit?usp=sharing\" target=\"_blank\" rel=\"noopener\">Curs d&#8217;actualitzaci\u00f3<\/a><\/p>\n<h4><span style=\"color: #008080;\"><strong>ALUMNAT LLIURE: TAXES i BONIFICACIONS<\/strong><\/span><\/h4>\n<p>Consulteu l&#8217;enlla\u00e7: <a href=\"https:\/\/docs.google.com\/document\/d\/1DxT9I-YFxen0CBDCJ4G-7LfyA9Rgm0zyFS0rKOkDoqw\/edit?usp=sharing\" target=\"_blank\" rel=\"noopener\">Alumnat lliure: taxes i bonificacions<\/a><\/p>\n<h4><span style=\"color: #008080;\"><strong>MONOGR\u00c0FICS\u00a0<\/strong><\/span><\/h4>\n<p>Es consideren cursos monogr\u00e0fics els cursos intensius o b\u00e9 extensius impartits al llarg de l&#8217;any, o b\u00e9 a l&#8217;estiu amb una durada m\u00ednima de 30 hores i m\u00e0xima de 45 hores.<br \/>\n<strong>Preus:<\/strong> <span style=\"font-family: inherit; font-size: 1em;\">54,00 \u20ac per la inscripci\u00f3 al curs, m\u00e9s 5,00 \u20ac per cada hora de durada del curs.<\/span><\/p>\n<h4><span style=\"color: #008080;\"><strong>INTENSIUS D&#8217;ESTIU<\/strong><\/span><\/h4>\n<p><span style=\"font-family: inherit; font-size: 1em;\">Servei de cursos d&#8217;actualitzaci\u00f3 de coneixements i perfeccionament professional de persones adultes.<br \/>\n<\/span><strong><span style=\"color: #008000;\"><span style=\"color: #000000;\">Preus:<\/span>\u00a0 <\/span><\/strong><span style=\"font-family: inherit; font-size: 1em;\">55,00 \u20ac per la inscripci\u00f3 al curs, m\u00e9s 4,00 \u20ac per cada hora de durada del curs.<\/span><\/p>\n<h4><span style=\"color: #008080;\"><strong>ALUMNAT OFICIAL i LLIURE:\u00a0<\/strong><\/span><span style=\"color: #008080;\"><strong>TAXES PER EXPEDICI\u00d3 DE T\u00cdTOLS DE NIVELL INTERMEDI B2 i DE NIVELL AVAN\u00c7AT C1 i C2<br \/>\n<\/strong><\/span><\/h4>\n<p>Consulteu l&#8217;enlla\u00e7: <a href=\"https:\/\/docs.google.com\/document\/d\/1TaN8qQFINTmk8Frnb-gbDqfMMFZeP7EvVZNuQushROk\/edit?usp=sharing\" target=\"_blank\" rel=\"noopener\">Taxes per expedici\u00f3 de t\u00edtols nivells B2, C1 i C2<\/a><\/p>\n","protected":false},"excerpt":{"rendered":"<p>ALUMNAT OFICIAL:\u00a0CURS EXTENSIU\u00a0PRESENCIAL i SEMIPRESENCIAL &#8211; TAXES i PREUS P\u00daBLICS &#8211;\u00a0<br \/>\nConsulteu l&#8217;enlla\u00e7: <a href=\"http:\/\/educacio.gencat.cat\/ca\/departament\/normativa\/taxes-preus-publics\/\" target=\"_blank\" rel=\"noopener noreferrer\">Taxes i preus p\u00fablics. Departament d&#8217;Educaci\u00f3 (gencat.cat)<\/a><\/p>\n<ul>\n<li><a href=\"https:\/\/docs.google.com\/document\/d\/1USvpnjq7E_Ot6jt3BHe2nHf2PReKqj_6yTU2RI6-KTQ\/edit?usp=sharing\" target=\"_blank\" rel=\"noopener\">Nivell B\u00e0sic (A1, A2) i Nivell Avan\u00e7at (C1 i C2): Preus P\u00fablics<\/a>\n<\/li>\n<li><a href=\"https:\/\/docs.google.com\/document\/d\/1vwZ6HWgvxLSjN17VuNPOYzoNt2tGN9wr_BfFjRE9nDA\/edit?usp=sharing\" target=\"_blank\" rel=\"noopener\">Nivell Intermedi (B1, B2.1 i B2.2):&hellip;  <a href=\"https:\/\/agora-eoi.xtec.cat\/eoifigueres\/preu-i-modificacions\/\" title=\"Read Preus i bonificacions\">Llegeix m\u00e9s\u00bb<\/a><br \/>\n","protected":false},"author":1,"featured_media":0,"parent":0,"menu_order":70,"comment_status":"closed","ping_status":"closed","template":"page-templates\/side-menu.php","meta":{"_bbp_topic_count":0,"_bbp_reply_count":0,"_bbp_total_topic_count":0,"_bbp_total_reply_count":0,"_bbp_voice_count":0,"_bbp_anonymous_reply_count":0,"_bbp_topic_count_hidden":0,"_bbp_reply_count_hidden":0,"_bbp_forum_subforum_count":0,"footnotes":""},"class_list":["post-9140","page","type-page","status-publish","hentry"],"post_mailing_queue_ids":[],"_links":{"self":[{"href":"https:\/\/agora-eoi.xtec.cat\/eoifigueres\/wp-json\/wp\/v2\/pages\/9140","targetHints":{"allow":["GET"]}}],"collection":[{"href":"https:\/\/agora-eoi.xtec.cat\/eoifigueres\/wp-json\/wp\/v2\/pages"}],"about":[{"href":"https:\/\/agora-eoi.xtec.cat\/eoifigueres\/wp-json\/wp\/v2\/types\/page"}],"author":[{"embeddable":true,"href":"https:\/\/agora-eoi.xtec.cat\/eoifigueres\/wp-json\/wp\/v2\/users\/1"}],"replies":[{"embeddable":true,"href":"https:\/\/agora-eoi.xtec.cat\/eoifigueres\/wp-json\/wp\/v2\/comments?post=9140"}],"version-history":[{"count":6,"href":"https:\/\/agora-eoi.xtec.cat\/eoifigueres\/wp-json\/wp\/v2\/pages\/9140\/revisions"}],"predecessor-version":[{"id":12108,"href":"https:\/\/agora-eoi.xtec.cat\/eoifigueres\/wp-json\/wp\/v2\/pages\/9140\/revisions\/12108"}],"wp:attachment":[{"href":"https:\/\/agora-eoi.xtec.cat\/eoifigueres\/wp-json\/wp\/v2\/media?parent=9140"}],"curies":[{"name":"wp","href":"https:\/\/api.w.org\/{rel}","templated":true}]}}