{"id":9138,"date":"2021-05-01T20:54:24","date_gmt":"2021-05-01T18:54:24","guid":{"rendered":"https:\/\/agora-eoi.xtec.cat\/eoifigueres\/?page_id=9138"},"modified":"2026-01-15T17:34:25","modified_gmt":"2026-01-15T16:34:25","slug":"pla-experimental","status":"publish","type":"page","link":"https:\/\/agora-eoi.xtec.cat\/eoifigueres\/pla-experimental\/","title":{"rendered":"Programa de certificaci\u00f3 (col\u00b7laboraci\u00f3 amb centres educatius)"},"content":{"rendered":"<p style=\"text-align: justify;\">Les Escoles Oficials d&#8217;Idiomes col\u00b7laboren des del 2017 amb els centres educatius per certificar el nivell del seu alumnat. Aquesta col\u00b7laboraci\u00f3 es realitza dins d&#8217;un marc normatiu anomenat Programa de certificaci\u00f3 dels coneixements de lleng\u00fces estrangeres en determinats ensenyaments.<\/p>\n<p style=\"text-align: justify;\">La finalitat \u00e9s fomentar als centres participants, amb el suport de les Escoles Oficials d&#8217;Idiomes, la certificaci\u00f3 dels coneixements de llengua estrangera, adquirits pels alumnes de determinats ensenyaments de forma que s&#8217;afavoreixi el progr\u00e9s del rendiment acad\u00e8mic en les lleng\u00fces estrangeres i la millora de la transpar\u00e8ncia de les compet\u00e8ncies adquirides.<\/p>\n<p style=\"text-align: justify;\">Poden formar part del Programa els centres de Catalunya que imparteixin algun dels ensenyaments seg\u00fcents: educaci\u00f3 secund\u00e0ria obligat\u00f2ria, batxillerat, formaci\u00f3 professional i ensenyaments de r\u00e8gim especial.<\/p>\n<p style=\"text-align: justify;\">Les lleng\u00fces estrangeres en les quals pot actuar aquest programa s\u00f3n les lleng\u00fces estrangeres curriculars seg\u00fcents: angl\u00e8s, franc\u00e8s, alemany, itali\u00e0, i tamb\u00e9 \u00e0rab i xin\u00e8s, en els nivells B1 i B2.<\/p>\n<p style=\"text-align: justify;\">Enlla\u00e7 a la <strong><a href=\"https:\/\/dogc.gencat.cat\/ca\/document-del-dogc\/?documentId=920505\">Resoluci\u00f3 EDU\/287\/2022, de 10 de febrer<\/a><\/strong> de creaci\u00f3 del Programa de certificaci\u00f3.<\/p>\n<h5><span style=\"color: #3366ff;\"><strong>INFORMACI\u00d3 DEL CURS ACAD\u00c8MIC 2025-2026<\/strong><\/span><\/h5>\n<div>\n<p style=\"text-align: justify;\">Dates clau de la convocat\u00f2ria:<\/p>\n<ul style=\"text-align: justify;\">\n<li>Els instituts han de presentar mitjan\u00e7ant el formulari que els proporciona el Departament d\u2019Educaci\u00f3 la relaci\u00f3 vinculant de l&#8217;alumnat fins el 16 de gener de 2026<\/li>\n<li>Les dates d&#8217;inscripci\u00f3 d&#8217;alumnat s\u00f3n del 2 al 10 de febrer de 2026, ambd\u00f3s inclosos<\/li>\n<li>L&#8217;\u00faltim dia de pagament de la taxa \u00e9s l&#8217;11 de febrer de 2026, abans de les 22.00 h<\/li>\n<li>Data publicaci\u00f3 de la llista provisional de persones aspirants admeses i excloses: a partir del 17 de febrer de 2026<\/li>\n<li>Comunicaci\u00f3 d&#8217;errades de dades personals al centre examinador: no m\u00e9s tard del 4 de mar\u00e7 de 2026<\/li>\n<li>Data publicaci\u00f3 de la llista definitiva de persones aspirants admeses i excloses: a partir del 10 de mar\u00e7 de 2026<\/li>\n<\/ul>\n<p style=\"text-align: justify;\">La realitzaci\u00f3 de les proves es far\u00e0 mes d&#8217;abril <strong style=\"font-family: inherit; font-size: 1em;\">(cal portar el DNI\u00a0 o NIE del candidat\/a el dia de la prova)<\/strong><\/p>\n<ul style=\"text-align: justify;\">\n<li>Data de la prova escrita: <strong>divendres 10 d\u2019abril de 2026<\/strong> (la prova comen\u00e7a a les 16.00 h per\u00f2 cal ser-hi 30 minuts abans)<\/li>\n<li>Data de la prova d&#8217;expressi\u00f3 i interacci\u00f3 oral: el dia d&#8217;aquesta prova oral s&#8217;indica en la convocat\u00f2ria personal lliurada a l&#8217;aspirant el dia de la prova escrita<\/li>\n<\/ul>\n<p style=\"text-align: justify;\">Publicaci\u00f3 de qualificacions:<\/p>\n<ul style=\"text-align: justify;\">\n<li>Qualificacions provisionals i reclamacions: el 18 de maig de 2026 (consulta amb el DNI, NIE o passaport i el codi o n\u00famero de sol\u00b7licitud que consta al resguard d&#8217;inscripci\u00f3)<\/li>\n<li>Reclamacions: fins a les 12.00 h del tercer dia h\u00e0bil a partir de la publicaci\u00f3 provisional de resultats.<\/li>\n<li>Qualificacions definitives: el 22 de maig de 2026<\/li>\n<\/ul>\n<p style=\"text-align: justify;\"><span style=\"font-family: inherit; font-size: 1em;\">Per a m\u00e9s informaci\u00f3, podeu consultar la <\/span><strong style=\"font-family: inherit; font-size: 1em;\"><a href=\"https:\/\/dogc.gencat.cat\/ca\/document-del-dogc\/?documentId=1024942\" target=\"_blank\" rel=\"noopener\">RESOLUCI\u00d3 EDF\/3402\/2025, de 16 de setembre<\/a><\/strong><span style=\"font-family: inherit; font-size: 1em;\">\u00a0per a la inscripci\u00f3 dels centres educatius.<\/span><\/p>\n<\/div>\n<p style=\"text-align: justify;\">Podeu consultar la informaci\u00f3 de la convocat\u00f2ria a les proves a la <strong><a href=\"https:\/\/dogc.gencat.cat\/ca\/document-del-dogc\/?documentId=1030354\" target=\"_blank\" rel=\"noopener\">RESOLUCI\u00d3 EDF\/4287\/2005, de 19 de novembre<\/a><\/strong><\/p>\n<p style=\"text-align: justify;\">Consulta de resultats:\u00a0 <strong>\u00a0<a href=\"https:\/\/aplicacions.gestioeducativa.gencat.cat\/ords\/pls\/apex\/f?p=2011025:LOGIN:309832364502896:::::\" target=\"_blank\" rel=\"noopener\">consulta del llistat d&#8217;admesos\/exclosos\u00a0 i consulta de les qualificacions<\/a><\/strong><\/p>\n<p>&nbsp;<\/p>\n<p>&nbsp;<\/p>\n<p>&nbsp;<\/p>\n","protected":false},"excerpt":{"rendered":"<p>Les Escoles Oficials d&#8217;Idiomes col\u00b7laboren des del 2017 amb els centres educatius per certificar el nivell del seu alumnat. Aquesta col\u00b7laboraci\u00f3 es realitza dins d&#8217;un marc normatiu anomenat Programa de certificaci\u00f3 dels coneixements de lleng\u00fces estrangeres en determinats ensenyaments.<br \/>\nLa finalitat \u00e9s fomentar als centres participants,&hellip;  <a href=\"https:\/\/agora-eoi.xtec.cat\/eoifigueres\/pla-experimental\/\" title=\"Read Programa de certificaci\u00f3 (col\u00b7laboraci\u00f3 amb centres educatius)\">Llegeix m\u00e9s\u00bb<\/a><\/p>\n","protected":false},"author":1,"featured_media":0,"parent":0,"menu_order":60,"comment_status":"closed","ping_status":"closed","template":"page-templates\/side-menu.php","meta":{"_bbp_topic_count":0,"_bbp_reply_count":0,"_bbp_total_topic_count":0,"_bbp_total_reply_count":0,"_bbp_voice_count":0,"_bbp_anonymous_reply_count":0,"_bbp_topic_count_hidden":0,"_bbp_reply_count_hidden":0,"_bbp_forum_subforum_count":0,"footnotes":""},"class_list":["post-9138","page","type-page","status-publish","hentry"],"post_mailing_queue_ids":[],"_links":{"self":[{"href":"https:\/\/agora-eoi.xtec.cat\/eoifigueres\/wp-json\/wp\/v2\/pages\/9138","targetHints":{"allow":["GET"]}}],"collection":[{"href":"https:\/\/agora-eoi.xtec.cat\/eoifigueres\/wp-json\/wp\/v2\/pages"}],"about":[{"href":"https:\/\/agora-eoi.xtec.cat\/eoifigueres\/wp-json\/wp\/v2\/types\/page"}],"author":[{"embeddable":true,"href":"https:\/\/agora-eoi.xtec.cat\/eoifigueres\/wp-json\/wp\/v2\/users\/1"}],"replies":[{"embeddable":true,"href":"https:\/\/agora-eoi.xtec.cat\/eoifigueres\/wp-json\/wp\/v2\/comments?post=9138"}],"version-history":[{"count":6,"href":"https:\/\/agora-eoi.xtec.cat\/eoifigueres\/wp-json\/wp\/v2\/pages\/9138\/revisions"}],"predecessor-version":[{"id":12337,"href":"https:\/\/agora-eoi.xtec.cat\/eoifigueres\/wp-json\/wp\/v2\/pages\/9138\/revisions\/12337"}],"wp:attachment":[{"href":"https:\/\/agora-eoi.xtec.cat\/eoifigueres\/wp-json\/wp\/v2\/media?parent=9138"}],"curies":[{"name":"wp","href":"https:\/\/api.w.org\/{rel}","templated":true}]}}