{"id":9081,"date":"2021-04-30T22:55:33","date_gmt":"2021-04-30T20:55:33","guid":{"rendered":"https:\/\/agora-eoi.xtec.cat\/eoifigueres\/?page_id=9081"},"modified":"2021-06-22T13:37:51","modified_gmt":"2021-06-22T11:37:51","slug":"altres-cursos","status":"publish","type":"page","link":"https:\/\/agora-eoi.xtec.cat\/eoifigueres\/altres-cursos\/","title":{"rendered":"Altres cursos"},"content":{"rendered":"<p>La voluntat de l&#8217;EOI de Figueres \u00e9s consolidar-se com a centre de refer\u00e8ncia en l&#8217;ensenyament-aprenentatge de lleng\u00fces i que aquest aprenentatge contribueixi a la millora de l&#8217;individu i a l&#8217;entesa entre la ciutadania. \u00c9s per aix\u00f2 que estableix diferents opcions educatives per acompanyar el m\u00e0xim de persones de la comarca en la seva formaci\u00f3.<\/p>\n<p>&nbsp;<\/p>\n","protected":false},"excerpt":{"rendered":"<p>La voluntat de l&#8217;EOI de Figueres \u00e9s consolidar-se com a centre de refer\u00e8ncia en l&#8217;ensenyament-aprenentatge de lleng\u00fces i que aquest aprenentatge contribueixi a la millora de l&#8217;individu i a l&#8217;entesa entre la ciutadania. \u00c9s per aix\u00f2 que estableix diferents opcions educatives per acompanyar el m\u00e0xim&hellip;  <a href=\"https:\/\/agora-eoi.xtec.cat\/eoifigueres\/altres-cursos\/\" title=\"Read Altres cursos\">Llegeix m\u00e9s\u00bb<\/a><\/p>\n","protected":false},"author":1,"featured_media":0,"parent":0,"menu_order":60,"comment_status":"closed","ping_status":"closed","template":"page-templates\/side-menu.php","meta":{"_bbp_topic_count":0,"_bbp_reply_count":0,"_bbp_total_topic_count":0,"_bbp_total_reply_count":0,"_bbp_voice_count":0,"_bbp_anonymous_reply_count":0,"_bbp_topic_count_hidden":0,"_bbp_reply_count_hidden":0,"_bbp_forum_subforum_count":0,"footnotes":""},"class_list":["post-9081","page","type-page","status-publish","hentry"],"post_mailing_queue_ids":[],"_links":{"self":[{"href":"https:\/\/agora-eoi.xtec.cat\/eoifigueres\/wp-json\/wp\/v2\/pages\/9081","targetHints":{"allow":["GET"]}}],"collection":[{"href":"https:\/\/agora-eoi.xtec.cat\/eoifigueres\/wp-json\/wp\/v2\/pages"}],"about":[{"href":"https:\/\/agora-eoi.xtec.cat\/eoifigueres\/wp-json\/wp\/v2\/types\/page"}],"author":[{"embeddable":true,"href":"https:\/\/agora-eoi.xtec.cat\/eoifigueres\/wp-json\/wp\/v2\/users\/1"}],"replies":[{"embeddable":true,"href":"https:\/\/agora-eoi.xtec.cat\/eoifigueres\/wp-json\/wp\/v2\/comments?post=9081"}],"version-history":[{"count":3,"href":"https:\/\/agora-eoi.xtec.cat\/eoifigueres\/wp-json\/wp\/v2\/pages\/9081\/revisions"}],"predecessor-version":[{"id":9215,"href":"https:\/\/agora-eoi.xtec.cat\/eoifigueres\/wp-json\/wp\/v2\/pages\/9081\/revisions\/9215"}],"wp:attachment":[{"href":"https:\/\/agora-eoi.xtec.cat\/eoifigueres\/wp-json\/wp\/v2\/media?parent=9081"}],"curies":[{"name":"wp","href":"https:\/\/api.w.org\/{rel}","templated":true}]}}