{"id":8444,"date":"2016-06-14T16:06:08","date_gmt":"2016-06-14T15:06:08","guid":{"rendered":"https:\/\/agora-eoi.xtec.cat\/eoifigueres\/?page_id=8444"},"modified":"2025-06-25T13:51:58","modified_gmt":"2025-06-25T11:51:58","slug":"certificats-i-proves","status":"publish","type":"page","link":"https:\/\/agora-eoi.xtec.cat\/eoifigueres\/certificats-i-proves\/","title":{"rendered":"Certificats i proves"},"content":{"rendered":"<p><a href=\"https:\/\/agora-eoi.xtec.cat\/eoifigueres\/wp-content\/uploads\/usu2258\/2016\/06\/Diploma-1-96.png\" rel=\"attachment wp-att-8687\"><img loading=\"lazy\" decoding=\"async\" class=\"size-full wp-image-8687 alignleft\" src=\"https:\/\/agora-eoi.xtec.cat\/eoifigueres\/wp-content\/uploads\/usu2258\/2016\/06\/Diploma-1-96.png\" alt=\"Diploma 1-96\" width=\"96\" height=\"96\" \/><\/a><\/p>\n<p>&nbsp;<\/p>\n<p>L&#8217;Escola Oficial d&#8217;Idiomes de Figueres certifica diferents nivells de les lleng\u00fces impartides al centre:<br \/>\nalemany, angl\u00e8s, catal\u00e0 i franc\u00e8s.<\/p>\n<p>ALEMANY: A2, B1 i B2<\/p>\n<p>ANGL\u00c8S: A2, B1, B2, C1 i C2<\/p>\n<p>CATAL\u00c0: A2, B1, C1 i C2<\/p>\n<p>FRANC\u00c8S: A2, B1, B2<\/p>\n<p>El nivell A2 es certifica superant el curs d&#8217;A2 seguint l&#8217;avaluaci\u00f3 cont\u00ednua fixada pel centre en les seves NOFC.<\/p>\n<p>Pel que fa a la resta de nivells, es superen mitjan\u00e7ant la prova de certificaci\u00f3 establerta pel Departament d&#8217;Educaci\u00f3 i publicada al DOGC pertinent. A aquesta prova s&#8217;hi poden presentar tant l&#8217;alumnat de l&#8217;escola com tamb\u00e9 candidats lliures (no alumnat). Una persona matriculada a l&#8217;escola NO pot presentar-se a les proves d&#8217;un curs superior ni inferior al que est\u00e0 cursant.<\/p>\n<p>Les proves es realitzen en <a href=\"http:\/\/educacio.gencat.cat\/ca\/serveis-tramits\/proves\/proves-lliures-obtencio-titols\/convocat-ordinaria-idiomes\/\" target=\"_blank\" rel=\"noopener noreferrer\">convocat\u00f2ria ordin\u00e0ria\u00a0<\/a>(maig-juny) i en <a href=\"http:\/\/educacio.gencat.cat\/ca\/serveis-tramits\/proves\/proves-lliures-obtencio-titols\/convocat-extraord-idiomes\/\" target=\"_blank\" rel=\"noopener noreferrer\">convocat\u00f2ria extraordin\u00e0ria<\/a> (febrer) nom\u00e9s d&#8217;angl\u00e8s.<\/p>\n<p>M\u00e9s informaci\u00f3 a <a href=\"http:\/\/xtec.gencat.cat\/ca\/curriculum\/idiomes-a-les-eoi\/certificats\/\" target=\"_blank\" rel=\"noopener noreferrer\">l&#8217;xtec<\/a>.<\/p>\n","protected":false},"excerpt":{"rendered":"<p><a href=\"https:\/\/agora-eoi.xtec.cat\/eoifigueres\/wp-content\/uploads\/usu2258\/2016\/06\/Diploma-1-96.png\" rel=\"attachment wp-att-8687\"><\/a><br \/>\n&nbsp;<br \/>\nL&#8217;Escola Oficial d&#8217;Idiomes de Figueres certifica diferents nivells de les lleng\u00fces impartides al centre:<br \/>\nalemany, angl\u00e8s, catal\u00e0 i franc\u00e8s.<br \/>\nALEMANY: A2, B1 i B2<br \/>\nANGL\u00c8S: A2, B1, B2, C1 i C2<br \/>\nCATAL\u00c0: A2, B1, C1 i C2<br \/>\nFRANC\u00c8S: A2, B1, B2<br \/>\nEl nivell A2 es certifica superant el&hellip;  <a href=\"https:\/\/agora-eoi.xtec.cat\/eoifigueres\/certificats-i-proves\/\" title=\"Read Certificats i proves\">Llegeix m\u00e9s\u00bb<\/a><\/p>\n","protected":false},"author":1,"featured_media":0,"parent":0,"menu_order":20,"comment_status":"closed","ping_status":"closed","template":"page-templates\/side-menu.php","meta":{"_bbp_topic_count":0,"_bbp_reply_count":0,"_bbp_total_topic_count":0,"_bbp_total_reply_count":0,"_bbp_voice_count":0,"_bbp_anonymous_reply_count":0,"_bbp_topic_count_hidden":0,"_bbp_reply_count_hidden":0,"_bbp_forum_subforum_count":0,"footnotes":""},"class_list":["post-8444","page","type-page","status-publish","hentry"],"post_mailing_queue_ids":[],"_links":{"self":[{"href":"https:\/\/agora-eoi.xtec.cat\/eoifigueres\/wp-json\/wp\/v2\/pages\/8444","targetHints":{"allow":["GET"]}}],"collection":[{"href":"https:\/\/agora-eoi.xtec.cat\/eoifigueres\/wp-json\/wp\/v2\/pages"}],"about":[{"href":"https:\/\/agora-eoi.xtec.cat\/eoifigueres\/wp-json\/wp\/v2\/types\/page"}],"author":[{"embeddable":true,"href":"https:\/\/agora-eoi.xtec.cat\/eoifigueres\/wp-json\/wp\/v2\/users\/1"}],"replies":[{"embeddable":true,"href":"https:\/\/agora-eoi.xtec.cat\/eoifigueres\/wp-json\/wp\/v2\/comments?post=8444"}],"version-history":[{"count":6,"href":"https:\/\/agora-eoi.xtec.cat\/eoifigueres\/wp-json\/wp\/v2\/pages\/8444\/revisions"}],"predecessor-version":[{"id":12113,"href":"https:\/\/agora-eoi.xtec.cat\/eoifigueres\/wp-json\/wp\/v2\/pages\/8444\/revisions\/12113"}],"wp:attachment":[{"href":"https:\/\/agora-eoi.xtec.cat\/eoifigueres\/wp-json\/wp\/v2\/media?parent=8444"}],"curies":[{"name":"wp","href":"https:\/\/api.w.org\/{rel}","templated":true}]}}