{"id":8141,"date":"2022-09-23T16:27:54","date_gmt":"2022-09-23T14:27:54","guid":{"rendered":"https:\/\/agora-eoi.xtec.cat\/eoifigueres\/?page_id=8141"},"modified":"2025-11-28T09:15:35","modified_gmt":"2025-11-28T08:15:35","slug":"organigrama","status":"publish","type":"page","link":"https:\/\/agora-eoi.xtec.cat\/eoifigueres\/organigrama\/","title":{"rendered":"L&#8217;equip i la comunitat educativa"},"content":{"rendered":"<h3 data-canvas-width=\"309.15678340078546\">Atenci\u00f3 al p\u00fablic<\/h3>\n<p><strong>Administrativa<\/strong>: Ana Maria Parra (secretaria@eoifigueres.cat)<\/p>\n<p><strong>Bibliotec\u00e0ria:<\/strong> Montserrat Garcia (biblioteca@eoifigueres.cat)<\/p>\n<p><strong>Conserge:<\/strong> Jaume Sala<\/p>\n<h3>Equip directiu<\/h3>\n<p><strong>Director:<\/strong> Joan Solanich (jsolanic@xtec.cat) <em>(Perfil professional <a href=\"https:\/\/drive.google.com\/a\/xtec.cat\/file\/d\/1SOnHAaMgZ6FCNStFzQ-mS7JLLh5_nTSz\/view?usp=sharing\" target=\"_blank\" rel=\"noopener noreferrer\">aqu\u00ed<\/a>)<\/em><\/p>\n<p><strong>Cap d&#8217;estudis: <\/strong>Estelle Girard (egirard@xtec.cat) (<em>Perfil professional <a href=\"https:\/\/drive.google.com\/file\/d\/1o0ZspQcStiLHh34AISVP67BDtecmKFMj\/view?usp=sharing\">aqu\u00ed<\/a><\/em>)<\/p>\n<p><strong>Secret\u00e0ria:<\/strong> Nat\u00e0lia Verdalet (nverdale<wbr \/>@xtec.cat) <em>(Perfil professional <a href=\"https:\/\/drive.google.com\/file\/d\/1PX96_07EJwcPwds0-MihK05alRh9Amd8\/view?usp=sharing\" target=\"_blank\" rel=\"noopener noreferrer\">aqu\u00ed<\/a>)<\/em><\/p>\n<h3>Coordinadors<\/h3>\n<p><strong>Cap del departament d&#8217;angl\u00e8s:\u00a0<\/strong>Maria Josep Porta (mporta12@xtec.cat)<\/p>\n<p><strong>Cap del departament de catal\u00e0:<\/strong> Ainhoa Rubio (arubio20@xtec.cat)<\/p>\n<p><strong>Cap del departament de franc\u00e8s:<\/strong> Nathalie Le Bris (nlebris@xtec.cat)<\/p>\n<p><strong>Coordinadora de coeducaci\u00f3, conviv\u00e8ncia i benestar: <\/strong>Nat\u00e0lia Verdalet (nverdale@xtec.cat)<\/p>\n<p><strong>Coordinador digital:<\/strong> Albert Adroer (aadroer@xtec.cat)<\/p>\n<p><strong>Coordinadora Erasmus+:<\/strong> Estel Planas (eplana3@xtec.cat)<\/p>\n<p><strong>Coordinadora de qualitat: <\/strong>Nathalie Le Bris (nlebris@xtec.cat)<\/p>\n<p><strong>Coordinador de riscos laborals: <\/strong>Andreu Pichardo (apichard@xtec.cat)<\/p>\n<h3>Professorat departament alemany<\/h3>\n<ul>\n<li>Verena Roth (vroth@xtec.cat)<\/li>\n<\/ul>\n<h3>Professorat departament angl\u00e8s<\/h3>\n<ul>\n<li>Albert Adroer (aadroer@xtec.cat)<\/li>\n<li>Andreu Pichardo (apichard@xtec.cat)<\/li>\n<li>Estel Planas (eplana3@xtec.cat)<\/li>\n<li>Maria Josep Porta (mporta12@xtec.cat)<\/li>\n<li>Nat\u00e0lia Verdalet (nverdale<wbr \/>@xtec.cat)<\/li>\n<\/ul>\n<h3>Professorat departament catal\u00e0<\/h3>\n<ul>\n<li>F\u00e8lix Bruguera (fbrugue3@xtec.cat)<\/li>\n<li>Ainhoa Rubio (arubio20@xtec.cat)<\/li>\n<\/ul>\n<h3>Professorat departament franc\u00e8s<\/h3>\n<ul>\n<li>Estelle Girard (egirard@xtec.cat)<\/li>\n<li>Nathalie Le Bris (nlebris@xtec.cat)<\/li>\n<li>Val\u00e9rie Mart\u00ednez (vmart102@xtec.cat)<\/li>\n<li>Joan Solanich (jsolanic@xtec.cat)<\/li>\n<\/ul>\n<h3><strong>CONSELL ESCOLAR<\/strong><\/h3>\n<p>El Consell Escolar \u00e9s l\u2019\u00f2rgan de participaci\u00f3 de la comunitat educativa que s\u2019encarrega del control i gesti\u00f3 de l\u2019escola, amb funcions de seguiment i avaluaci\u00f3 de la programaci\u00f3 i de les activitats que es duen a terme a L\u2019EOI de Figueres. Els representants del sector alumnat al Consell Escolar de l&#8217;escola s\u00f3n:<\/p>\n<p><span class=\"qu\" tabindex=\"-1\" role=\"gridcell\"><span class=\"go\">Maria Teresa Comas Salido (mtcomas2013@gmail.com) <span style=\"color: #000000;\">\u00a0 <\/span><\/span><\/span><\/p>\n<p><span class=\"qu\" tabindex=\"-1\" role=\"gridcell\"><span class=\"go\">Josep Llu\u00eds Tejeda Mart\u00ednez (jtejeda@xtec.cat)<br \/>\n<\/span><\/span><\/p>\n<p>(Podeu fer-los arribar els vostres comentaris o suggeriments a les seves b\u00fasties de correu)<\/p>\n<p>Acords del darrer consell escolar (19\/09\/2025):<\/p>\n<p><span style=\"font-weight: 400;\">1.- Es fa una esmena al calendari del curs 2025-2026, perqu\u00e8 a posteriori de la seva aprovaci\u00f3, l\u2019Ajuntament de Figueres va decidir canviar el dia de lliure disposici\u00f3 del 29 d\u2019abril al 25 de maig (segona Pasqua). El curs acabar\u00e0 els dies 20\/21 maig.\u00a0<\/span><\/p>\n<p><span style=\"font-weight: 400;\">S\u2019aproven l\u2019acta i els acords previs.<\/span><\/p>\n<p><span style=\"font-weight: 400;\">2.- A dia d\u2019avui, tot i que la matr\u00edcula encara est\u00e0 oberta, hi ha 513 matr\u00edcules. Avui i durant el cap de setmana s\u2019han de matricular les persones en llistes d\u2019espera. S\u2019ha fet una campanya de difusi\u00f3 important per diferents mitjans, per\u00f2 encara hi ha pocs matriculats dels nivells m\u00e9s baixos de catal\u00e0. Al Consorci aquests cursos s\u00f3n gratu\u00efts.<\/span><\/p>\n<p><span style=\"font-weight: 400;\">Als cursos d\u2019oferta espec\u00edfica hi ha 9 matr\u00edcules a \u2018Vers le C2\u2019 i 33 preinscripcions a \u2018Itali\u00e0 A1.1\u2019.<\/span><\/p>\n<p><span style=\"font-weight: 400;\">3.- Es presenten les activitats culturals i els objectius anuals de la <\/span><span style=\"font-weight: 400;\">PGA<\/span><span style=\"font-weight: 400;\"> del curs 2025-2026. S\u2019aprova la PGA.<\/span><\/p>\n<p><span style=\"font-weight: 400;\">4.- Es presenten els objectius del nou <\/span><span style=\"font-weight: 400;\">Projecte de Direcci\u00f3<\/span><span style=\"font-weight: 400;\"> per al per\u00edode 2025-2029.<\/span><\/p>\n<p><span style=\"font-weight: 400;\">5.- S\u2019informa el consell escolar de les modificacions del pressupost.\u00a0<\/span><\/p>\n<p><span style=\"font-weight: 400;\">El Director explica que el passat 30 de juny es va fer el pagament de 15.000\u20ac a l\u2019Ajuntament de Figueres i el compte de l\u2019escola va quedar a m\u00ednims. El Director va parlar amb el Director de ST de Girona per demanar-li que ens paguessin almenys una part d\u2019aquest import. De moment no ho han fet. El Sr. Marc\u00e9 li va dir que l\u2019Ajuntament havia fet una proposta de quants diners haur\u00edem de pagar que serien un 45.000\u20ac anuals. L\u2019EOI rep uns 33.000\u20ac l\u2019any per a despeses de funcionament.<\/span><\/p>\n<p><span style=\"font-weight: 400;\">6.- S\u2019informa que el claustre ha votat que l\u2019obsequi per a l\u2019alumnat d\u2019enguany sigui una cantimplora amb el logo de l\u2019EOI. Aquest es donar\u00e0 a l\u2019alumnat abans de Nadal, un cop hagi finalitzat el per\u00edode de ren\u00fancia de matr\u00edcula.<\/span><\/p>\n<p><span style=\"font-weight: 400;\">7.- El Director comenta que ara hi ha una cuina-office a la planta de baix i que s\u2019informar\u00e0 al claustre que s\u2019ha de dinar en aquest espai i no als despatxos per tal de no destorbar la resta de companys amb les olors.<\/span><\/p>\n","protected":false},"excerpt":{"rendered":"<p>Atenci\u00f3 al p\u00fablic<br \/>\nAdministrativa: Ana Maria Parra (secretaria@eoifigueres.cat)<br \/>\nBibliotec\u00e0ria: Montserrat Garcia (biblioteca@eoifigueres.cat)<br \/>\nConserge: Jaume Sala<br \/>\nEquip directiu<br \/>\nDirector: Joan Solanich (jsolanic@xtec.cat) (Perfil professional <a href=\"https:\/\/drive.google.com\/a\/xtec.cat\/file\/d\/1SOnHAaMgZ6FCNStFzQ-mS7JLLh5_nTSz\/view?usp=sharing\" target=\"_blank\" rel=\"noopener noreferrer\">aqu\u00ed<\/a>)<br \/>\nCap d&#8217;estudis: Estelle Girard (egirard@xtec.cat) (Perfil professional <a href=\"https:\/\/drive.google.com\/file\/d\/1o0ZspQcStiLHh34AISVP67BDtecmKFMj\/view?usp=sharing\">aqu\u00ed<\/a>)<br \/>\nSecret\u00e0ria: Nat\u00e0lia Verdalet (nverdale@xtec.cat) (Perfil professional <a href=\"https:\/\/drive.google.com\/file\/d\/1PX96_07EJwcPwds0-MihK05alRh9Amd8\/view?usp=sharing\" target=\"_blank\" rel=\"noopener noreferrer\">aqu\u00ed<\/a>)<br \/>\nCoordinadors<br \/>\nCap del departament d&#8217;angl\u00e8s:\u00a0Maria Josep&hellip;  <a href=\"https:\/\/agora-eoi.xtec.cat\/eoifigueres\/organigrama\/\" title=\"Read L&#8217;equip i la comunitat educativa\">Llegeix m\u00e9s\u00bb<\/a><\/p>\n","protected":false},"author":1,"featured_media":0,"parent":0,"menu_order":30,"comment_status":"closed","ping_status":"closed","template":"page-templates\/side-menu.php","meta":{"_bbp_topic_count":0,"_bbp_reply_count":0,"_bbp_total_topic_count":0,"_bbp_total_reply_count":0,"_bbp_voice_count":0,"_bbp_anonymous_reply_count":0,"_bbp_topic_count_hidden":0,"_bbp_reply_count_hidden":0,"_bbp_forum_subforum_count":0,"footnotes":""},"class_list":["post-8141","page","type-page","status-publish","hentry"],"post_mailing_queue_ids":[],"_links":{"self":[{"href":"https:\/\/agora-eoi.xtec.cat\/eoifigueres\/wp-json\/wp\/v2\/pages\/8141","targetHints":{"allow":["GET"]}}],"collection":[{"href":"https:\/\/agora-eoi.xtec.cat\/eoifigueres\/wp-json\/wp\/v2\/pages"}],"about":[{"href":"https:\/\/agora-eoi.xtec.cat\/eoifigueres\/wp-json\/wp\/v2\/types\/page"}],"author":[{"embeddable":true,"href":"https:\/\/agora-eoi.xtec.cat\/eoifigueres\/wp-json\/wp\/v2\/users\/1"}],"replies":[{"embeddable":true,"href":"https:\/\/agora-eoi.xtec.cat\/eoifigueres\/wp-json\/wp\/v2\/comments?post=8141"}],"version-history":[{"count":6,"href":"https:\/\/agora-eoi.xtec.cat\/eoifigueres\/wp-json\/wp\/v2\/pages\/8141\/revisions"}],"predecessor-version":[{"id":12312,"href":"https:\/\/agora-eoi.xtec.cat\/eoifigueres\/wp-json\/wp\/v2\/pages\/8141\/revisions\/12312"}],"wp:attachment":[{"href":"https:\/\/agora-eoi.xtec.cat\/eoifigueres\/wp-json\/wp\/v2\/media?parent=8141"}],"curies":[{"name":"wp","href":"https:\/\/api.w.org\/{rel}","templated":true}]}}