{"id":797,"date":"2021-07-05T12:25:57","date_gmt":"2021-07-05T10:25:57","guid":{"rendered":"https:\/\/agora-eoi.xtec.cat\/eoifigueres\/?page_id=797"},"modified":"2024-05-30T15:09:58","modified_gmt":"2024-05-30T13:09:58","slug":"presentacio","status":"publish","type":"page","link":"https:\/\/agora-eoi.xtec.cat\/eoifigueres\/presentacio\/","title":{"rendered":"Qui som"},"content":{"rendered":"<p>L&#8217;<strong>Escola Oficial d&#8217;Idiomes de Figueres (EOI Figueres) <\/strong>est\u00e0 situada al Centre de Formaci\u00f3 Integrat Ferran Sunyer i Balaguer de la Ronda Sud, 3.\u00a0 \u00c9s un centre p\u00fablic, no universitari, d&#8217;ensenyament d&#8217;idiomes moderns que imparteix des de 2003 els ensenyaments especialitzats regulats per la Llei Org\u00e0nica d&#8217;Educaci\u00f3 (LOE).<\/p>\n<p><iframe loading=\"lazy\" src=\"https:\/\/drive.google.com\/file\/d\/1BXnwRSvuSsXmM7sVPnNzsc_BpT4JpFYJ\/preview\" width=\"640\" height=\"480\"><\/iframe><\/p>\n<p><strong>Missi\u00f3<\/strong><\/p>\n<p>L\u2019Escola Oficial d\u2019Idiomes de Figueres \u00e9s un centre educatiu d\u2019\u00e0mbit comarcal d\u2019ensenyament reglat d\u2019idiomes (alemany, angl\u00e8s, catal\u00e0 i franc\u00e8s) que imparteix i certifica fins el C2 de les EOI d\u2019acord amb el marc com\u00fa de refer\u00e8ncia del Consell d\u2019Europa, i alhora contribueix al coneixement dels idiomes a la societat.<\/p>\n<p><strong>Visi\u00f3<\/strong><\/p>\n<p>L\u2019EOI de Figueres vol consolidar-se com a centre de refer\u00e8ncia en l\u2019ensenyament i aprenentatge de lleng\u00fces amb un ensenyament actiu que promou la cohesi\u00f3 i els intercanvis a l\u2019aula.<\/p>\n<p><strong>Valors<\/strong><\/p>\n<ol>\n<li>\u00a0 Cooperaci\u00f3 i treball entre els departaments pedag\u00f2gics.<\/li>\n<li>\u00a0 Autonomia de l\u2019alumne\/a com a protagonista actiu del proc\u00e9s d\u2019ensenyament-aprenentatge-avaluaci\u00f3.<\/li>\n<li>\u00a0 Innovaci\u00f3 tant pedag\u00f2gica com en l\u2019\u00fas de les noves tecnologies.<\/li>\n<li>\u00a0 Voluntat de col\u00b7laboraci\u00f3 i obertura a l\u2019entorn.<\/li>\n<li>\u00a0 Valoraci\u00f3 de la progressi\u00f3 de l\u2019alumnat i seguiment individualitzat.<\/li>\n<\/ol>\n<p>Les Escoles Oficials d&#8217;Idiomes tamb\u00e9 gestionen les certificacions acad\u00e8miques corresponents a aquests ensenyaments especialitzats. <strong>Aquestes certificacions s\u00f3n reconegudes arreu de l&#8217;Estat espanyol, s\u00f3n les \u00faniques oficials<\/strong>, estan validades pel Consell d&#8217;Europa per mitj\u00e0 del Marc Europeu de Refer\u00e8ncia i es poden obtenir tant en convocat\u00f2ria oficial, com en convocat\u00f2ria lliure.<\/p>\n<p><strong>Programa de qualitat i Millora Cont\u00ednua.<\/strong><\/p>\n<p>L&#8217;Escola ha obtingut el segell de la Norma ISO 9001 l&#8217;any 2016 i vol continuar progressant cap als seus objectius com a centre educatiu p\u00fablic mitjan\u00e7ant el Sistema de Gesti\u00f3 de la Qualitat. Declara que compleix els requisits legals i reglamentaris de la norma ISO 9001. La direcci\u00f3 es compromet a la millora continua mitjan\u00e7ant la prevenci\u00f3 de riscos i la detecci\u00f3 d&#8217;oportunitats de millora. <em>L\u2019abast d\u2019aquest SQM inclour\u00e0 els ensenyaments reglats impartits al centre. <\/em>Per tal de fer-ho i tenint present all\u00f2 que la distingeix expressat en el seu Projecte Educatiu de Centre pretenem que el Pla de Qualitat ajudi a:<\/p>\n<ul>\n<li>Gestionar el treball diari col\u00b7laboratiu entre departaments assegurant la satisfacci\u00f3 de tots els participants en el proc\u00e9s clau d\u2019ensenyament i aprenentatge.<\/li>\n<li>Continuar innovant la l\u00ednia pedag\u00f2gica de l\u2019escola adaptant-la als nous temps.<\/li>\n<li>Potenciar l\u2019autonomia i la participaci\u00f3 de l\u2019alumnat.<\/li>\n<\/ul>\n<p><strong>Marc legal<br \/>\n<\/strong>Els ensenyaments de les EOI a Catalunya s&#8217;inscriuen en el marc legal administratiu establert en els seg\u00fcents documents:<\/p>\n<ul>\n<li>Llei Org\u00e0nica 2\/2006, de 3 de maig, d&#8217;educaci\u00f3 (BOE 106, de 04\/05\/2006)<\/li>\n<li>Reial Decret 1629\/2006, de 29 de desembre, pel qual es fixen els aspectes b\u00e0sics del curr\u00edculum dels ensenyaments d\u2019idiomes de r\u00e8gim especial regulades per la Llei Org\u00e0nica 2\/2006, de 3 de maig.<\/li>\n<li>Decret 4\/2009, de 13 de gener, pel qual s&#8217;estableix l&#8217;ordenaci\u00f3 i el curr\u00edculum dels ensenyaments d&#8217;idiomes de r\u00e8gim especial per a l&#8217;\u00e0mbit de Catalunya <span style=\"text-decoration: underline;\"><em><a href=\"https:\/\/portaljuridic.gencat.cat\/ca\/document-del-pjur\/?documentId=498005\">(DOGC 5297 de 15\/01\/2009)<\/a><\/em><\/span><del><\/del><\/li>\n<\/ul>\n<p><strong>Marc europeu com\u00fa<\/strong><\/p>\n<p>El pla d&#8217;estudis a les EOI s&#8217;estructura en tres nivells segons el nou curr\u00edculum dels ensenyaments d&#8217;idiomes establert a la LOE (Llei Org\u00e0nica d\u2019Educaci\u00f3 2\/2006, de 3 de maig). Poden comparar-se amb els nivells descrits pel Marc Europeu de Refer\u00e8ncia publicat pel Consell d&#8217;Europa.<\/p>\n<ul>\n<li><a href=\"https:\/\/llengua.gencat.cat\/ca\/serveis\/informacio_i_difusio\/publicacions_en_linia\/classific_temes\/temes_materials_didactics\/marc_europeu_de_referencia_per_a_les_llengues\" target=\"_blank\" rel=\"noopener noreferrer\">El Marc europeu com\u00fa de refer\u00e8ncia (MECR) <\/a><\/li>\n<li><a href=\"http:\/\/www.coe.int\/en\/web\/portfolio\" target=\"_blank\" rel=\"noopener noreferrer\">European Language Portfolio<\/a><\/li>\n<li><a href=\"http:\/\/www.ecml.at\/mtp2\/fte\/pdf\/C3_Epostl_E.pdf\" target=\"_blank\" rel=\"noopener noreferrer\">Portfolio per als professors d&#8217;idiomes<\/a><\/li>\n<li><a href=\"http:\/\/www.coe.int\/t\/dg4\/linguistic\/Manuel1_EN.asp#TopOfPage\" target=\"_blank\" rel=\"noopener noreferrer\">Manual per a relacionar ex\u00e0mens amb el Marc Com\u00fa de Refer\u00e8ncia<\/a><\/li>\n<\/ul>\n<p><strong>M\u00e9s informaci\u00f3<\/strong><\/p>\n<ul>\n<li>Apartat de les <a href=\"http:\/\/xtec.gencat.cat\/ca\/curriculum\/idiomes-a-les-eoi\/\">Escoles Oficials d&#8217;Idiomes a les EOI. XTEC<\/a><\/li>\n<\/ul>\n<p><iframe loading=\"lazy\" src=\"https:\/\/www.youtube.com\/embed\/qjSOW7lHlf4\" width=\"560\" height=\"315\" frameborder=\"0\"><\/iframe><\/p>\n","protected":false},"excerpt":{"rendered":"<p>L&#8217;Escola Oficial d&#8217;Idiomes de Figueres (EOI Figueres) est\u00e0 situada al Centre de Formaci\u00f3 Integrat Ferran Sunyer i Balaguer de la Ronda Sud, 3.\u00a0 \u00c9s un centre p\u00fablic, no universitari, d&#8217;ensenyament d&#8217;idiomes moderns que imparteix des de 2003 els ensenyaments especialitzats regulats per la Llei Org\u00e0nica&hellip;  <a href=\"https:\/\/agora-eoi.xtec.cat\/eoifigueres\/presentacio\/\" title=\"Read Qui som\">Llegeix m\u00e9s\u00bb<\/a><\/p>\n","protected":false},"author":1,"featured_media":0,"parent":0,"menu_order":10,"comment_status":"closed","ping_status":"closed","template":"page-templates\/side-menu.php","meta":{"_bbp_topic_count":0,"_bbp_reply_count":0,"_bbp_total_topic_count":0,"_bbp_total_reply_count":0,"_bbp_voice_count":0,"_bbp_anonymous_reply_count":0,"_bbp_topic_count_hidden":0,"_bbp_reply_count_hidden":0,"_bbp_forum_subforum_count":0,"footnotes":""},"class_list":["post-797","page","type-page","status-publish","hentry"],"post_mailing_queue_ids":[],"_links":{"self":[{"href":"https:\/\/agora-eoi.xtec.cat\/eoifigueres\/wp-json\/wp\/v2\/pages\/797","targetHints":{"allow":["GET"]}}],"collection":[{"href":"https:\/\/agora-eoi.xtec.cat\/eoifigueres\/wp-json\/wp\/v2\/pages"}],"about":[{"href":"https:\/\/agora-eoi.xtec.cat\/eoifigueres\/wp-json\/wp\/v2\/types\/page"}],"author":[{"embeddable":true,"href":"https:\/\/agora-eoi.xtec.cat\/eoifigueres\/wp-json\/wp\/v2\/users\/1"}],"replies":[{"embeddable":true,"href":"https:\/\/agora-eoi.xtec.cat\/eoifigueres\/wp-json\/wp\/v2\/comments?post=797"}],"version-history":[{"count":4,"href":"https:\/\/agora-eoi.xtec.cat\/eoifigueres\/wp-json\/wp\/v2\/pages\/797\/revisions"}],"predecessor-version":[{"id":11629,"href":"https:\/\/agora-eoi.xtec.cat\/eoifigueres\/wp-json\/wp\/v2\/pages\/797\/revisions\/11629"}],"wp:attachment":[{"href":"https:\/\/agora-eoi.xtec.cat\/eoifigueres\/wp-json\/wp\/v2\/media?parent=797"}],"curies":[{"name":"wp","href":"https:\/\/api.w.org\/{rel}","templated":true}]}}