{"id":8459,"date":"2016-06-15T09:06:11","date_gmt":"2016-06-15T08:06:11","guid":{"rendered":"http:\/\/agora-eoi.xtec.cat\/eoiesplugues\/?page_id=8459"},"modified":"2025-09-19T11:13:58","modified_gmt":"2025-09-19T09:13:58","slug":"horaris","status":"publish","type":"page","link":"https:\/\/agora-eoi.xtec.cat\/eoiesplugues\/italia\/horaris\/","title":{"rendered":"Horaris i professorat"},"content":{"rendered":"<p><a href=\"http:\/\/agora-eoi.xtec.cat\/eoiesplugues\/wp-content\/uploads\/usu2243\/2016\/06\/Clock-96.png\" rel=\"attachment wp-att-8695\"><img loading=\"lazy\" decoding=\"async\" class=\"wp-image-8695 alignleft\" src=\"http:\/\/agora-eoi.xtec.cat\/eoiesplugues\/wp-content\/uploads\/usu2243\/2016\/06\/Clock-96.png\" alt=\"Clock-96\" width=\"68\" height=\"68\" \/><\/a><\/p>\n<p><strong>Relaci\u00f3 de professorat i hores d\u2019atenci\u00f3 al p\u00fablic del Departament d&#8217;Itali\u00e0. <\/strong><strong style=\"font-family: inherit; font-size: 1em;\">Curs 2025-2026<\/strong><\/p>\n<table style=\"height: 526px; width: 65.7371%;\" width=\"515\">\n<tbody>\n<tr style=\"height: 31px;\">\n<td style=\"text-align: center; height: 31px; width: 14.5418%;\"><strong>NIVELL<\/strong><\/td>\n<td style=\"text-align: center; height: 31px; width: 25.8964%;\"><strong>DIA<\/strong><\/td>\n<td style=\"text-align: center; height: 31px; width: 35.162%;\"><strong>HORA<\/strong><\/td>\n<td style=\"text-align: center; height: 31px; width: 43.1894%;\"><strong>PROFESSOR\/A<\/strong><\/td>\n<td style=\"text-align: center; height: 31px; width: 54.094%;\"><strong>AULA<\/strong><\/td>\n<\/tr>\n<tr style=\"height: 46px;\">\n<td style=\"text-align: center; height: 46px; width: 14.5418%;\"><strong>A1<\/strong><\/td>\n<td style=\"text-align: center; height: 46px; width: 25.8964%;\"><strong>dt\/dj<\/strong><\/td>\n<td style=\"text-align: center; height: 46px; width: 35.162%;\"><strong>16.30 &#8211; 18.45<\/strong><\/td>\n<td style=\"text-align: center; height: 46px; width: 43.1894%;\"><strong>Francesca Aug\u00e9<\/strong><\/td>\n<td style=\"text-align: center; height: 46px; width: 54.094%;\"><strong>29<\/strong><\/td>\n<\/tr>\n<tr style=\"height: 46px;\">\n<td style=\"text-align: center; height: 46px; width: 14.5418%;\"><strong>A1<\/strong><\/td>\n<td style=\"text-align: center; height: 46px; width: 25.8964%;\"><strong>dijous (semi)*<\/strong><\/td>\n<td style=\"text-align: center; height: 46px; width: 35.162%;\"><strong>18.45 &#8211; 21.00<\/strong><\/td>\n<td style=\"text-align: center; height: 46px; width: 43.1894%;\"><strong>Francesca Aug\u00e9<\/strong><\/td>\n<td style=\"text-align: center; height: 46px; width: 54.094%;\"><strong>29<\/strong><\/td>\n<\/tr>\n<tr style=\"height: 31px;\">\n<td style=\"text-align: center; height: 31px; width: 172.884%;\" colspan=\"5\"><\/td>\n<\/tr>\n<tr style=\"height: 46px;\">\n<td style=\"text-align: center; height: 46px; width: 14.5418%;\"><strong>A2<\/strong><\/td>\n<td style=\"text-align: center; height: 46px; width: 25.8964%;\"><strong>dt\/dj<\/strong><\/td>\n<td style=\"text-align: center; height: 46px; width: 35.162%;\"><strong>16.30 &#8211; 18.45<\/strong><\/td>\n<td style=\"text-align: center; height: 46px; width: 43.1894%;\"><strong>Milka Piccio<\/strong><\/td>\n<td style=\"text-align: center; height: 46px; width: 54.094%;\"><strong>13<\/strong><\/td>\n<\/tr>\n<tr style=\"height: 46px;\">\n<td style=\"text-align: center; height: 46px; width: 14.5418%;\"><strong>A2<\/strong><\/td>\n<td style=\"text-align: center; height: 46px; width: 25.8964%;\"><strong>dijous (semi)*<\/strong><\/td>\n<td style=\"text-align: center; height: 46px; width: 35.162%;\"><strong>18.45 &#8211; 21.00<\/strong><\/td>\n<td style=\"text-align: center; height: 46px; width: 43.1894%;\"><strong>Milka Piccio\u00a0<\/strong><\/td>\n<td style=\"text-align: center; height: 46px; width: 54.094%;\"><strong>13<\/strong><\/td>\n<\/tr>\n<tr style=\"height: 31px;\">\n<td style=\"text-align: center; height: 31px; width: 172.884%;\" colspan=\"5\"><\/td>\n<\/tr>\n<tr style=\"height: 46px;\">\n<td style=\"text-align: center; height: 46px; width: 14.5418%;\"><strong>B1<\/strong><\/td>\n<td style=\"text-align: center; height: 46px; width: 25.8964%;\"><strong>dimecres (semi)*<\/strong><\/td>\n<td style=\"text-align: center; height: 46px; width: 35.162%;\"><strong>18.45 &#8211; 21.00<\/strong><\/td>\n<td style=\"text-align: center; height: 46px; width: 43.1894%;\"><strong>Milka Piccio<\/strong><\/td>\n<td style=\"text-align: center; height: 46px; width: 54.094%;\"><strong>13<\/strong><\/td>\n<\/tr>\n<tr style=\"height: 31px;\">\n<td style=\"text-align: center; height: 31px; width: 172.884%;\" colspan=\"5\"><\/td>\n<\/tr>\n<tr style=\"height: 46px;\">\n<td style=\"text-align: center; height: 46px; width: 14.5418%;\"><strong>B2.1<\/strong><\/td>\n<td style=\"text-align: center; height: 46px; width: 25.8964%;\"><strong>dl\/dc<\/strong><\/td>\n<td style=\"text-align: center; height: 46px; width: 35.162%;\"><strong>18.45 &#8211; 21.00<\/strong><\/td>\n<td style=\"text-align: center; height: 46px; width: 43.1894%;\"><strong>Toni Tena<\/strong><\/td>\n<td style=\"text-align: center; height: 46px; width: 54.094%;\"><strong>27<\/strong><\/td>\n<\/tr>\n<tr>\n<td style=\"text-align: center; width: 172.884%;\" colspan=\"5\"><strong>\u00a0<\/strong><\/td>\n<\/tr>\n<tr>\n<td style=\"text-align: center; width: 14.5418%;\"><strong>B2.2<\/strong><\/td>\n<td style=\"text-align: center; width: 25.8964%;\"><strong>dl\/dc<\/strong><\/td>\n<td style=\"text-align: center; width: 35.162%;\"><strong>16.30 &#8211; 18.45<\/strong><\/td>\n<td style=\"text-align: center; width: 43.1894%;\"><strong>Toni Tena<\/strong><\/td>\n<td style=\"text-align: center; width: 54.094%;\"><strong>27<\/strong><\/td>\n<\/tr>\n<\/tbody>\n<\/table>\n<p><b>*<strong>Grup semipresencial<\/strong>: <\/b>Tindr\u00e0 el mateix nombre d&#8217;hores de classe que la resta de grups. Els alumnes hauran de venir a l\u2019escola el dia indicat. La resta d\u2019hores lectives correspondran a tasques a fer seguint les directrius del seu professorat.<\/p>\n<p><strong>\u00a0Horaris d&#8217;atenci\u00f3 (provisional):<\/strong><\/p>\n<table style=\"width: 87.7344%; height: 177px;\">\n<tbody>\n<tr style=\"height: 32px;\">\n<td style=\"width: 31.4229%; text-align: center; height: 32px;\"><strong>Professor\/a<\/strong><\/td>\n<td style=\"width: 37.8169%; text-align: center; height: 32px;\"><strong>Horari d&#8217;atenci\u00f3<\/strong><\/td>\n<td style=\"width: 51.9064%; text-align: center; height: 32px;\"><strong>Correu electr\u00f2nic<\/strong><\/td>\n<\/tr>\n<tr style=\"height: 65px;\">\n<td style=\"width: 31.4229%; text-align: left; height: 65px;\">Francesca Aug\u00e9<\/td>\n<td style=\"width: 37.8169%; height: 65px;\"><span style=\"font-weight: 400;\">Dijous de 14.30h a 15.30h<\/span><\/td>\n<td style=\"width: 51.9064%; text-align: left; height: 65px;\"><a href=\"mailto:fauge@eoiesplugues.org\">fauge@eoiesplugues.org<\/a><\/td>\n<\/tr>\n<tr style=\"height: 48px;\">\n<td style=\"width: 31.4229%; text-align: left; height: 48px;\">Milka Piccio<\/td>\n<td style=\"width: 37.8169%; text-align: left; height: 48px;\">Dimarts i dijous de 18h a 18.30h<\/td>\n<td style=\"width: 51.9064%; text-align: left; height: 48px;\"><a href=\"mailto:tpiccio@xtec.cat\" target=\"_blank\" rel=\"noopener noreferrer\">tpiccio@xtec.cat<\/a><\/td>\n<\/tr>\n<tr style=\"height: 32px;\">\n<td style=\"width: 31.4229%; text-align: left; height: 32px;\">Toni Tena<\/td>\n<td style=\"width: 37.8169%; text-align: center; height: 32px;\">&#8212;-<\/td>\n<td style=\"width: 51.9064%; text-align: center; height: 32px;\">&#8212;<\/td>\n<\/tr>\n<\/tbody>\n<\/table>\n<p><!--a=1--><\/p>\n<p><!--a=1--><\/p>\n<p><!--a=1--><\/p>\n","protected":false},"excerpt":{"rendered":"<p>Relaci\u00f3 de professorat i hores d\u2019atenci\u00f3 al p\u00fablic del Departament d&#8217;Itali\u00e0. Curs 2025-2026 NIVELL DIA HORA PROFESSOR\/A AULA A1 dt\/dj 16.30 &#8211; 18.45 Francesca Aug\u00e9 29 A1 dijous (semi)* 18.45 &#8211; 21.00 Francesca Aug\u00e9 29 A2 dt\/dj 16.30 &#8211; 18.45 Milka Piccio 13 A2 dijous (semi)* 18.45 &#8211; 21.00 Milka Piccio\u00a0 13 B1 dimecres (semi)* [&hellip;]<\/p>\n","protected":false},"author":1,"featured_media":0,"parent":8455,"menu_order":10,"comment_status":"closed","ping_status":"closed","template":"","meta":{"_bbp_topic_count":0,"_bbp_reply_count":0,"_bbp_total_topic_count":0,"_bbp_total_reply_count":0,"_bbp_voice_count":0,"_bbp_anonymous_reply_count":0,"_bbp_topic_count_hidden":0,"_bbp_reply_count_hidden":0,"_bbp_forum_subforum_count":0,"site-sidebar-layout":"default","site-content-layout":"","ast-site-content-layout":"default","site-content-style":"default","site-sidebar-style":"default","ast-global-header-display":"","ast-banner-title-visibility":"","ast-main-header-display":"","ast-hfb-above-header-display":"","ast-hfb-below-header-display":"","ast-hfb-mobile-header-display":"","site-post-title":"","ast-breadcrumbs-content":"","ast-featured-img":"","footer-sml-layout":"","theme-transparent-header-meta":"","adv-header-id-meta":"","stick-header-meta":"","header-above-stick-meta":"","header-main-stick-meta":"","header-below-stick-meta":"","astra-migrate-meta-layouts":"set","ast-page-background-enabled":"default","ast-page-background-meta":{"desktop":{"background-color":"var(--ast-global-color-4)","background-image":"","background-repeat":"repeat","background-position":"center center","background-size":"auto","background-attachment":"scroll","background-type":"","background-media":"","overlay-type":"","overlay-color":"","overlay-opacity":"","overlay-gradient":""},"tablet":{"background-color":"","background-image":"","background-repeat":"repeat","background-position":"center center","background-size":"auto","background-attachment":"scroll","background-type":"","background-media":"","overlay-type":"","overlay-color":"","overlay-opacity":"","overlay-gradient":""},"mobile":{"background-color":"","background-image":"","background-repeat":"repeat","background-position":"center center","background-size":"auto","background-attachment":"scroll","background-type":"","background-media":"","overlay-type":"","overlay-color":"","overlay-opacity":"","overlay-gradient":""}},"ast-content-background-meta":{"desktop":{"background-color":"var(--ast-global-color-5)","background-image":"","background-repeat":"repeat","background-position":"center center","background-size":"auto","background-attachment":"scroll","background-type":"","background-media":"","overlay-type":"","overlay-color":"","overlay-opacity":"","overlay-gradient":""},"tablet":{"background-color":"var(--ast-global-color-5)","background-image":"","background-repeat":"repeat","background-position":"center center","background-size":"auto","background-attachment":"scroll","background-type":"","background-media":"","overlay-type":"","overlay-color":"","overlay-opacity":"","overlay-gradient":""},"mobile":{"background-color":"var(--ast-global-color-5)","background-image":"","background-repeat":"repeat","background-position":"center center","background-size":"auto","background-attachment":"scroll","background-type":"","background-media":"","overlay-type":"","overlay-color":"","overlay-opacity":"","overlay-gradient":""}},"footnotes":""},"class_list":["post-8459","page","type-page","status-publish","hentry"],"post_mailing_queue_ids":[],"_links":{"self":[{"href":"https:\/\/agora-eoi.xtec.cat\/eoiesplugues\/wp-json\/wp\/v2\/pages\/8459","targetHints":{"allow":["GET"]}}],"collection":[{"href":"https:\/\/agora-eoi.xtec.cat\/eoiesplugues\/wp-json\/wp\/v2\/pages"}],"about":[{"href":"https:\/\/agora-eoi.xtec.cat\/eoiesplugues\/wp-json\/wp\/v2\/types\/page"}],"author":[{"embeddable":true,"href":"https:\/\/agora-eoi.xtec.cat\/eoiesplugues\/wp-json\/wp\/v2\/users\/1"}],"replies":[{"embeddable":true,"href":"https:\/\/agora-eoi.xtec.cat\/eoiesplugues\/wp-json\/wp\/v2\/comments?post=8459"}],"version-history":[{"count":6,"href":"https:\/\/agora-eoi.xtec.cat\/eoiesplugues\/wp-json\/wp\/v2\/pages\/8459\/revisions"}],"predecessor-version":[{"id":13582,"href":"https:\/\/agora-eoi.xtec.cat\/eoiesplugues\/wp-json\/wp\/v2\/pages\/8459\/revisions\/13582"}],"up":[{"embeddable":true,"href":"https:\/\/agora-eoi.xtec.cat\/eoiesplugues\/wp-json\/wp\/v2\/pages\/8455"}],"wp:attachment":[{"href":"https:\/\/agora-eoi.xtec.cat\/eoiesplugues\/wp-json\/wp\/v2\/media?parent=8459"}],"curies":[{"name":"wp","href":"https:\/\/api.w.org\/{rel}","templated":true}]}}