{"id":8164,"date":"2016-06-08T17:00:04","date_gmt":"2016-06-08T16:00:04","guid":{"rendered":"http:\/\/agora-eoi.xtec.cat\/eoiesplugues\/?page_id=8164"},"modified":"2024-06-19T11:37:37","modified_gmt":"2024-06-19T09:37:37","slug":"alumnes-antics","status":"publish","type":"page","link":"https:\/\/agora-eoi.xtec.cat\/eoiesplugues\/secretaria\/matricula\/alumnes-antics\/","title":{"rendered":"Antics alumnes"},"content":{"rendered":"<p>Es considera un alumne &#8220;antic&#8221; a qualsevol persona matriculada en un curs oficial d\u2019un idioma en aquesta escola l\u2019any acad\u00e8mic immediatament anterior.<\/p>\n<p><strong>Normes i procediment abreujat<\/strong><\/p>\n<p>La matr\u00edcula s&#8217;efectuar\u00e0 telem\u00e0ticament durant la primera quinzena del mes de juliol. Hi haur\u00e0 diferents dies i franges hor\u00e0ries en funci\u00f3 del nivell i de la qualificaci\u00f3 obtinguda en el curs que s&#8217;ha acabat de realitzar.<\/p>\n<p>Per fer aquesta matr\u00edcula, l\u2019alumnat haur\u00e0 d\u2019entrar a l\u2019<a href=\"https:\/\/www.informaticacentros.com\/centrosnet\/ultralogin.php?tcentro=EOI&amp;centro=B26\" target=\"_blank\" rel=\"noopener noreferrer\">aplicatiu<\/a> des del qual far\u00e0 la gesti\u00f3. Aquest aplicatiu obrir\u00e0 cada nou termini el dia i hora que s\u2019indica al calendari, sense tancar l\u2019anterior franja.<\/p>\n<p>No est\u00e0 perm\u00e8s matricular-se com a alumnat oficial i lliure del mateix idioma, dintre del mateix any acad\u00e8mic.<\/p>\n<p>Els candidats s\u2019han de matricular en un horari que els vagi b\u00e9, ja que els canvis d\u2019horari nom\u00e9s s\u2019acceptaran, segons la disponibilitat de places, en casos especials i justificats documentalment, per un canvi de circumst\u00e0ncies vitals posteriors a la data de matr\u00edcula.<\/p>\n<p>Els alumnes que es matriculin dins del calendari establert, <strong>no<\/strong> podran preinscriure\u2019s de la mateixa llengua i curs en una altra escola amb la intenci\u00f3 de traslladar-hi la matr\u00edcula feta. El trasllat de matr\u00edcula d\u2019una escola a una altra nom\u00e9s es pot fer durant el curs i en el cas que l\u2019escola a la qual es vulgui traslladar disposi de places.<\/p>\n<p><strong>Matr\u00edcula d&#8217;actualitzaci\u00f3<\/strong><\/p>\n<p>Les persones que ja\u00a0<strong>hagin cursat i superat amb anterioritat cursos de les escoles oficials d\u2019idiomes,<\/strong>\u00a0i que vulguin actualitzar-ne els coneixements,\u00a0<strong>poden sol\u00b7licitar matricular-se en l\u2019\u00faltim curs realitzat o en qualsevol dels cursos inferiors.<\/strong><\/p>\n<p>La sol\u00b7licitud per a aquest tipus de matr\u00edcula s\u2019ha de presentar al centre\u00a0<strong>un cop finalitzat el per\u00edode d\u2019admissi\u00f3<\/strong>, i nom\u00e9s s\u2019admet si existeixen vacants en el curs i l\u2019idioma sol\u00b7licitat. La sol\u00b7licitud \u00e9s valida \u00fanicament per al curs acad\u00e8mic en qu\u00e8 se sol\u00b7licita i s\u2019ha de tornar a presentar per a cursos acad\u00e8mics posteriors, si l\u2019alumne ho vol.<\/p>\n<p>Aquest tipus de matr\u00edcula no t\u00e9 efectes acad\u00e8mics ni dona lloc a cap certificat oficial. La qualificaci\u00f3 que es fa constar a l\u2019expedient acad\u00e8mic de l\u2019alumne \u00e9s de \u201cno qualificat\/ada\u201d.<\/p>\n<p>En el cas dels cursos que condueixen a l\u2019obtenci\u00f3 d\u2019un certificat, els alumnes en aquesta situaci\u00f3 acad\u00e8mica\u00a0<strong>no tenen dret a sol\u00b7licitar una nova expedici\u00f3 del certificat obtingut anteriorment<\/strong>, per\u00f2 poden sol\u00b7licitar un certificat d\u2019actualitzaci\u00f3 al centre on estiguin matriculats.<\/p>\n<p>Pel que fa al preu del servei, aquests alumnes han de pagar la\u00a0<a href=\"https:\/\/www.eoibd.cat\/ca\/matricules\/cursos-oficials\/taxes-2\/\" target=\"_blank\" rel=\"noopener noreferrer\">taxa o el preu p\u00fablic<\/a>\u00a0corresponent, sense penalitzaci\u00f3 per repetici\u00f3.<\/p>\n<p><strong>No tindran reserva de matr\u00edcula com antic alumnat<\/strong> i l\u2019any acad\u00e8mic seg\u00fcent hauran de fer preinscripci\u00f3 i sorteig com a nou alumnat per al curs seg\u00fcent.<\/p>\n<p>&nbsp;<\/p>\n<p>&nbsp;<\/p>\n","protected":false},"excerpt":{"rendered":"<p>Es considera un alumne &#8220;antic&#8221; a qualsevol persona matriculada en un curs oficial d\u2019un idioma en aquesta escola l\u2019any acad\u00e8mic immediatament anterior. Normes i procediment abreujat La matr\u00edcula s&#8217;efectuar\u00e0 telem\u00e0ticament durant la primera quinzena del mes de juliol. Hi haur\u00e0 diferents dies i franges hor\u00e0ries en funci\u00f3 del nivell i de la qualificaci\u00f3 obtinguda en [&hellip;]<\/p>\n","protected":false},"author":1,"featured_media":0,"parent":8161,"menu_order":10,"comment_status":"closed","ping_status":"closed","template":"page-templates\/side-menu.php","meta":{"_bbp_topic_count":0,"_bbp_reply_count":0,"_bbp_total_topic_count":0,"_bbp_total_reply_count":0,"_bbp_voice_count":0,"_bbp_anonymous_reply_count":0,"_bbp_topic_count_hidden":0,"_bbp_reply_count_hidden":0,"_bbp_forum_subforum_count":0,"site-sidebar-layout":"default","site-content-layout":"","ast-site-content-layout":"","site-content-style":"default","site-sidebar-style":"default","ast-global-header-display":"","ast-banner-title-visibility":"","ast-main-header-display":"","ast-hfb-above-header-display":"","ast-hfb-below-header-display":"","ast-hfb-mobile-header-display":"","site-post-title":"","ast-breadcrumbs-content":"","ast-featured-img":"","footer-sml-layout":"","theme-transparent-header-meta":"","adv-header-id-meta":"","stick-header-meta":"","header-above-stick-meta":"","header-main-stick-meta":"","header-below-stick-meta":"","astra-migrate-meta-layouts":"default","ast-page-background-enabled":"default","ast-page-background-meta":{"desktop":{"background-color":"var(--ast-global-color-4)","background-image":"","background-repeat":"repeat","background-position":"center center","background-size":"auto","background-attachment":"scroll","background-type":"","background-media":"","overlay-type":"","overlay-color":"","overlay-opacity":"","overlay-gradient":""},"tablet":{"background-color":"","background-image":"","background-repeat":"repeat","background-position":"center center","background-size":"auto","background-attachment":"scroll","background-type":"","background-media":"","overlay-type":"","overlay-color":"","overlay-opacity":"","overlay-gradient":""},"mobile":{"background-color":"","background-image":"","background-repeat":"repeat","background-position":"center center","background-size":"auto","background-attachment":"scroll","background-type":"","background-media":"","overlay-type":"","overlay-color":"","overlay-opacity":"","overlay-gradient":""}},"ast-content-background-meta":{"desktop":{"background-color":"var(--ast-global-color-5)","background-image":"","background-repeat":"repeat","background-position":"center center","background-size":"auto","background-attachment":"scroll","background-type":"","background-media":"","overlay-type":"","overlay-color":"","overlay-opacity":"","overlay-gradient":""},"tablet":{"background-color":"var(--ast-global-color-5)","background-image":"","background-repeat":"repeat","background-position":"center center","background-size":"auto","background-attachment":"scroll","background-type":"","background-media":"","overlay-type":"","overlay-color":"","overlay-opacity":"","overlay-gradient":""},"mobile":{"background-color":"var(--ast-global-color-5)","background-image":"","background-repeat":"repeat","background-position":"center center","background-size":"auto","background-attachment":"scroll","background-type":"","background-media":"","overlay-type":"","overlay-color":"","overlay-opacity":"","overlay-gradient":""}},"footnotes":""},"class_list":["post-8164","page","type-page","status-publish","hentry"],"post_mailing_queue_ids":[],"_links":{"self":[{"href":"https:\/\/agora-eoi.xtec.cat\/eoiesplugues\/wp-json\/wp\/v2\/pages\/8164","targetHints":{"allow":["GET"]}}],"collection":[{"href":"https:\/\/agora-eoi.xtec.cat\/eoiesplugues\/wp-json\/wp\/v2\/pages"}],"about":[{"href":"https:\/\/agora-eoi.xtec.cat\/eoiesplugues\/wp-json\/wp\/v2\/types\/page"}],"author":[{"embeddable":true,"href":"https:\/\/agora-eoi.xtec.cat\/eoiesplugues\/wp-json\/wp\/v2\/users\/1"}],"replies":[{"embeddable":true,"href":"https:\/\/agora-eoi.xtec.cat\/eoiesplugues\/wp-json\/wp\/v2\/comments?post=8164"}],"version-history":[{"count":5,"href":"https:\/\/agora-eoi.xtec.cat\/eoiesplugues\/wp-json\/wp\/v2\/pages\/8164\/revisions"}],"predecessor-version":[{"id":12989,"href":"https:\/\/agora-eoi.xtec.cat\/eoiesplugues\/wp-json\/wp\/v2\/pages\/8164\/revisions\/12989"}],"up":[{"embeddable":true,"href":"https:\/\/agora-eoi.xtec.cat\/eoiesplugues\/wp-json\/wp\/v2\/pages\/8161"}],"wp:attachment":[{"href":"https:\/\/agora-eoi.xtec.cat\/eoiesplugues\/wp-json\/wp\/v2\/media?parent=8164"}],"curies":[{"name":"wp","href":"https:\/\/api.w.org\/{rel}","templated":true}]}}