{"id":11792,"date":"2022-03-01T18:48:55","date_gmt":"2022-03-01T17:48:55","guid":{"rendered":"https:\/\/agora-eoi.xtec.cat\/eoiesplugues\/?page_id=11792"},"modified":"2023-11-02T09:15:19","modified_gmt":"2023-11-02T08:15:19","slug":"documentacio-basica","status":"publish","type":"page","link":"https:\/\/agora-eoi.xtec.cat\/eoiesplugues\/edc\/cultura-digital\/documentacio-basica\/","title":{"rendered":"Documentaci\u00f3 b\u00e0sica"},"content":{"rendered":"<p>La cultura digital apareix en pr\u00e0cticament tots els documents b\u00e0sics del centre. A continuaci\u00f3 es remarquen els aspectes m\u00e9s importants de cada un d\u2019ells.<\/p>\n<p><a href=\"https:\/\/agora-eoi.xtec.cat\/eoiesplugues\/wp-content\/uploads\/usu2243\/2023\/11\/PEC-2023.pdf\" target=\"_blank\" rel=\"noopener\">PEC<\/a><\/p>\n<p><a href=\"https:\/\/agora-eoi.xtec.cat\/eoiesplugues\/wp-content\/uploads\/usu2243\/2023\/11\/NOFC-2023.pdf\" target=\"_blank\" rel=\"noopener\">NOFC<\/a><\/p>\n<p>&nbsp;<\/p>\n<h3 id=\"h.5gayjj4uflgc\" class=\"c25\"><span class=\"c18\">Comissions del claustre<\/span><\/h3>\n<p class=\"c4\"><span class=\"c8\">Comissi\u00f3 d&#8217;Estrat\u00e8gia Digital<\/span><span class=\"c3\">: assumiran les seves funcions el Director Herbert Wiedemann, la Coordinadora digital (Anna Berrios), la Secret\u00e0ria (Francesca Aug\u00e9) i la Coordinadora de comunicaci\u00f3 global (Francesca J\u00e1ndula). Es reuniran peri\u00f2dicament, en general durant una hora quinzenal.<\/span><\/p>\n<p>&nbsp;<\/p>\n<h3 id=\"h.t7ukloz8eont\" class=\"c25\"><span class=\"c18\">Coordinador Digital<\/span><\/h3>\n<p class=\"c0\"><span class=\"c3\">Aquest c\u00e0rrec l\u2019assumeix la Coordinadora digital, que ha obtingut el perfil professional espec\u00edfic i les seves funcions s\u00f3n:<\/span><\/p>\n<ol class=\"c6 lst-kix_kezppe7vy20y-1 start\" start=\"1\">\n<li class=\"c2 li-bullet-0\"><span class=\"c3\">Proposar a l&#8217;equip directiu del centre els criteris per a la utilitzaci\u00f3 i l&#8217;optimitzaci\u00f3 dels recursos inform\u00e0tics i per a l&#8217;adquisici\u00f3 de nous recursos.<\/span><\/li>\n<li class=\"c2 li-bullet-0\"><span class=\"c3\">Assessorar l&#8217;equip directiu, el professorat i el personal d&#8217;administraci\u00f3 i serveis del centres en l&#8217;\u00fas de les aplicacions de gesti\u00f3 acad\u00e8mica del Departament d&#8217;Educaci\u00f3.<\/span><\/li>\n<li class=\"c2 li-bullet-0\"><span class=\"c3\">Vetllar pel manteniment de les instal\u00b7lacions i els equipaments inform\u00e0tics i telem\u00e0tics del centre.<\/span><\/li>\n<li class=\"c2 li-bullet-0\"><span class=\"c3\">Assessorar l\u2019equip directiu en la implantaci\u00f3 i en l\u2019\u00fas de programari de gesti\u00f3 de centre (certificats electr\u00f2nics\u2026).<\/span><\/li>\n<li class=\"c2 li-bullet-0\"><span class=\"c15\">Gestionar les petites incid\u00e8ncies amb els ordinadors<\/span><span class=\"c3\">.<\/span><\/li>\n<li>Administrar els usuaris i els cursos i les c\u00f2pies de seguretat a l&#8217;entorn virtual d&#8217;aprenentatge Moodle.<\/li>\n<li class=\"c2 li-bullet-0\"><span class=\"c3\">Assignar les adreces del professorat i gestionar el domini de G Suite for education.<\/span><\/li>\n<li class=\"c2 li-bullet-0\"><span class=\"c3\">Coordinar el desplegament de la compet\u00e8ncia digital docent.<\/span><\/li>\n<li class=\"c2 li-bullet-0\"><span class=\"c3\">Fer propostes de millora a l&#8217;equip directiu relacionades amb els recursos inform\u00e0tics i telem\u00e0tics que li pugui atribuir el Departament d&#8217;Educaci\u00f3.<\/span><\/li>\n<li>Acollir e informar al professorat nou en tot el que tingui relaci\u00f3 amb les TIC.<\/li>\n<li>Implementar la Formaci\u00f3 interna de centre (FIC)<\/li>\n<\/ol>\n<p>&nbsp;<\/p>\n<h3 id=\"h.lt83qcmbt89c\" class=\"c22\"><span class=\"c28\">Formaci\u00f3<\/span><\/h3>\n<p class=\"c0\"><span class=\"c3\">En la mostra escola tindr\u00e0 un lloc especialment rellevant la formaci\u00f3 docent interna i peri\u00f2dica per actualitzar la metodologia, el domini de les tecnologies (TAC) i facilitar a tot l\u2019equip docent la implementaci\u00f3 d\u2019aquests recursos a l\u2019aula. Durant el curs 2022-2023, la nostra Formaci\u00f3 interna de centre (FIC) s&#8217;implementar\u00e0 durant els mesos de setembre de 2022 i abril de 2023 i segueixen els preceptes del Pla d&#8217;educaci\u00f3 digital de Catalunya (PEDC)<\/span><\/p>\n<p>&nbsp;<\/p>\n<h3>Projecte de Direcci\u00f3<\/h3>\n<p>El projecte de direcci\u00f3 nom\u00e9s cita l\u2019objectiu del PEC respecte a la cultura digital i assumeix els objectius, accions i planificaci\u00f3 que ja est\u00e0 detallada en aquesta Estrat\u00e8gia Digital de Centre (EDC).<\/p>\n","protected":false},"excerpt":{"rendered":"<p>La cultura digital apareix en pr\u00e0cticament tots els documents b\u00e0sics del centre. A continuaci\u00f3 es remarquen els aspectes m\u00e9s importants de cada un d\u2019ells. PEC NOFC &nbsp; Comissions del claustre Comissi\u00f3 d&#8217;Estrat\u00e8gia Digital: assumiran les seves funcions el Director Herbert Wiedemann, la Coordinadora digital (Anna Berrios), la Secret\u00e0ria (Francesca Aug\u00e9) i la Coordinadora de comunicaci\u00f3 [&hellip;]<\/p>\n","protected":false},"author":1,"featured_media":0,"parent":11789,"menu_order":10,"comment_status":"closed","ping_status":"closed","template":"page-templates\/side-menu.php","meta":{"_bbp_topic_count":0,"_bbp_reply_count":0,"_bbp_total_topic_count":0,"_bbp_total_reply_count":0,"_bbp_voice_count":0,"_bbp_anonymous_reply_count":0,"_bbp_topic_count_hidden":0,"_bbp_reply_count_hidden":0,"_bbp_forum_subforum_count":0,"site-sidebar-layout":"default","site-content-layout":"","ast-site-content-layout":"","site-content-style":"default","site-sidebar-style":"default","ast-global-header-display":"","ast-banner-title-visibility":"","ast-main-header-display":"","ast-hfb-above-header-display":"","ast-hfb-below-header-display":"","ast-hfb-mobile-header-display":"","site-post-title":"","ast-breadcrumbs-content":"","ast-featured-img":"","footer-sml-layout":"","theme-transparent-header-meta":"","adv-header-id-meta":"","stick-header-meta":"","header-above-stick-meta":"","header-main-stick-meta":"","header-below-stick-meta":"","astra-migrate-meta-layouts":"default","ast-page-background-enabled":"default","ast-page-background-meta":{"desktop":{"background-color":"var(--ast-global-color-4)","background-image":"","background-repeat":"repeat","background-position":"center center","background-size":"auto","background-attachment":"scroll","background-type":"","background-media":"","overlay-type":"","overlay-color":"","overlay-opacity":"","overlay-gradient":""},"tablet":{"background-color":"","background-image":"","background-repeat":"repeat","background-position":"center center","background-size":"auto","background-attachment":"scroll","background-type":"","background-media":"","overlay-type":"","overlay-color":"","overlay-opacity":"","overlay-gradient":""},"mobile":{"background-color":"","background-image":"","background-repeat":"repeat","background-position":"center center","background-size":"auto","background-attachment":"scroll","background-type":"","background-media":"","overlay-type":"","overlay-color":"","overlay-opacity":"","overlay-gradient":""}},"ast-content-background-meta":{"desktop":{"background-color":"var(--ast-global-color-5)","background-image":"","background-repeat":"repeat","background-position":"center center","background-size":"auto","background-attachment":"scroll","background-type":"","background-media":"","overlay-type":"","overlay-color":"","overlay-opacity":"","overlay-gradient":""},"tablet":{"background-color":"var(--ast-global-color-5)","background-image":"","background-repeat":"repeat","background-position":"center center","background-size":"auto","background-attachment":"scroll","background-type":"","background-media":"","overlay-type":"","overlay-color":"","overlay-opacity":"","overlay-gradient":""},"mobile":{"background-color":"var(--ast-global-color-5)","background-image":"","background-repeat":"repeat","background-position":"center center","background-size":"auto","background-attachment":"scroll","background-type":"","background-media":"","overlay-type":"","overlay-color":"","overlay-opacity":"","overlay-gradient":""}},"footnotes":""},"class_list":["post-11792","page","type-page","status-publish","hentry"],"post_mailing_queue_ids":[],"_links":{"self":[{"href":"https:\/\/agora-eoi.xtec.cat\/eoiesplugues\/wp-json\/wp\/v2\/pages\/11792","targetHints":{"allow":["GET"]}}],"collection":[{"href":"https:\/\/agora-eoi.xtec.cat\/eoiesplugues\/wp-json\/wp\/v2\/pages"}],"about":[{"href":"https:\/\/agora-eoi.xtec.cat\/eoiesplugues\/wp-json\/wp\/v2\/types\/page"}],"author":[{"embeddable":true,"href":"https:\/\/agora-eoi.xtec.cat\/eoiesplugues\/wp-json\/wp\/v2\/users\/1"}],"replies":[{"embeddable":true,"href":"https:\/\/agora-eoi.xtec.cat\/eoiesplugues\/wp-json\/wp\/v2\/comments?post=11792"}],"version-history":[{"count":4,"href":"https:\/\/agora-eoi.xtec.cat\/eoiesplugues\/wp-json\/wp\/v2\/pages\/11792\/revisions"}],"predecessor-version":[{"id":12830,"href":"https:\/\/agora-eoi.xtec.cat\/eoiesplugues\/wp-json\/wp\/v2\/pages\/11792\/revisions\/12830"}],"up":[{"embeddable":true,"href":"https:\/\/agora-eoi.xtec.cat\/eoiesplugues\/wp-json\/wp\/v2\/pages\/11789"}],"wp:attachment":[{"href":"https:\/\/agora-eoi.xtec.cat\/eoiesplugues\/wp-json\/wp\/v2\/media?parent=11792"}],"curies":[{"name":"wp","href":"https:\/\/api.w.org\/{rel}","templated":true}]}}