{"id":11249,"date":"2020-10-07T17:21:39","date_gmt":"2020-10-07T15:21:39","guid":{"rendered":"https:\/\/agora-eoi.xtec.cat\/eoiesplugues\/?page_id=11249"},"modified":"2022-07-13T13:46:26","modified_gmt":"2022-07-13T11:46:26","slug":"contacte","status":"publish","type":"page","link":"https:\/\/agora-eoi.xtec.cat\/eoiesplugues\/secretaria\/contacte\/","title":{"rendered":"Contacte"},"content":{"rendered":"<h3>Dades de contacte<\/h3>\n<p><strong>Adre\u00e7a<\/strong><\/p>\n<p>Carretera Laure\u00e0 Mir\u00f3, 63 (Parc Can Vidalet)<\/p>\n<p>08950 Esplugues de Llobregat<\/p>\n<p>Barcelona<\/p>\n<p><strong>Tel\u00e8fon <\/strong>\u00a093 470 50 40<\/p>\n<p><strong>email Secretaria <\/strong>\u00a0<a href=\"mailto:eoiesplugues@xtec.cat\" target=\"_blank\" rel=\"noopener noreferrer\">eoiesplugues<span class=\"\">@xtec.cat<\/span><\/a> (gestions acad\u00e8miques, matr\u00edcula, expedici\u00f3 de t\u00edtols, sol\u00b7licituds&#8230;)<\/p>\n<p>Per consultes concretes amb els departaments de lleng\u00fces, adreceu-vos a:<\/p>\n<p><a href=\"mailto:pcathrin@xtec.cat\" target=\"_blank\" rel=\"noopener noreferrer\">Departament d&#8217;alemany<\/a><\/p>\n<p><a href=\"mailto:berriosanna@gmail.com\" target=\"_blank\" rel=\"noopener noreferrer\">Departament d&#8217;angl\u00e8s<\/a><\/p>\n<p><a href=\"mailto:cflumian@xtec.cat\" target=\"_blank\" rel=\"noopener noreferrer\">Departament de franc\u00e8s<\/a><\/p>\n<p><a href=\"mailto:tpiccio@xtec.cat\" target=\"_blank\" rel=\"noopener noreferrer\">Departament d&#8217;itali\u00e0<\/a><\/p>\n","protected":false},"excerpt":{"rendered":"<p>Dades de contacte Adre\u00e7a Carretera Laure\u00e0 Mir\u00f3, 63 (Parc Can Vidalet) 08950 Esplugues de Llobregat Barcelona Tel\u00e8fon \u00a093 470 50 40 email Secretaria \u00a0eoiesplugues@xtec.cat (gestions acad\u00e8miques, matr\u00edcula, expedici\u00f3 de t\u00edtols, sol\u00b7licituds&#8230;) Per consultes concretes amb els departaments de lleng\u00fces, adreceu-vos a: Departament d&#8217;alemany Departament d&#8217;angl\u00e8s Departament de franc\u00e8s Departament d&#8217;itali\u00e0<\/p>\n","protected":false},"author":1,"featured_media":0,"parent":8358,"menu_order":0,"comment_status":"closed","ping_status":"closed","template":"page-templates\/side-menu.php","meta":{"_bbp_topic_count":0,"_bbp_reply_count":0,"_bbp_total_topic_count":0,"_bbp_total_reply_count":0,"_bbp_voice_count":0,"_bbp_anonymous_reply_count":0,"_bbp_topic_count_hidden":0,"_bbp_reply_count_hidden":0,"_bbp_forum_subforum_count":0,"site-sidebar-layout":"default","site-content-layout":"","ast-site-content-layout":"","site-content-style":"default","site-sidebar-style":"default","ast-global-header-display":"","ast-banner-title-visibility":"","ast-main-header-display":"","ast-hfb-above-header-display":"","ast-hfb-below-header-display":"","ast-hfb-mobile-header-display":"","site-post-title":"","ast-breadcrumbs-content":"","ast-featured-img":"","footer-sml-layout":"","theme-transparent-header-meta":"","adv-header-id-meta":"","stick-header-meta":"","header-above-stick-meta":"","header-main-stick-meta":"","header-below-stick-meta":"","astra-migrate-meta-layouts":"default","ast-page-background-enabled":"default","ast-page-background-meta":{"desktop":{"background-color":"var(--ast-global-color-4)","background-image":"","background-repeat":"repeat","background-position":"center center","background-size":"auto","background-attachment":"scroll","background-type":"","background-media":"","overlay-type":"","overlay-color":"","overlay-opacity":"","overlay-gradient":""},"tablet":{"background-color":"","background-image":"","background-repeat":"repeat","background-position":"center center","background-size":"auto","background-attachment":"scroll","background-type":"","background-media":"","overlay-type":"","overlay-color":"","overlay-opacity":"","overlay-gradient":""},"mobile":{"background-color":"","background-image":"","background-repeat":"repeat","background-position":"center center","background-size":"auto","background-attachment":"scroll","background-type":"","background-media":"","overlay-type":"","overlay-color":"","overlay-opacity":"","overlay-gradient":""}},"ast-content-background-meta":{"desktop":{"background-color":"var(--ast-global-color-5)","background-image":"","background-repeat":"repeat","background-position":"center center","background-size":"auto","background-attachment":"scroll","background-type":"","background-media":"","overlay-type":"","overlay-color":"","overlay-opacity":"","overlay-gradient":""},"tablet":{"background-color":"var(--ast-global-color-5)","background-image":"","background-repeat":"repeat","background-position":"center center","background-size":"auto","background-attachment":"scroll","background-type":"","background-media":"","overlay-type":"","overlay-color":"","overlay-opacity":"","overlay-gradient":""},"mobile":{"background-color":"var(--ast-global-color-5)","background-image":"","background-repeat":"repeat","background-position":"center center","background-size":"auto","background-attachment":"scroll","background-type":"","background-media":"","overlay-type":"","overlay-color":"","overlay-opacity":"","overlay-gradient":""}},"footnotes":""},"class_list":["post-11249","page","type-page","status-publish","hentry"],"post_mailing_queue_ids":[],"_links":{"self":[{"href":"https:\/\/agora-eoi.xtec.cat\/eoiesplugues\/wp-json\/wp\/v2\/pages\/11249","targetHints":{"allow":["GET"]}}],"collection":[{"href":"https:\/\/agora-eoi.xtec.cat\/eoiesplugues\/wp-json\/wp\/v2\/pages"}],"about":[{"href":"https:\/\/agora-eoi.xtec.cat\/eoiesplugues\/wp-json\/wp\/v2\/types\/page"}],"author":[{"embeddable":true,"href":"https:\/\/agora-eoi.xtec.cat\/eoiesplugues\/wp-json\/wp\/v2\/users\/1"}],"replies":[{"embeddable":true,"href":"https:\/\/agora-eoi.xtec.cat\/eoiesplugues\/wp-json\/wp\/v2\/comments?post=11249"}],"version-history":[{"count":3,"href":"https:\/\/agora-eoi.xtec.cat\/eoiesplugues\/wp-json\/wp\/v2\/pages\/11249\/revisions"}],"predecessor-version":[{"id":12031,"href":"https:\/\/agora-eoi.xtec.cat\/eoiesplugues\/wp-json\/wp\/v2\/pages\/11249\/revisions\/12031"}],"up":[{"embeddable":true,"href":"https:\/\/agora-eoi.xtec.cat\/eoiesplugues\/wp-json\/wp\/v2\/pages\/8358"}],"wp:attachment":[{"href":"https:\/\/agora-eoi.xtec.cat\/eoiesplugues\/wp-json\/wp\/v2\/media?parent=11249"}],"curies":[{"name":"wp","href":"https:\/\/api.w.org\/{rel}","templated":true}]}}