{"id":8747,"date":"2016-06-20T16:17:58","date_gmt":"2016-06-20T15:17:58","guid":{"rendered":"http:\/\/agora-eoi.xtec.cat\/eoielprat\/?page_id=8747"},"modified":"2021-10-26T20:17:25","modified_gmt":"2021-10-26T18:17:25","slug":"recursos-dautoaprenentatge","status":"publish","type":"page","link":"https:\/\/agora-eoi.xtec.cat\/eoielprat\/frances\/recursos-dautoaprenentatge\/","title":{"rendered":"Recursos d&#8217;autoaprenentatge"},"content":{"rendered":"<p><a href=\"http:\/\/agora-eoi.xtec.cat\/eoielprat\/wp-content\/uploads\/usu2244\/2016\/06\/Box-Filled-96.png\" rel=\"attachment wp-att-8684\"><img loading=\"lazy\" decoding=\"async\" class=\" wp-image-8684 alignleft\" src=\"http:\/\/agora-eoi.xtec.cat\/eoielprat\/wp-content\/uploads\/usu2244\/2016\/06\/Box-Filled-96.png\" alt=\"Box Filled-96\" width=\"81\" height=\"81\" \/><\/a>A continuaci\u00f3 destaquem alguns recursos \u00fatils per a tots els nivells de franc\u00e8s:<\/p>\n<table border=\"2\">\n<tbody>\n<tr>\n<td><a href=\"http:\/\/www.larousse.com\/fr\/dictionnaires\/francais-monolingue\" target=\"_blank\" rel=\"noopener\">Diccionaris<\/a><br \/>\nCe dictionnaire permet de consulter un dictionnaire de fran\u00e7ais, un dictionnaire des synonymes et contraires, un dictionnaire des expressions et un dictionnaire des homonymes.<\/td>\n<td><a href=\"http:\/\/phonetique.free.fr\/\" target=\"_blank\" rel=\"noopener\">Fon\u00e8tica<\/a><br \/>\nDans les pages de ce site vous trouverez des pr\u00e9sentations sonores (de l\u2019alphabet fran\u00e7ais et de l\u2019alphabet phon\u00e9tique international) ainsi que des exercices de discrimination et des jeux pour vous aider \u00e0 appr\u00e9hender les nouveaux sons et rythmes du fran\u00e7ais.<\/td>\n<\/tr>\n<tr>\n<td><a href=\"http:\/\/leconjugueur.lefigaro.fr\/\" target=\"_blank\" rel=\"noopener\">Conjugador de verbs<\/a><br \/>\nPour conjuguer correctement les verbes.<\/td>\n<td><a href=\"http:\/\/www.tv5.org\/TV5Site\/7-jours\/\" target=\"_blank\" rel=\"noopener\">Materials d&#8217;\u00e0udio<\/a><br \/>\nCette page permet d\u2019apprendre le fran\u00e7ais avec l\u2019actualit\u00e9. Ce sont des exercices en ligne, renouvel\u00e9s tous les 15 jours. Chaque document est accompagn\u00e9 d\u2019une transcription, d\u2019un r\u00e9sum\u00e9 et de 3 fiches d\u2019activit\u00e9s pour les niveaux A2, B1, B2.<\/td>\n<\/tr>\n<tr>\n<td><a href=\"http:\/\/www.acapela-group.fr\/text-to-speech-interactive-demo.html\" target=\"_blank\" rel=\"noopener\">Conversor de text a veu<\/a><br \/>\nSynth\u00e8se vocale (entrer une phrase et \u00e9couter la prononciation).<\/td>\n<td><a href=\"http:\/\/www.lepointdufle.net\/\" target=\"_blank\" rel=\"noopener\">Material virtual de diversos nivells<\/a><br \/>\nSite qui fait\u00a0le point sur les meilleures ressources de fran\u00e7ais disponibles gratuitement sur l\u2019Internet.<\/td>\n<\/tr>\n<tr>\n<td colspan=\"2\"><a href=\"http:\/\/blogs.uab.cat\/activitatsautoaprenentatge\/?s=franc%C3%A8s\" target=\"_blank\" rel=\"noopener\">Fitxes d&#8217;autoaprenentatge<\/a><br \/>\nExercices d&#8217;auto-apprentissage sur objectifs sp\u00e9cifiques et explicites.<\/td>\n<\/tr>\n<\/tbody>\n<\/table>\n","protected":false},"excerpt":{"rendered":"<p><a href=\"http:\/\/agora-eoi.xtec.cat\/eoielprat\/wp-content\/uploads\/usu2244\/2016\/06\/Box-Filled-96.png\" rel=\"attachment wp-att-8684\"><\/a>A continuaci\u00f3 destaquem alguns recursos \u00fatils per a tots els nivells de franc\u00e8s:<\/p>\n<p><a href=\"http:\/\/www.larousse.com\/fr\/dictionnaires\/francais-monolingue\" target=\"_blank\" rel=\"noopener\">Diccionaris<\/a><br \/>\nCe dictionnaire permet de consulter un dictionnaire de fran\u00e7ais, un dictionnaire des synonymes et contraires, un dictionnaire des expressions et un dictionnaire des homonymes.<br \/>\n<a href=\"http:\/\/phonetique.free.fr\/\" target=\"_blank\" rel=\"noopener\">Fon\u00e8tica<\/a><br \/>\nDans&hellip;  <a href=\"https:\/\/agora-eoi.xtec.cat\/eoielprat\/frances\/recursos-dautoaprenentatge\/\" title=\"Read Recursos d&#8217;autoaprenentatge\">Llegeix m\u00e9s\u00bb<\/a><\/p>\n","protected":false},"author":1,"featured_media":0,"parent":8195,"menu_order":80,"comment_status":"closed","ping_status":"closed","template":"page-templates\/side-menu.php","meta":{"_bbp_topic_count":0,"_bbp_reply_count":0,"_bbp_total_topic_count":0,"_bbp_total_reply_count":0,"_bbp_voice_count":0,"_bbp_anonymous_reply_count":0,"_bbp_topic_count_hidden":0,"_bbp_reply_count_hidden":0,"_bbp_forum_subforum_count":0,"footnotes":""},"class_list":["post-8747","page","type-page","status-publish","hentry"],"post_mailing_queue_ids":[],"_links":{"self":[{"href":"https:\/\/agora-eoi.xtec.cat\/eoielprat\/wp-json\/wp\/v2\/pages\/8747","targetHints":{"allow":["GET"]}}],"collection":[{"href":"https:\/\/agora-eoi.xtec.cat\/eoielprat\/wp-json\/wp\/v2\/pages"}],"about":[{"href":"https:\/\/agora-eoi.xtec.cat\/eoielprat\/wp-json\/wp\/v2\/types\/page"}],"author":[{"embeddable":true,"href":"https:\/\/agora-eoi.xtec.cat\/eoielprat\/wp-json\/wp\/v2\/users\/1"}],"replies":[{"embeddable":true,"href":"https:\/\/agora-eoi.xtec.cat\/eoielprat\/wp-json\/wp\/v2\/comments?post=8747"}],"version-history":[{"count":3,"href":"https:\/\/agora-eoi.xtec.cat\/eoielprat\/wp-json\/wp\/v2\/pages\/8747\/revisions"}],"predecessor-version":[{"id":10703,"href":"https:\/\/agora-eoi.xtec.cat\/eoielprat\/wp-json\/wp\/v2\/pages\/8747\/revisions\/10703"}],"up":[{"embeddable":true,"href":"https:\/\/agora-eoi.xtec.cat\/eoielprat\/wp-json\/wp\/v2\/pages\/8195"}],"wp:attachment":[{"href":"https:\/\/agora-eoi.xtec.cat\/eoielprat\/wp-json\/wp\/v2\/media?parent=8747"}],"curies":[{"name":"wp","href":"https:\/\/api.w.org\/{rel}","templated":true}]}}