{"id":8377,"date":"2016-06-13T13:50:10","date_gmt":"2016-06-13T12:50:10","guid":{"rendered":"http:\/\/agora-eoi.xtec.cat\/eoielprat\/?page_id=8377"},"modified":"2026-03-02T12:53:33","modified_gmt":"2026-03-02T11:53:33","slug":"expedicio-de-titols","status":"publish","type":"page","link":"https:\/\/agora-eoi.xtec.cat\/eoielprat\/secretaria\/expedicio-de-titols\/","title":{"rendered":"Expedici\u00f3 de t\u00edtols"},"content":{"rendered":"<p><strong>Nivells b\u00e0sic A2 i intermedi B1<br \/>\n<\/strong><\/p>\n<p>L\u2019alumnat que hagi superat el curs A2 (2n) obt\u00e9 el Certificat de Nivell B\u00e0sic A2.<br \/>\nL\u2019alumnat oficial de B1 (3r) o els candidats o candidates lliures que hagin superat les proves corresponents obtenen el Certificat de Nivell Intermedi B1.<\/p>\n<p><strong>Procediment:<\/strong><\/p>\n<ul>\n<li>Una vegada publicades les qualificacions i acabat el termini de reclamacions, podreu enviar un correu a secretaria@eoidelprat.cat, adjuntant el vostre DNI per davant i per darrere, sol\u00b7licitant el certificat oficial A2 o B1. La tramitaci\u00f3 trigar\u00e0 3 o 4 dies. Son gratu\u00efts.<\/li>\n<\/ul>\n<p><strong>Nivell Intermedi B2 i Nivell Avan\u00e7at C1 i C2<\/strong><\/p>\n<ul>\n<li>L\u2019alumnat oficial del Nivell Intermedi B2 o els candidats o candidates lliures que hagin superat les proves corresponents obtenen el Certificat de Nivell Intermedi B2.<\/li>\n<li>L\u2019alumnat que superi la prova de C1 obt\u00e9 el Certificat de Nivell Avan\u00e7at C1.<\/li>\n<li>L&#8217;alumnat que superi la prova de C2.2 obt\u00e9 el Certificat de Nivell Avan\u00e7at C2<\/li>\n<\/ul>\n<p><strong>Procediment:<\/strong><\/p>\n<p><strong>El Departament d&#8217;Educaci\u00f3 informa:\u00a0<\/strong><\/p>\n<p><strong>Des del 2 de febrer de 2026<\/strong>, els certificats de nivell intermedi B2, avan\u00e7at C1 i avan\u00e7at C2 es tramiten des del Tramitador de la Generalitat de Catalunya.<\/p>\n<p>At\u00e8s que aquests certificats corresponen a ensenyaments no obligatoris, la seva tramitaci\u00f3 no s&#8217;inicia d&#8217;ofici sin\u00f3 que \u00e9s el mateix alumne qui haur\u00e0 de sol\u00b7licitar el seu t\u00edtol des del tr\u00e0mit espec\u00edfic\u00a0<strong><em>Tramitaci\u00f3 de t\u00edtols acad\u00e8mics i professionals no universitaris<\/em><\/strong>. Podeu trobar l&#8217;enlla\u00e7\u00a0<a href=\"https:\/\/tramits.gencat.cat\/ca\/tramits\/tramits-temes\/titols-academics-no-universitaris?category=742b7874-a82c-11e3-a972-000c29052e2c\">AQU\u00cd<\/a><\/p>\n<p>Un cop els alumnes es descarreguin el resguard des del tramitador, hauran de passar per Secretaria de l&#8217;escola per segellar-lo.<\/p>\n<p>Finalment, recordem que despr\u00e9s de rebre la notificaci\u00f3 de rebuda del certificat des de la secretaria de l&#8217;escola, cal recollir-lo personalment a la secretaria del centre amb el DNI, passaport o NIE i el resguard del pagament de les taxes.<\/p>\n<p><a href=\"https:\/\/educacio.gencat.cat\/ca\/departament\/normativa\/taxes-preus-publics\/taxes\/\" target=\"_blank\" rel=\"noopener\"><strong>TIPUS DE TAXES<\/strong><\/a><\/p>\n<p>(Certificats de nivell Intermedi B2 i Avan\u00e7at C1 i C2) Taxes vigents<\/p>\n<ul>\n<li>Ordin\u00e0ria: 78 \u20ac<\/li>\n<li>Fam\u00edlies nombroses generals o monoparentals: 39 \u20ac<\/li>\n<li>Fam\u00edlies nombroses de categoria especial: Exempts<\/li>\n<li>Discapacitat igual o superior al 33%: Exempts<\/li>\n<\/ul>\n<p>&nbsp;<\/p>\n","protected":false},"excerpt":{"rendered":"<p>Nivells b\u00e0sic A2 i intermedi B1<\/p>\n<p>L\u2019alumnat que hagi superat el curs A2 (2n) obt\u00e9 el Certificat de Nivell B\u00e0sic A2.<br \/>\nL\u2019alumnat oficial de B1 (3r) o els candidats o candidates lliures que hagin superat les proves corresponents obtenen el Certificat de Nivell Intermedi B1.<br \/>\nProcediment:<\/p>\n<ul>\n<li>Una vegada publicades&hellip;  <a href=\"https:\/\/agora-eoi.xtec.cat\/eoielprat\/secretaria\/expedicio-de-titols\/\" title=\"Read Expedici\u00f3 de t\u00edtols\">Llegeix m\u00e9s\u00bb<\/a><br \/>\n","protected":false},"author":1,"featured_media":0,"parent":8358,"menu_order":80,"comment_status":"closed","ping_status":"closed","template":"page-templates\/side-menu.php","meta":{"_bbp_topic_count":0,"_bbp_reply_count":0,"_bbp_total_topic_count":0,"_bbp_total_reply_count":0,"_bbp_voice_count":0,"_bbp_anonymous_reply_count":0,"_bbp_topic_count_hidden":0,"_bbp_reply_count_hidden":0,"_bbp_forum_subforum_count":0,"footnotes":""},"class_list":["post-8377","page","type-page","status-publish","hentry"],"post_mailing_queue_ids":[],"_links":{"self":[{"href":"https:\/\/agora-eoi.xtec.cat\/eoielprat\/wp-json\/wp\/v2\/pages\/8377","targetHints":{"allow":["GET"]}}],"collection":[{"href":"https:\/\/agora-eoi.xtec.cat\/eoielprat\/wp-json\/wp\/v2\/pages"}],"about":[{"href":"https:\/\/agora-eoi.xtec.cat\/eoielprat\/wp-json\/wp\/v2\/types\/page"}],"author":[{"embeddable":true,"href":"https:\/\/agora-eoi.xtec.cat\/eoielprat\/wp-json\/wp\/v2\/users\/1"}],"replies":[{"embeddable":true,"href":"https:\/\/agora-eoi.xtec.cat\/eoielprat\/wp-json\/wp\/v2\/comments?post=8377"}],"version-history":[{"count":6,"href":"https:\/\/agora-eoi.xtec.cat\/eoielprat\/wp-json\/wp\/v2\/pages\/8377\/revisions"}],"predecessor-version":[{"id":12458,"href":"https:\/\/agora-eoi.xtec.cat\/eoielprat\/wp-json\/wp\/v2\/pages\/8377\/revisions\/12458"}],"up":[{"embeddable":true,"href":"https:\/\/agora-eoi.xtec.cat\/eoielprat\/wp-json\/wp\/v2\/pages\/8358"}],"wp:attachment":[{"href":"https:\/\/agora-eoi.xtec.cat\/eoielprat\/wp-json\/wp\/v2\/media?parent=8377"}],"curies":[{"name":"wp","href":"https:\/\/api.w.org\/{rel}","templated":true}]}}