{"id":8166,"date":"2016-06-08T17:01:17","date_gmt":"2016-06-08T16:01:17","guid":{"rendered":"http:\/\/agora-eoi.xtec.cat\/eoielprat\/?page_id=8166"},"modified":"2025-09-09T13:28:56","modified_gmt":"2025-09-09T11:28:56","slug":"alumnes-nous","status":"publish","type":"page","link":"https:\/\/agora-eoi.xtec.cat\/eoielprat\/secretaria\/matricula\/alumnes-nous\/","title":{"rendered":"Alumnat nou"},"content":{"rendered":"<p>Qualsevol persona no matriculada en un curs oficial d\u2019un idioma a la nostra escola l\u2019any acad\u00e8mic immediatament anterior es considera nou alumnat d\u2019aquell idioma.<\/p>\n<p><span class=\"arial text12 gris3\"><b>PREINSCRIPCI\u00d3<br \/>\n<\/b><\/span><\/p>\n<p>La preinscripci\u00f3 \u00e9s un tr\u00e0mit obligatori per entrar com alumne\/a nou\/va a l&#8217;EOI del Prat. Es fa telem\u00e0ticament, podreu trobar m\u00e9s informaci\u00f3 en el nostre web en el mes de juliol.<\/p>\n<div class=\"editora\">\n<p>Es considera alumnat nou:<\/p>\n<ul>\n<li>Qui accedeixi per primera vegada a l\u2019EOI del Prat<\/li>\n<li>Qui comenci un altre idioma<\/li>\n<li>Qui hagi perdut l\u2019oficialitat<\/li>\n<li>Qui provingui d\u2019una altra EOI<\/li>\n<li>Alumnat lliures que vol esdevenir oficial<\/li>\n<\/ul>\n<p>La preinscripci\u00f3 pot ser per a:<\/p>\n<ul>\n<li><strong>Primer:<\/strong>\u00a0Si <strong>NO<\/strong> es tenen coneixements de l\u2019idioma o es vol <strong>comen\u00e7ar des de zero<\/strong>.<\/li>\n<li><strong>Test de nivell:<\/strong> Si <strong>es tenen coneixements<\/strong> de l\u2019idioma i es vol comen\u00e7ar des d\u2019un <strong>nivell superior a A1<\/strong>(1r) i <strong>NO<\/strong> es disposa d\u2019un <strong>CERTIFICAT<\/strong> de l\u2019idioma segons la taula d\u2019exempcions. En aquest cas caldr\u00e0 venir el dia assenyalat a fer el test de nivell.<\/li>\n<li><strong>A2, B1, B2.1, B2.2, C1 o C2.1:<\/strong> NOM\u00c9S si t\u00e9 <strong>aprovat el curs anterior en qualsevol EOI<\/strong> o si t\u00e9 un <strong>CERTIFICAT<\/strong> de l\u2019idioma segons la taula d\u2019exempcions. En aquest cas en el moment de fer la matr\u00edcula presencial ha de portar una fotoc\u00f2pia del certificat.<\/li>\n<\/ul>\n<p>La preinscripci\u00f3 es pot fer:<\/p>\n<ul>\n<li>Per via telem\u00e0tica. (consulteu horaris cada any al web)<\/li>\n<li>De manera presencial (en cas de no disposar d&#8217;Internet) a l&#8217;EOI<\/li>\n<\/ul>\n<p><b>Proves de nivell<\/b><\/p>\n<\/div>\n<p><a class=\"enllas\" href=\"https:\/\/preinscripcio.gencat.cat\/ca\/estudis\/idiomes-eoi\/informat\/test-nivell-a2-c1\/\" target=\"_blank\" rel=\"noopener noreferrer\">Taula d&#8217;exempcions test de nivell<\/a><\/p>\n<div class=\"editora\">\n<p>Les proves de nivell s\u00f3n online. Es realitzen des del web de preinscripci\u00f3 i matr\u00edcula.<\/p>\n<\/div>\n<p>&nbsp;<\/p>\n<p>&nbsp;<\/p>\n<p>&nbsp;<\/p>\n<div style=\"display: none;\"><\/div>\n<div style=\"display: none;\"><\/div>\n","protected":false},"excerpt":{"rendered":"<p>Qualsevol persona no matriculada en un curs oficial d\u2019un idioma a la nostra escola l\u2019any acad\u00e8mic immediatament anterior es considera nou alumnat d\u2019aquell idioma.<br \/>\nPREINSCRIPCI\u00d3<\/p>\n<p>La preinscripci\u00f3 \u00e9s un tr\u00e0mit obligatori per entrar com alumne\/a nou\/va a l&#8217;EOI del Prat. Es fa telem\u00e0ticament, podreu trobar m\u00e9s informaci\u00f3&hellip;  <a href=\"https:\/\/agora-eoi.xtec.cat\/eoielprat\/secretaria\/matricula\/alumnes-nous\/\" title=\"Read Alumnat nou\">Llegeix m\u00e9s\u00bb<\/a><\/p>\n","protected":false},"author":1,"featured_media":0,"parent":8161,"menu_order":20,"comment_status":"closed","ping_status":"closed","template":"page-templates\/side-menu.php","meta":{"_bbp_topic_count":0,"_bbp_reply_count":0,"_bbp_total_topic_count":0,"_bbp_total_reply_count":0,"_bbp_voice_count":0,"_bbp_anonymous_reply_count":0,"_bbp_topic_count_hidden":0,"_bbp_reply_count_hidden":0,"_bbp_forum_subforum_count":0,"footnotes":""},"class_list":["post-8166","page","type-page","status-publish","hentry"],"post_mailing_queue_ids":[],"_links":{"self":[{"href":"https:\/\/agora-eoi.xtec.cat\/eoielprat\/wp-json\/wp\/v2\/pages\/8166","targetHints":{"allow":["GET"]}}],"collection":[{"href":"https:\/\/agora-eoi.xtec.cat\/eoielprat\/wp-json\/wp\/v2\/pages"}],"about":[{"href":"https:\/\/agora-eoi.xtec.cat\/eoielprat\/wp-json\/wp\/v2\/types\/page"}],"author":[{"embeddable":true,"href":"https:\/\/agora-eoi.xtec.cat\/eoielprat\/wp-json\/wp\/v2\/users\/1"}],"replies":[{"embeddable":true,"href":"https:\/\/agora-eoi.xtec.cat\/eoielprat\/wp-json\/wp\/v2\/comments?post=8166"}],"version-history":[{"count":6,"href":"https:\/\/agora-eoi.xtec.cat\/eoielprat\/wp-json\/wp\/v2\/pages\/8166\/revisions"}],"predecessor-version":[{"id":12210,"href":"https:\/\/agora-eoi.xtec.cat\/eoielprat\/wp-json\/wp\/v2\/pages\/8166\/revisions\/12210"}],"up":[{"embeddable":true,"href":"https:\/\/agora-eoi.xtec.cat\/eoielprat\/wp-json\/wp\/v2\/pages\/8161"}],"wp:attachment":[{"href":"https:\/\/agora-eoi.xtec.cat\/eoielprat\/wp-json\/wp\/v2\/media?parent=8166"}],"curies":[{"name":"wp","href":"https:\/\/api.w.org\/{rel}","templated":true}]}}