{"id":9878,"date":"2021-04-20T22:26:50","date_gmt":"2021-04-20T20:26:50","guid":{"rendered":"https:\/\/agora-eoi.xtec.cat\/eoidelvendrell\/?page_id=9878"},"modified":"2026-04-23T15:09:00","modified_gmt":"2026-04-23T13:09:00","slug":"departament-dangles","status":"publish","type":"page","link":"https:\/\/agora-eoi.xtec.cat\/eoidelvendrell\/examens-finals-de-certificat\/departament-dangles\/","title":{"rendered":"Departament d&#8217;angl\u00e8s"},"content":{"rendered":"\n<p>Calendari de les <strong>proves d&#8217;angl\u00e8s<\/strong> de maig-juny de 2026:<\/p>\n\n\n\n<div class=\"wp-block-columns is-layout-flex wp-container-core-columns-is-layout-1 wp-block-columns-is-layout-flex\">\n<div class=\"wp-block-column is-layout-flow wp-block-column-is-layout-flow\" style=\"flex-basis:100%\">\n<figure class=\"wp-block-table\"><table><tbody><tr><td>Dilluns, 1 de juny<\/td><td><strong>15:30\u202fh<\/strong><\/td><td><strong>Certificat nivell Avan\u00e7at C1<\/strong><\/td><td><strong>Sala d&#8217;actes<\/strong><\/td><\/tr><tr><td>Dimarts, 26 de maig<\/td><td><strong>15:30\u202fh<\/strong><\/td><td><strong>Certificat nivell Intermedi B2<\/strong><\/td><td><strong>Sala d&#8217;actes<\/strong><\/td><\/tr><tr><td>Divendres, 29 de maig<\/td><td><strong>15:30\u202fh<\/strong><\/td><td><strong>Certificat nivell Intermedi B1<\/strong><\/td><td><strong>Sala d&#8217;actes<\/strong><\/td><\/tr><tr><td><\/td><td><strong>17:00\u202fh<\/strong><\/td><td><strong>A1 flexi A&nbsp;<\/strong><\/td><td><strong>Aula 20<\/strong><\/td><\/tr><tr><td><\/td><td><strong>17:00\u202fh<\/strong><\/td><td><strong>A1<\/strong><\/td><td><strong>Aula 22<\/strong><\/td><\/tr><tr><td><\/td><td><strong>17:00\u202fh<\/strong><\/td><td><strong>A1 flexi B<\/strong><\/td><td><strong>Aula 22<\/strong><\/td><\/tr><tr><td><\/td><td><strong>17:00\u202fh<\/strong><\/td><td><strong>A2&nbsp;<\/strong><\/td><td><strong>Aula 22<\/strong><\/td><\/tr><tr><td><\/td><td><strong>17:00\u202fh<\/strong><\/td><td><strong>B1 flexi A<\/strong><\/td><td><strong>Aula 24<\/strong><\/td><\/tr><tr><td><\/td><td><strong>17.00\u202fh<\/strong><\/td><td><strong>B2.1 escrit<\/strong><\/td><td><strong>Aula 20<\/strong><\/td><\/tr><tr><td><\/td><td><strong>17:00 h<\/strong><\/td><td><strong>B2.1 oral<\/strong><\/td><td><strong>Aula 20<\/strong><\/td><\/tr><\/tbody><\/table><\/figure>\n<\/div>\n<\/div>\n\n\n\n<p><\/p>\n\n\n\n<p><\/p>\n\n\n\n<p><\/p>\n\n\n\n<p><\/p>\n\n\n\n<p><\/p>\n\n\n\n<p><\/p>\n\n\n\n<p>Per a la realitzaci\u00f3 de les proves orals, l&#8217;alumnat haur\u00e0 d\u2019inscriure\u2019s en les graelles que el professorat far\u00e0 per a cada grup. En el cas de l&#8217;alumnat d&#8217;A1, A2, i B2.1 el termini per presentar inst\u00e0ncies sol\u00b7licitant canvis per a la realitzaci\u00f3 dels ex\u00e0mens s\u2019acabar\u00e0 el dia 19 de maig de 2025.<\/p>\n\n\n\n<p><strong>Requisits dels candidats a ex\u00e0mens oficials de certificat (B1, B2, C1):&nbsp;<\/strong><br>\u2022 Tots els candidats han de presentar-se a les proves amb el seu DNI, passaport, NIE o carnet de conduir vigent a Espanya i mostrar-lo quan li sigui requerit.<br>\u2022 Els candidats han de ser puntuals i presentar-se amb antelaci\u00f3 suficient a l\u2019hora de la convocat\u00f2ria.<br>\u2022 \u00c9s preferible usar bol\u00edgraf blau o negre no esborrables per a la realitzaci\u00f3 de l\u2019examen.<br>\u2022 No es permetran damunt de la taula m\u00e9s objectes que els materials d\u2019escriptura.<br>\u2022 Els tel\u00e8fons m\u00f2bils o qualsevol altre dispositiu electr\u00f2nic que pugui servir d\u2019ajuda per a la realitzaci\u00f3 de la prova han d\u2019estar apagats tant el dia de la sessi\u00f3 escrita com el dia de la sessi\u00f3 oral. Les alarmes tamb\u00e9 han d\u2019estar desactivades. Si algun candidat fa \u00fas actiu del m\u00f2bil o de cap altre dispositiu durant la prova, aquesta quedar\u00e0 anul\u00b7lada.<br>\u2022 Totes les parts de la prova hauran de ser tornades abans d\u2019abandonar l\u2019aula.<\/p>\n\n\n\n<p><strong>MOLTA SORT I ENCERTS!<\/strong><\/p>\n","protected":false},"excerpt":{"rendered":"<p>Calendari de les proves d&#8217;angl\u00e8s de maig-juny de 2026:<\/p>\n<p>Dilluns, 1 de juny15:30\u202fhCertificat nivell Avan\u00e7at C1Sala d&#8217;actesDimarts, 26 de maig15:30\u202fhCertificat nivell Intermedi B2Sala d&#8217;actesDivendres, 29 de maig15:30\u202fhCertificat nivell Intermedi B1Sala d&#8217;actes17:00\u202fhA1 flexi A&nbsp;Aula 2017:00\u202fhA1Aula 2217:00\u202fhA1 flexi BAula 2217:00\u202fhA2&nbsp;Aula 2217:00\u202fhB1 flexi AAula 2417.00\u202fhB2.1 escritAula 2017:00 hB2.1 oralAula&hellip;  <a href=\"https:\/\/agora-eoi.xtec.cat\/eoidelvendrell\/examens-finals-de-certificat\/departament-dangles\/\" title=\"Read Departament d&#8217;angl\u00e8s\">Llegeix m\u00e9s\u00bb<\/a><\/p>\n","protected":false},"author":1,"featured_media":0,"parent":9860,"menu_order":1,"comment_status":"closed","ping_status":"closed","template":"page-templates\/side-menu.php","meta":{"_bbp_topic_count":0,"_bbp_reply_count":0,"_bbp_total_topic_count":0,"_bbp_total_reply_count":0,"_bbp_voice_count":0,"_bbp_anonymous_reply_count":0,"_bbp_topic_count_hidden":0,"_bbp_reply_count_hidden":0,"_bbp_forum_subforum_count":0,"footnotes":""},"class_list":["post-9878","page","type-page","status-publish","hentry"],"post_mailing_queue_ids":[],"_links":{"self":[{"href":"https:\/\/agora-eoi.xtec.cat\/eoidelvendrell\/wp-json\/wp\/v2\/pages\/9878","targetHints":{"allow":["GET"]}}],"collection":[{"href":"https:\/\/agora-eoi.xtec.cat\/eoidelvendrell\/wp-json\/wp\/v2\/pages"}],"about":[{"href":"https:\/\/agora-eoi.xtec.cat\/eoidelvendrell\/wp-json\/wp\/v2\/types\/page"}],"author":[{"embeddable":true,"href":"https:\/\/agora-eoi.xtec.cat\/eoidelvendrell\/wp-json\/wp\/v2\/users\/1"}],"replies":[{"embeddable":true,"href":"https:\/\/agora-eoi.xtec.cat\/eoidelvendrell\/wp-json\/wp\/v2\/comments?post=9878"}],"version-history":[{"count":6,"href":"https:\/\/agora-eoi.xtec.cat\/eoidelvendrell\/wp-json\/wp\/v2\/pages\/9878\/revisions"}],"predecessor-version":[{"id":13332,"href":"https:\/\/agora-eoi.xtec.cat\/eoidelvendrell\/wp-json\/wp\/v2\/pages\/9878\/revisions\/13332"}],"up":[{"embeddable":true,"href":"https:\/\/agora-eoi.xtec.cat\/eoidelvendrell\/wp-json\/wp\/v2\/pages\/9860"}],"wp:attachment":[{"href":"https:\/\/agora-eoi.xtec.cat\/eoidelvendrell\/wp-json\/wp\/v2\/media?parent=9878"}],"curies":[{"name":"wp","href":"https:\/\/api.w.org\/{rel}","templated":true}]}}

Departament d&#8217;anglès

<p>Calendari de les <strong>proves d&#8217;anglès</strong> de maig-juny de 2026:</p>



<div class="wp-block-columns is-layout-flex wp-container-core-columns-is-layout-1 wp-block-columns-is-layout-flex">
<div class="wp-block-column is-layout-flow wp-block-column-is-layout-flow" style="flex-basis:100%">
<figure class="wp-block-table"><table><tbody><tr><td>Dilluns, 1 de juny</td><td><strong>15:30 h</strong></td><td><strong>Certificat nivell Avançat C1</strong></td><td><strong>Sala d&#8217;actes</strong></td></tr><tr><td>Dimarts, 26 de maig</td><td><strong>15:30 h</strong></td><td><strong>Certificat nivell Intermedi B2</strong></td><td><strong>Sala d&#8217;actes</strong></td></tr><tr><td>Divendres, 29 de maig</td><td><strong>15:30 h</strong></td><td><strong>Certificat nivell Intermedi B1</strong></td><td><strong>Sala d&#8217;actes</strong></td></tr><tr><td></td><td><strong>17:00 h</strong></td><td><strong>A1 flexi A&nbsp;</strong></td><td><strong>Aula 20</strong></td></tr><tr><td></td><td><strong>17:00 h</strong></td><td><strong>A1</strong></td><td><strong>Aula 22</strong></td></tr><tr><td></td><td><strong>17:00 h</strong></td><td><strong>A1 flexi B</strong></td><td><strong>Aula 22</strong></td></tr><tr><td></td><td><strong>17:00 h</strong></td><td><strong>A2&nbsp;</strong></td><td><strong>Aula 22</strong></td></tr><tr><td></td><td><strong>17:00 h</strong></td><td><strong>B1 flexi A</strong></td><td><strong>Aula 24</strong></td></tr><tr><td></td><td><strong>17.00 h</strong></td><td><strong>B2.1 escrit</strong></td><td><strong>Aula 20</strong></td></tr><tr><td></td><td><strong>17:00 h</strong></td><td><strong>B2.1 oral</strong></td><td><strong>Aula 20</strong></td></tr></tbody></table></figure>
</div>
</div>



<p></p>



<p></p>



<p></p>



<p></p>



<p></p>



<p></p>



<p>Per a la realització de les proves orals, l&#8217;alumnat haurà d’inscriure’s en les graelles que el professorat farà per a cada grup. En el cas de l&#8217;alumnat d&#8217;A1, A2, i B2.1 el termini per presentar instàncies sol·licitant canvis per a la realització dels exàmens s’acabarà el dia 19 de maig de 2025.</p>



<p><strong>Requisits dels candidats a exàmens oficials de certificat (B1, B2, C1):&nbsp;</strong><br>• Tots els candidats han de presentar-se a les proves amb el seu DNI, passaport, NIE o carnet de conduir vigent a Espanya i mostrar-lo quan li sigui requerit.<br>• Els candidats han de ser puntuals i presentar-se amb antelació suficient a l’hora de la convocatòria.<br>• És preferible usar bolígraf blau o negre no esborrables per a la realització de l’examen.<br>• No es permetran damunt de la taula més objectes que els materials d’escriptura.<br>• Els telèfons mòbils o qualsevol altre dispositiu electrònic que pugui servir d’ajuda per a la realització de la prova han d’estar apagats tant el dia de la sessió escrita com el dia de la sessió oral. Les alarmes també han d’estar desactivades. Si algun candidat fa ús actiu del mòbil o de cap altre dispositiu durant la prova, aquesta quedarà anul·lada.<br>• Totes les parts de la prova hauran de ser tornades abans d’abandonar l’aula.</p>



<p><strong>MOLTA SORT I ENCERTS!</strong></p>

<p>Calendari de les proves d&#8217;anglès de maig-juny de 2026:</p>
<p>Dilluns, 1 de juny15:30 hCertificat nivell Avançat C1Sala d&#8217;actesDimarts, 26 de maig15:30 hCertificat nivell Intermedi B2Sala d&#8217;actesDivendres, 29 de maig15:30 hCertificat nivell Intermedi B1Sala d&#8217;actes17:00 hA1 flexi A&nbsp;Aula 2017:00 hA1Aula 2217:00 hA1 flexi BAula 2217:00 hA2&nbsp;Aula 2217:00 hB1 flexi AAula 2417.00 hB2.1 escritAula 2017:00 hB2.1 oralAula&hellip;  <a href="https://agora-eoi.xtec.cat/eoidelvendrell/examens-finals-de-certificat/departament-dangles/" title="Read Departament d&#8217;anglès">Llegeix més»</a></p>
