{"id":9086,"date":"2020-09-07T19:37:51","date_gmt":"2020-09-07T17:37:51","guid":{"rendered":"http:\/\/agora-eoi.xtec.cat\/eoidelvendrell\/?page_id=9086"},"modified":"2024-06-26T10:32:46","modified_gmt":"2024-06-26T08:32:46","slug":"informacio-c1","status":"publish","type":"page","link":"https:\/\/agora-eoi.xtec.cat\/eoidelvendrell\/cursos\/angles\/informacio-c1\/","title":{"rendered":"Informaci\u00f3 objectius C1 \/ examen oficial"},"content":{"rendered":"<p><span style=\"text-decoration: underline;\">Quins objectius he d&#8217;assolir si vull aconseguir un nivell C1 d&#8217;angl\u00e8s?<\/span><\/p>\n<p><strong>Recepci\u00f3 (comprensi\u00f3 escrita i oral)<\/strong><br \/>\nComprendre, independentment del canal, amb cert detall i sense gaire esfor\u00e7, la intenci\u00f3 i el sentit general, les idees principals, la informaci\u00f3 important, els aspectes i detalls rellevants i les opinions i actituds, tant impl\u00edcites com expl\u00edcites, de textos orals i escrits de qualsevol mena, precisos, detallats, conceptualment i ling\u00fc\u00edsticament rics i complexos, sobre temes concrets i abstractes, encara que no siguin de la seva especialitat, identificant-hi les difer\u00e8ncies d&#8217;estil, registre i accent, sempre que en textos escrits en pugui rellegir les seccions dif\u00edcils i sempre que els textos orals estiguin articulats a velocitat normal o r\u00e0pida, l&#8217;accent li sigui familiar o tingui temps per acostumar-s&#8217;hi i fins i tot en condicions ac\u00fastiques poc favorables o quan la velocitat d&#8217;articulaci\u00f3 sigui alta, sempre que en pugui confirmar alguns detalls, especialment si no est\u00e0 familiaritzat amb l&#8217;accent.<\/p>\n<p><strong>Producci\u00f3 (expressi\u00f3 escrita i oral)<\/strong><br \/>\nProduir i coproduir, amb un alt grau de correcci\u00f3, amb flu\u00efdesa, espontane\u00eftat i gaireb\u00e9 sense esfor\u00e7, i independentment del canal i del suport, una gamma \u00e0mplia de textos orals i escrits extensos, clars, detallats, ben estructurats i ajustats als diferents \u00e0mbits d&#8217;actuaci\u00f3, conceptualment i estructuralment complexos, en diversos registres i estils, sobre temes complexos i diversos, amb diferents funcions, remarcant-ne les idees principals, ampliant amb una certa extensi\u00f3 i defensant els seus punts de vista amb idees complement\u00e0ries, motius i exemples adequats, i acabant amb una conclusi\u00f3 apropiada, mostrant domini d&#8217;una gamma \u00e0mplia de recursos ling\u00fc\u00edstics. Produir i coproduir textos escrits que segueixen les convencions ortogr\u00e0fiques, de puntuaci\u00f3 i de presentaci\u00f3 del text. Produir textos orals usant estrat\u00e8gies discursives i interactives i de compensaci\u00f3, de l&#8217;entonaci\u00f3 i l&#8217;accent, mostrant un control de mecanismes complexos de cohesi\u00f3 i un domini d&#8217;un l\u00e8xic ampli i prec\u00eds que permeti expressar matisos de significat que incloguin la ironia, l&#8217;humor, les al\u00b7lusions i la c\u00e0rrega afectiva i que li permet adequar amb efic\u00e0cia el seu discurs a cada situaci\u00f3 comunicativa, dirigits a un \u00fanic interlocutor, un col\u00b7lectiu redu\u00eft o una audi\u00e8ncia \u00e0mplia.<\/p>\n<p><strong>Interacci\u00f3 (interacci\u00f3 escrita i oral)<\/strong><br \/>\nParticipar amb flu\u00efdesa i espontane\u00eftat, i gaireb\u00e9 sense esfor\u00e7, en converses i discussions, orals, escrites o multimodals, cara a cara o en l\u00ednia. Comunicar-se amb claredat i precisi\u00f3, de forma flexible i efectiva, amb finalitats socials i professionals, en diversitat de situacions, utilitzant un repertori ampli de l\u00e8xic i estructures i suplint amb facilitat les possibles mancances amb l&#8217;\u00fas d&#8217;estrat\u00e8gies adequades.<br \/>\nInteractuar prenent i conservant la paraula, formulant idees i opinions amb precisi\u00f3 i relacionant h\u00e0bilment la pr\u00f2pia contribuci\u00f3 amb la dels altres interlocutors, adaptant l&#8217;idioma i el registre amb flexibilitat i efic\u00e0cia, abordant amb efic\u00e0cia, aclarint i exemplificant, els problemes de comunicaci\u00f3 i els problemes culturals que sorgeixen.<\/p>\n<p><strong>Mediaci\u00f3 (mediaci\u00f3 escrita i oral)<\/strong><br \/>\nActuar com a mediador o mediadora amb efic\u00e0cia entre parlants de la llengua meta o de diferents lleng\u00fces, en situacions tan habituals com m\u00e9s espec\u00edfiques i de m\u00e9s complexitat en diferents \u00e0mbits, ajudant a mantenir una interacci\u00f3 positiva, interpretant diferents perspectives, gestionant ambig\u00fcitats, anticipant malentesos, usant estrat\u00e8gies de compensaci\u00f3 i intervenint diplom\u00e0ticament per redirigir la conversa.<br \/>\nReformular de manera clara, fluida i correcta, en un llenguatge ben estructurat, les opinions impl\u00edcites o expl\u00edcites, i les idees significatives de textos orals i escrits llargs i complexos, tant si es refereixen als seus propis camps d&#8217;inter\u00e8s com si no, sempre que ocasionalment pugui consultar conceptes t\u00e8cnics particulars amb la finalitat de superar barreres ling\u00fc\u00edstiques, culturals, sem\u00e0ntiques o t\u00e8cniques.<\/p>\n<p><strong>At\u00e8s que el nivell C1 suposa que l\u2019alumne ha de fer un important pas qualitatiu en el seu proc\u00e9s d\u2019aprenentatge<\/strong> de l\u2019idioma, cursar aquest nivell requereix una important dedicaci\u00f3 en hores d\u2019estudi i pr\u00e0ctica de les diferents habilitats <strong>fora de l\u2019aula.<\/strong> Al llarg del curs, i en paral\u00b7lel amb el treball a l\u2019aula, l\u2019alumne ha de fer un <span style=\"color: #ff0000;\"><strong>treball sistem\u00e0tic en la llengua objecte d\u2019estudi<\/strong><\/span>: llegir diferents tipus de textos (literaris, period\u00edstics, d\u2019assaig\u2026), sobre tem\u00e0tiques variades; escoltar textos\u00a0 de diferent tipologia a trav\u00e9s de mitjans diversos i propiciar i aprofitar totes les oportunitats de qu\u00e8 disposi per interactuar de forma escrita i oral amb altres aprenents o amb parlants nadius.<\/p>\n<p><span style=\"text-decoration: underline;\">Desenvolupament de l&#8217;examen oficial<\/span><\/p>\n<table class=\"taula_base table\" summary=\"Nivell intermedi B1\">\n<thead>\n<tr>\n<th scope=\"col\"><\/th>\n<th scope=\"col\"><strong>Parts de la prova<\/strong><\/th>\n<th scope=\"col\"><strong>Durada<\/strong><\/th>\n<th scope=\"col\"><strong>Caracter\u00edstiques<\/strong><\/th>\n<\/tr>\n<\/thead>\n<tbody>\n<tr>\n<td rowspan=\"5\" scope=\"row\"><strong>Prova escrita<\/strong><\/td>\n<td>Comprensi\u00f3 escrita<\/td>\n<td>60 minuts<\/td>\n<td>Respondre de 25 a 30 preguntes d&#8217;opci\u00f3 m\u00faltiple i\/o d&#8217;inserir fragments en un text sobre tres textos de longitud i tipologia diferents (de 2.300 a 2.500 paraules).<\/td>\n<\/tr>\n<tr>\n<td>Comprensi\u00f3 oral<\/td>\n<td>40-45 minuts<\/td>\n<td>Respondre de 25 a 30 preguntes d&#8217;opci\u00f3 m\u00faltiple sobre tres documents de v\u00eddeo de tipologia diferent.<\/td>\n<\/tr>\n<tr>\n<td>Mediaci\u00f3 escrita<\/td>\n<td>30 minuts (+ 5 minuts del v\u00eddeo)<\/td>\n<td>Transmetre el contingut d&#8217;un v\u00eddeo de 5 minuts aproximadament per a alg\u00fa que necessita la informaci\u00f3<br \/>\nText de 175 paraules aproximadament.<\/td>\n<\/tr>\n<tr>\n<td>Pausa<\/td>\n<td>30 minuts<\/td>\n<td><\/td>\n<\/tr>\n<tr>\n<td>Expressi\u00f3 i interacci\u00f3 escrita<\/td>\n<td>90 minuts<\/td>\n<td>Tasca 1. Redactar un text de 175 paraules aproximadament basat en un input visual (gr\u00e0fica, taula, per exemple); fer-ne un comentari anal\u00edtic i extraure&#8217;n conclusions.<br \/>\nTasca 2. Redactar un text argumentatiu de 250 paraules aproximadament basat en un input escrit (extracte d&#8217;una cita o d&#8217;un article divulgatiu, per exemple).<\/td>\n<\/tr>\n<tr>\n<td rowspan=\"2\" scope=\"row\"><strong>Prova oral<\/strong><br \/>\n(convocat\u00f2ria individual: s&#8217;informa el dia de la prova escrita)<\/td>\n<td>Expressi\u00f3 i interacci\u00f3 oral<\/td>\n<td>25-30 minuts<\/td>\n<td>Tasca 1. Fer una exposici\u00f3 sobre un tema preparat pr\u00e8viament, individualment durant 5 minuts.<br \/>\nTasca 2. En parelles, discutir i intercanviar opinions, an\u00e8cdotes, etc. sobre un enunciat durant 8-10 minuts.<\/td>\n<\/tr>\n<tr>\n<td>Mediaci\u00f3 oral<\/td>\n<td>5 minuts (en parelles)<\/td>\n<td>Intercanviar impressions sobre una imatge art\u00edstica (quadre, grafit, escultura, fotografia, c\u00f2mic, etc.).<\/td>\n<\/tr>\n<\/tbody>\n<\/table>\n<p><span style=\"text-decoration: underline;\">Recomanacions als candidats<\/span><\/p>\n<p><span style=\"text-decoration: underline;\">Abans de la prova<\/span><\/p>\n<ul>\n<li>Organitzeu la vostra preparaci\u00f3 a partir de la informaci\u00f3 que s&#8217;especifica en aquest document.<\/li>\n<li>Recordeu que el referent principal de la prova \u00e9s el curr\u00edculum de les EOI i que el tipus de documents amb qu\u00e8 se us avaluar\u00e0 s\u00f3n aut\u00e8ntics (articles de revistes i de diaris, fragments de llibres, programes de televisi\u00f3, pel\u00b7l\u00edcules&#8230;).<\/li>\n<li>Procureu utilitzar la llengua de la qual us examinareu tan sovint com sigui possible i en varietat de situacions com ara veure la televisi\u00f3, anar al cinema en versi\u00f3 original, llegir diaris o revistes, etc.<\/li>\n<li>Com que els documents audiovisuals utilitzats s\u00f3n aut\u00e8ntics, pot haver-hi elements, sorolls, accents, etc. que en dificultin la comprensi\u00f3. La millor manera de preparar-se \u00e9s la pr\u00e0ctica recomanada anteriorment, \u00e9s a dir, estar en contacte amb la llengua mitjan\u00e7ant documents reals i diversos. Cal recordar, tamb\u00e9, que les tasques no requereixen una comprensi\u00f3 exhaustiva dels documents.<\/li>\n<li>Recordeu que hi ha estrat\u00e8gies que faciliten la comprensi\u00f3 de paraules i expressions no conegudes que poden apar\u00e8ixer en algun text, oral o escrit.<\/li>\n<li>Si aneu a classe, informeu el professor de les dificultats o mancances que tingueu perqu\u00e8 us pugui ajudar a superar-les.<\/li>\n<li>Assegureu-vos que coneixeu les dades de la convocat\u00f2ria: dia, lloc i hora de les proves, ja que hi heu d&#8217;arribar amb suficient temps.<\/li>\n<li>Recordeu que el dia de la prova heu de presentar un document d&#8217;identificaci\u00f3 personal.<\/li>\n<li>Haureu de fer les proves amb bol\u00edgraf blau fosc o negre.<\/li>\n<\/ul>\n<p><span style=\"text-decoration: underline;\">Durant la prova<\/span><\/p>\n<ul>\n<li>Escolteu atentament les instruccions generals que donar\u00e0 l&#8217;examinador a l&#8217;inici de la prova.<\/li>\n<li>Llegiu amb atenci\u00f3 les instruccions de cadascuna de les tasques.<\/li>\n<li>Assegureu-vos que les respostes que heu considerat correctes han quedat clarament marcades en el full de respostes.<\/li>\n<li>Recordeu que nom\u00e9s es consideren les respostes escrites en el full de respostes. En cas d&#8217;escriure en el quadernet de les proves (comprensi\u00f3 escrita i comprensi\u00f3 oral) aquestes respostes no tindran cap validesa.<\/li>\n<li>El quadernet d&#8217;expressi\u00f3 i interacci\u00f3 escrita est\u00e0 preparat per escriure-hi les dues tasques; no es corregiran altres fulls adjunts encara que s&#8217;hagin fet servir d&#8217;esborrany, malgrat que els examinadors recolliran tots els fulls utilitzats durant les proves. Procureu-ne una bona presentaci\u00f3.<\/li>\n<li>La prova de mediaci\u00f3 escrita s&#8217;haur\u00e0 de presentar en un full a banda que l&#8217;examinador haur\u00e0 lliurat pr\u00e8viament a les persones candidates.<\/li>\n<\/ul>\n<div style=\"display: none;\"><\/div>\n","protected":false},"excerpt":{"rendered":"<p>Quins objectius he d&#8217;assolir si vull aconseguir un nivell C1 d&#8217;angl\u00e8s?<br \/>\nRecepci\u00f3 (comprensi\u00f3 escrita i oral)<br \/>\nComprendre, independentment del canal, amb cert detall i sense gaire esfor\u00e7, la intenci\u00f3 i el sentit general, les idees principals, la informaci\u00f3 important, els aspectes i detalls rellevants i les opinions&hellip;  <a href=\"https:\/\/agora-eoi.xtec.cat\/eoidelvendrell\/cursos\/angles\/informacio-c1\/\" title=\"Read Informaci\u00f3 objectius C1 \/ examen oficial\">Llegeix m\u00e9s\u00bb<\/a><\/p>\n","protected":false},"author":1,"featured_media":0,"parent":8189,"menu_order":81,"comment_status":"closed","ping_status":"closed","template":"page-templates\/side-menu.php","meta":{"_bbp_topic_count":0,"_bbp_reply_count":0,"_bbp_total_topic_count":0,"_bbp_total_reply_count":0,"_bbp_voice_count":0,"_bbp_anonymous_reply_count":0,"_bbp_topic_count_hidden":0,"_bbp_reply_count_hidden":0,"_bbp_forum_subforum_count":0,"footnotes":""},"class_list":["post-9086","page","type-page","status-publish","hentry"],"post_mailing_queue_ids":[],"_links":{"self":[{"href":"https:\/\/agora-eoi.xtec.cat\/eoidelvendrell\/wp-json\/wp\/v2\/pages\/9086","targetHints":{"allow":["GET"]}}],"collection":[{"href":"https:\/\/agora-eoi.xtec.cat\/eoidelvendrell\/wp-json\/wp\/v2\/pages"}],"about":[{"href":"https:\/\/agora-eoi.xtec.cat\/eoidelvendrell\/wp-json\/wp\/v2\/types\/page"}],"author":[{"embeddable":true,"href":"https:\/\/agora-eoi.xtec.cat\/eoidelvendrell\/wp-json\/wp\/v2\/users\/1"}],"replies":[{"embeddable":true,"href":"https:\/\/agora-eoi.xtec.cat\/eoidelvendrell\/wp-json\/wp\/v2\/comments?post=9086"}],"version-history":[{"count":4,"href":"https:\/\/agora-eoi.xtec.cat\/eoidelvendrell\/wp-json\/wp\/v2\/pages\/9086\/revisions"}],"predecessor-version":[{"id":12203,"href":"https:\/\/agora-eoi.xtec.cat\/eoidelvendrell\/wp-json\/wp\/v2\/pages\/9086\/revisions\/12203"}],"up":[{"embeddable":true,"href":"https:\/\/agora-eoi.xtec.cat\/eoidelvendrell\/wp-json\/wp\/v2\/pages\/8189"}],"wp:attachment":[{"href":"https:\/\/agora-eoi.xtec.cat\/eoidelvendrell\/wp-json\/wp\/v2\/media?parent=9086"}],"curies":[{"name":"wp","href":"https:\/\/api.w.org\/{rel}","templated":true}]}}