{"id":8613,"date":"2016-06-20T11:17:12","date_gmt":"2016-06-20T10:17:12","guid":{"rendered":"http:\/\/agora-eoi.xtec.cat\/eoidelvendrell\/?page_id=8613"},"modified":"2022-06-28T18:03:59","modified_gmt":"2022-06-28T16:03:59","slug":"curriculum","status":"publish","type":"page","link":"https:\/\/agora-eoi.xtec.cat\/eoidelvendrell\/el-servei-educatiu\/pla-destudis\/curriculum\/","title":{"rendered":"Curr\u00edculum"},"content":{"rendered":"<p>Decret 45\/2022, de 15 de mar\u00e7,\u00a0pel qual s\u2019estableix l\u2019ordenaci\u00f3 dels ensenyaments d\u2019idiomes de r\u00e8gim especial i el curr\u00edculum del nivell intermedi de diversos idiomes\u00a0<a href=\"https:\/\/dogc.gencat.cat\/ca\/document-del-dogc\/?documentId=923138\">cliqueu aqu\u00ed per veure.<\/a><\/p>\n<p>1. Els ensenyaments d&#8217;idiomes de r\u00e8gim especial s&#8217;estructuren en els nivells seg\u00fcents:<\/p>\n<p>a) Nivell B\u00e0sic, subdividit en els nivells <strong>B\u00e0sic<\/strong> A1 i B\u00e0sic A2<\/p>\n<p>b) Nivell Intermedi, subdividit en els nivells <strong>Intermedi<\/strong> B1 i Intermedi B2<\/p>\n<p>c) Nivell Avan\u00e7at, subdividit en els nivells <strong>Avan\u00e7at<\/strong> C1 i Avan\u00e7at C2<\/p>\n<p>2. Els nivells B\u00e0sic (A1 i A2), Intermedi (B1 i B2) i Avan\u00e7at (C1 i C2) dels ensenyaments d&#8217;idiomes de r\u00e8gim especial tenen com a refer\u00e8ncia les compet\u00e8ncies pr\u00f2pies dels nivells A1, A2, B1, B2, C1 i C2, respectivament, del Consell d&#8217;Europa, segons es defineixen al Marc europeu com\u00fa de refer\u00e8ncia per a les lleng\u00fces.<\/p>\n","protected":false},"excerpt":{"rendered":"<p>Decret 45\/2022, de 15 de mar\u00e7,\u00a0pel qual s\u2019estableix l\u2019ordenaci\u00f3 dels ensenyaments d\u2019idiomes de r\u00e8gim especial i el curr\u00edculum del nivell intermedi de diversos idiomes\u00a0<a href=\"https:\/\/dogc.gencat.cat\/ca\/document-del-dogc\/?documentId=923138\">cliqueu aqu\u00ed per veure.<\/a><br \/>\n1. Els ensenyaments d&#8217;idiomes de r\u00e8gim especial s&#8217;estructuren en els nivells seg\u00fcents:<br \/>\na) Nivell B\u00e0sic, subdividit en els nivells&hellip;  <a href=\"https:\/\/agora-eoi.xtec.cat\/eoidelvendrell\/el-servei-educatiu\/pla-destudis\/curriculum\/\" title=\"Read Curr\u00edculum\">Llegeix m\u00e9s\u00bb<\/a><\/p>\n","protected":false},"author":1,"featured_media":0,"parent":8610,"menu_order":20,"comment_status":"closed","ping_status":"closed","template":"page-templates\/side-menu.php","meta":{"_bbp_topic_count":0,"_bbp_reply_count":0,"_bbp_total_topic_count":0,"_bbp_total_reply_count":0,"_bbp_voice_count":0,"_bbp_anonymous_reply_count":0,"_bbp_topic_count_hidden":0,"_bbp_reply_count_hidden":0,"_bbp_forum_subforum_count":0,"footnotes":""},"class_list":["post-8613","page","type-page","status-publish","hentry"],"post_mailing_queue_ids":[],"_links":{"self":[{"href":"https:\/\/agora-eoi.xtec.cat\/eoidelvendrell\/wp-json\/wp\/v2\/pages\/8613","targetHints":{"allow":["GET"]}}],"collection":[{"href":"https:\/\/agora-eoi.xtec.cat\/eoidelvendrell\/wp-json\/wp\/v2\/pages"}],"about":[{"href":"https:\/\/agora-eoi.xtec.cat\/eoidelvendrell\/wp-json\/wp\/v2\/types\/page"}],"author":[{"embeddable":true,"href":"https:\/\/agora-eoi.xtec.cat\/eoidelvendrell\/wp-json\/wp\/v2\/users\/1"}],"replies":[{"embeddable":true,"href":"https:\/\/agora-eoi.xtec.cat\/eoidelvendrell\/wp-json\/wp\/v2\/comments?post=8613"}],"version-history":[{"count":3,"href":"https:\/\/agora-eoi.xtec.cat\/eoidelvendrell\/wp-json\/wp\/v2\/pages\/8613\/revisions"}],"predecessor-version":[{"id":10955,"href":"https:\/\/agora-eoi.xtec.cat\/eoidelvendrell\/wp-json\/wp\/v2\/pages\/8613\/revisions\/10955"}],"up":[{"embeddable":true,"href":"https:\/\/agora-eoi.xtec.cat\/eoidelvendrell\/wp-json\/wp\/v2\/pages\/8610"}],"wp:attachment":[{"href":"https:\/\/agora-eoi.xtec.cat\/eoidelvendrell\/wp-json\/wp\/v2\/media?parent=8613"}],"curies":[{"name":"wp","href":"https:\/\/api.w.org\/{rel}","templated":true}]}}