{"id":8168,"date":"2016-06-08T17:05:08","date_gmt":"2016-06-08T16:05:08","guid":{"rendered":"http:\/\/agora-eoi.xtec.cat\/eoidelvendrell\/?page_id=8168"},"modified":"2025-09-23T11:17:35","modified_gmt":"2025-09-23T09:17:35","slug":"pla-dimpuls-de-langles-professorat","status":"publish","type":"page","link":"https:\/\/agora-eoi.xtec.cat\/eoidelvendrell\/secretaria\/matricula\/pla-dimpuls-de-langles-professorat\/","title":{"rendered":"Professorat (PIA+)"},"content":{"rendered":"<h3 align=\"center\">Programa PIA + 2025-2026 a l\u2019EOI del Vendrell<\/h3>\n<p>L&#8217;EOI del Vendrell participa en el Programa PIA + per a l&#8217;aprenentatge d&#8217;idiomes dels docents. El Programa PIA+ \u00e9s un ajut a l\u2019estudi per al professorat que cursi i superi una llengua estrangera en una EOI o a l\u2019IOC per als nivells seg\u00fcents:<\/p>\n<ul>\n<li>nivells de B2.1, B2.2, C1 i C2 per a la llengua anglesa a les EOI.<\/li>\n<li>tots els nivells per a les lleng\u00fces alemany, \u00e0rab, franc\u00e8s, itali\u00e0, rus i xin\u00e8s a les EOI.<\/li>\n<li>catal\u00e0.<\/li>\n<\/ul>\n<p><strong>Destinataris:\u00a0<\/strong>professorat en actiu de centres p\u00fablics, municipals i privats concertats. M\u00e9s informaci\u00f3 a:<\/p>\n<p><a href=\"http:\/\/xtec.gencat.cat\/ca\/formacio\/formaciogeneralprofessorat\/llengues\/programa-pia\/\">http:\/\/xtec.gencat.cat\/ca\/formacio\/formaciogeneralprofessorat\/llengues\/programa-pia\/<\/a><\/p>\n<div style=\"display: none;\"><\/div>\n<div style=\"display: none;\"><\/div>\n<div style=\"display: none;\"><\/div>\n","protected":false},"excerpt":{"rendered":"<p>Programa PIA + 2025-2026 a l\u2019EOI del Vendrell<br \/>\nL&#8217;EOI del Vendrell participa en el Programa PIA + per a l&#8217;aprenentatge d&#8217;idiomes dels docents. El Programa PIA+ \u00e9s un ajut a l\u2019estudi per al professorat que cursi i superi una llengua estrangera en una EOI o a&hellip;  <a href=\"https:\/\/agora-eoi.xtec.cat\/eoidelvendrell\/secretaria\/matricula\/pla-dimpuls-de-langles-professorat\/\" title=\"Read Professorat (PIA+)\">Llegeix m\u00e9s\u00bb<\/a><\/p>\n","protected":false},"author":1,"featured_media":0,"parent":8161,"menu_order":41,"comment_status":"closed","ping_status":"closed","template":"page-templates\/side-menu.php","meta":{"_bbp_topic_count":0,"_bbp_reply_count":0,"_bbp_total_topic_count":0,"_bbp_total_reply_count":0,"_bbp_voice_count":0,"_bbp_anonymous_reply_count":0,"_bbp_topic_count_hidden":0,"_bbp_reply_count_hidden":0,"_bbp_forum_subforum_count":0,"footnotes":""},"class_list":["post-8168","page","type-page","status-publish","hentry"],"post_mailing_queue_ids":[],"_links":{"self":[{"href":"https:\/\/agora-eoi.xtec.cat\/eoidelvendrell\/wp-json\/wp\/v2\/pages\/8168","targetHints":{"allow":["GET"]}}],"collection":[{"href":"https:\/\/agora-eoi.xtec.cat\/eoidelvendrell\/wp-json\/wp\/v2\/pages"}],"about":[{"href":"https:\/\/agora-eoi.xtec.cat\/eoidelvendrell\/wp-json\/wp\/v2\/types\/page"}],"author":[{"embeddable":true,"href":"https:\/\/agora-eoi.xtec.cat\/eoidelvendrell\/wp-json\/wp\/v2\/users\/1"}],"replies":[{"embeddable":true,"href":"https:\/\/agora-eoi.xtec.cat\/eoidelvendrell\/wp-json\/wp\/v2\/comments?post=8168"}],"version-history":[{"count":6,"href":"https:\/\/agora-eoi.xtec.cat\/eoidelvendrell\/wp-json\/wp\/v2\/pages\/8168\/revisions"}],"predecessor-version":[{"id":13125,"href":"https:\/\/agora-eoi.xtec.cat\/eoidelvendrell\/wp-json\/wp\/v2\/pages\/8168\/revisions\/13125"}],"up":[{"embeddable":true,"href":"https:\/\/agora-eoi.xtec.cat\/eoidelvendrell\/wp-json\/wp\/v2\/pages\/8161"}],"wp:attachment":[{"href":"https:\/\/agora-eoi.xtec.cat\/eoidelvendrell\/wp-json\/wp\/v2\/media?parent=8168"}],"curies":[{"name":"wp","href":"https:\/\/api.w.org\/{rel}","templated":true}]}}