{"id":8164,"date":"2016-06-08T17:00:04","date_gmt":"2016-06-08T16:00:04","guid":{"rendered":"http:\/\/agora-eoi.xtec.cat\/eoidelvendrell\/?page_id=8164"},"modified":"2025-09-04T10:02:32","modified_gmt":"2025-09-04T08:02:32","slug":"alumnes-antics","status":"publish","type":"page","link":"https:\/\/agora-eoi.xtec.cat\/eoidelvendrell\/secretaria\/matricula\/alumnes-antics\/","title":{"rendered":"Nous alumnes"},"content":{"rendered":"<h3 style=\"text-align: left;\">El per\u00edode de preinscripci\u00f3 per l\u2019alumnat nou per al curs 2025-2026 \u00e9s de l\u20191 al 8 de setembre de 2025.<\/h3>\n<p><strong>Normes i procediment abreujat<\/strong><\/p>\n<ol>\n<li>Hi ha una\u00a0<a href=\"https:\/\/www.eoidigital.com\/preinscripcio\/alumnes\/index.php\" target=\"_blank\" rel=\"noopener noreferrer\">preinscripci\u00f3 obligat\u00f2ria<\/a> (el candidat o candidata es pot preinscriure a 1r o a un nivell superior).<\/li>\n<li>Per a accedir a un curs superior a 1r cal:\n<ul>\n<li>quan es fa la preinscripci\u00f3 marcar la casella de<strong> test de nivell en l\u00ednia<\/strong>.<\/li>\n<\/ul>\n<ul>\n<li>o preinscriure&#8217;s a un nivell determinat perqu\u00e8\n<ul>\n<li>es t\u00e9 un curs o certificat d\u2019una EOI aprovat<\/li>\n<li>es t\u00e9 una equival\u00e8ncia reconeguda a la taula que es publica abans de la matr\u00edcula.\u00a0<a href=\"https:\/\/preinscripcio.gencat.cat\/ca\/estudis\/idiomes-eoi\/informat\/test-nivell-a2-c1\/index.html\" target=\"_blank\" rel=\"noopener noreferrer\">Veure enlla\u00e7 aqu\u00ed<\/a> (p\u00e0gina 4).<\/li>\n<\/ul>\n<\/li>\n<\/ul>\n<\/li>\n<li>L\u2019ordre de matr\u00edcula \u00e9s determinat per un sorteig d\u2019adjudicaci\u00f3 de places.<\/li>\n<\/ol>\n<p>No est\u00e0 perm\u00e8s matricular-se com a alumnat oficial i lliure del mateix idioma dintre del mateix any acad\u00e8mic.<\/p>\n<p>Els candidats s\u2019han de matricular en un horari que els vagi b\u00e9, ja que els canvis d\u2019horari nom\u00e9s s\u2019acceptaran segons la disponibilitat de places, en casos especials i justificats documentalment, per un canvi de circumst\u00e0ncies vitals posteriors a la data de matr\u00edcula.<\/p>\n\n\n<p><\/p>\n","protected":false},"excerpt":{"rendered":"<p>El per\u00edode de preinscripci\u00f3 per l\u2019alumnat nou per al curs 2025-2026 \u00e9s de l\u20191 al 8 de setembre de 2025.<br \/>\nNormes i procediment abreujat<\/p>\n<ol>\n<li>Hi ha una\u00a0<a href=\"https:\/\/www.eoidigital.com\/preinscripcio\/alumnes\/index.php\" target=\"_blank\" rel=\"noopener noreferrer\">preinscripci\u00f3 obligat\u00f2ria<\/a> (el candidat o candidata es pot preinscriure a 1r o a un nivell superior).<\/li>\n<li>Per a&hellip;  <a href=\"https:\/\/agora-eoi.xtec.cat\/eoidelvendrell\/secretaria\/matricula\/alumnes-antics\/\" title=\"Read Nous alumnes\">Llegeix m\u00e9s\u00bb<\/a><br \/>\n","protected":false},"author":1,"featured_media":0,"parent":8161,"menu_order":10,"comment_status":"closed","ping_status":"closed","template":"page-templates\/side-menu.php","meta":{"_bbp_topic_count":0,"_bbp_reply_count":0,"_bbp_total_topic_count":0,"_bbp_total_reply_count":0,"_bbp_voice_count":0,"_bbp_anonymous_reply_count":0,"_bbp_topic_count_hidden":0,"_bbp_reply_count_hidden":0,"_bbp_forum_subforum_count":0,"footnotes":""},"class_list":["post-8164","page","type-page","status-publish","hentry"],"post_mailing_queue_ids":[],"_links":{"self":[{"href":"https:\/\/agora-eoi.xtec.cat\/eoidelvendrell\/wp-json\/wp\/v2\/pages\/8164","targetHints":{"allow":["GET"]}}],"collection":[{"href":"https:\/\/agora-eoi.xtec.cat\/eoidelvendrell\/wp-json\/wp\/v2\/pages"}],"about":[{"href":"https:\/\/agora-eoi.xtec.cat\/eoidelvendrell\/wp-json\/wp\/v2\/types\/page"}],"author":[{"embeddable":true,"href":"https:\/\/agora-eoi.xtec.cat\/eoidelvendrell\/wp-json\/wp\/v2\/users\/1"}],"replies":[{"embeddable":true,"href":"https:\/\/agora-eoi.xtec.cat\/eoidelvendrell\/wp-json\/wp\/v2\/comments?post=8164"}],"version-history":[{"count":6,"href":"https:\/\/agora-eoi.xtec.cat\/eoidelvendrell\/wp-json\/wp\/v2\/pages\/8164\/revisions"}],"predecessor-version":[{"id":13076,"href":"https:\/\/agora-eoi.xtec.cat\/eoidelvendrell\/wp-json\/wp\/v2\/pages\/8164\/revisions\/13076"}],"up":[{"embeddable":true,"href":"https:\/\/agora-eoi.xtec.cat\/eoidelvendrell\/wp-json\/wp\/v2\/pages\/8161"}],"wp:attachment":[{"href":"https:\/\/agora-eoi.xtec.cat\/eoidelvendrell\/wp-json\/wp\/v2\/media?parent=8164"}],"curies":[{"name":"wp","href":"https:\/\/api.w.org\/{rel}","templated":true}]}}