{"id":8161,"date":"2016-06-08T16:52:40","date_gmt":"2016-06-08T14:52:40","guid":{"rendered":"http:\/\/agora-eoi.xtec.cat\/eoidelvendrell\/?page_id=8161"},"modified":"2024-06-26T10:38:40","modified_gmt":"2024-06-26T08:38:40","slug":"matricula","status":"publish","type":"page","link":"https:\/\/agora-eoi.xtec.cat\/eoidelvendrell\/secretaria\/matricula\/","title":{"rendered":"Matr\u00edcula"},"content":{"rendered":"<h3>Tipus de matr\u00edcula<\/h3>\n<ul class=\"ja-typo-list list-check\">\n<li><span class=\"icon\">\u00a0<\/span><strong>Oficial:\u00a0<\/strong>dona dret a assist\u00e8ncia a classe i dret a examen (una convocat\u00f2ria &#8211; juny).<\/li>\n<li><span class=\"icon\">\u00a0<\/span><strong>Lliure:<\/strong>\u00a0Dret a examen (una convocat\u00f2ria &#8211; febrer o juny).<\/li>\n<\/ul>\n<p class=\"ja-typo-icon icon-info\">Nom\u00e9s per al Certificat Intermedi B1 i B2 d&#8217;angl\u00e8s hi ha dues convocat\u00f2ries l&#8217;any, una extraordin\u00e0ria al febrer i una altra al juny. Aquestes dues convocat\u00f2ries tenen matr\u00edcules independents i cada matr\u00edcula nom\u00e9s dona dret a un examen.<\/p>\n<h3>Nivells<\/h3>\n<ul class=\"ja-typo-list list-check\">\n<li><span class=\"icon\">\u00a0<\/span><strong>B\u00e0sic:<\/strong> 1r i\u00a0 2n. Obtenci\u00f3 del Certificat de Nivell B\u00e0sic.<\/li>\n<li><span class=\"icon\">\u00a0<\/span><strong>Intermedi B1:<\/strong>\u00a03r. Obtenci\u00f3 del Certificat de Nivell Intermedi B1.<\/li>\n<li><strong><span class=\"icon\">\u00a0Intermedi B2<\/span>:<\/strong>\u00a04t i 5\u00e8. Obtenci\u00f3 del Certificat de Nivell Intermedi B2.<\/li>\n<li><strong>\u00a0Avan\u00e7at C1<\/strong>: Obtenci\u00f3 del Certificat de Nivell Avan\u00e7at C1<\/li>\n<\/ul>\n<h3>Tipus de taxes<\/h3>\n<ul class=\"ja-typo-list list-check\">\n<li><span class=\"icon\">\u00a0<\/span>Ordin\u00e0ria: \u00c9s la matr\u00edcula que es paga normalment per a l&#8217;ensenyament oficial o lliure. Es realitza mitjan\u00e7ant la presentaci\u00f3 de la documentaci\u00f3 necess\u00e0ria i l&#8217;abonament dels drets corresponents.<\/li>\n<li><span class=\"icon\">\u00a0<\/span>Semigratu\u00efta: Poden sol\u00b7licitar aquesta matr\u00edcula els membres de fam\u00edlia nombrosa de categoria general, presentant el carnet de fam\u00edlia nombrosa actualitzat i en vigor (original i fotoc\u00f2pia) i els alumnes de fam\u00edlia monoparental.<\/li>\n<li><span class=\"icon\">\u00a0<\/span>Gratu\u00efta: Poden sol\u00b7licitar aquesta matr\u00edcula:<\/li>\n<\/ul>\n<p>Els membres de fam\u00edlia nombrosa de categoria especial, presentant el carnet de fam\u00edlia nombrosa actualitzat i en vigor (original i fotoc\u00f2pia).<\/p>\n<p>Els beneficiaris de beques concedides pel <em>Ministerio de Educaci\u00f3n y Ciencia<\/em> (per a m\u00e9s informaci\u00f3 sobre bases i convocat\u00f2ries d&#8217;aquestes beques: <a href=\"https:\/\/educacio.gencat.cat\/ca\/serveis-tramits\/beques\/beques-postobligatoris\/\">https:\/\/educacio.gencat.cat\/ca\/serveis-tramits\/beques\/beques-postobligatoris\/<\/a><\/p>\n<p class=\"ja-typo-icon icon-info\"><strong>Important:<\/strong>\u00a0Els alumnes que vulguin beneficiar-se de beques hauran d&#8217;indicar-ho en el moment de matricular-se presentant els impresos de sol\u00b7licitud de beca.<\/p>\n<h3>Condicions per matricular-se<\/h3>\n<p><strong><em>Condicions generals<\/em><\/strong><\/p>\n<ul class=\"ja-typo-list list-check\">\n<li><span class=\"icon\">\u00a0<\/span>En el moment de la matr\u00edcula cal presentar tota la documentaci\u00f3 exigida.<\/li>\n<li>D\u2019acord amb la resoluci\u00f3 EDU\/110\/2010 que aprova les normes de preinscripci\u00f3 i matr\u00edcula per al curs 2011-2012, per poder accedir als ensenyaments d\u2019idiomes de les EOI \u00e9s requisit imprescindible tenir 16 anys complerts l\u2019any en qu\u00e8 es comencin els estudis. Tamb\u00e9 hi poden accedir els m\u00e9s grans de 14 anys per seguir els ensenyaments d\u2019un idioma diferent del cursat a l\u2019ESO. Cal acreditar aquesta informaci\u00f3 amb un certificat del centre on es fa l\u2019ESO que informi de la primera llengua estrangera que s\u2019estudia o b\u00e9 una fotoc\u00f2pia compulsada del llibre d\u2019escolaritat on consti la llengua estrangera que s\u2019estudia.<\/li>\n<li><span class=\"icon\">\u00a0<\/span>No \u00e9s imprescindible la pres\u00e8ncia de l&#8217;interessat: qualsevol persona, degudament autoritzada, pot fer la matr\u00edcula en lloc seu, personant-se a la Secretaria del centre.<\/li>\n<li><span class=\"icon\">\u00a0<\/span>Cada preinscripci\u00f3 i matr\u00edcula s\u00f3n intransferibles, tant d&#8217;una persona a una altra, com d&#8217;un idioma a un altre.<\/li>\n<li><span class=\"icon\">\u00a0<\/span>No est\u00e0 perm\u00e8s fer matr\u00edcula oficial i lliure del mateix idioma, dins del mateix curs acad\u00e8mic.<\/li>\n<li><span class=\"icon\">\u00a0<\/span>No est\u00e0 perm\u00e8s ser alumne presencial i a dist\u00e0ncia del mateix idioma, dins del mateix curs escolar.<\/li>\n<li><span class=\"icon\">\u00a0<\/span>Es procedir\u00e0 a l&#8217;anul\u00b7laci\u00f3 de la matr\u00edcula d&#8217;aquells alumnes que no aportin la documentaci\u00f3 requerida per matricular-se i d&#8217;aquells que la comprovaci\u00f3 d&#8217;aquesta documentaci\u00f3 demostri que algunes de les dades que van fer constar a la seva sol\u00b7licitud de preinscripci\u00f3 s\u00f3n falses.<\/li>\n<\/ul>\n<p><strong><em>Matr\u00edcula oficial<\/em><\/strong><\/p>\n<p>Els alumnes oficials d&#8217;un idioma de l&#8217;any acad\u00e8mic immediatament anterior que volen continuar els seus estudis, inclosos els alumnes que repeteixen curs, tenen prioritat per tornar-se a matricular d&#8217;aquest idioma sense necessitat de fer preinscripci\u00f3 i aix\u00ed quedar\u00e0 reflectit en el calendari de matr\u00edcules. Un cop ven\u00e7ut el termini de prioritat, no tindran cap dret a exigir una pla\u00e7a, ja que les vacants es posen a disposici\u00f3 d&#8217;altres aspirants.<\/p>\n<p>Proves de nivell per accedir al centre per primera vegada com a\u00a0 alumne oficial:<\/p>\n<ul class=\"ja-typo-list list-check\">\n<li><span class=\"icon\">\u00a0<\/span>Es far\u00e0 un test d\u2019anivellament per tal de determinar a quin dels cinc nivells pot matricular-se un nou alumne.<\/li>\n<li><span class=\"icon\">\u00a0<\/span>El resultat de les proves de nivell tindr\u00e0 valor exclusivament de classificaci\u00f3 a efectes de formalitzar la matr\u00edcula, per\u00f2 no s&#8217;incorporar\u00e0 a l&#8217;expedient acad\u00e8mic. Aquesta classificaci\u00f3 \u00e9s v\u00e0lida per a qualsevol EOI de Catalunya, per\u00f2 nom\u00e9s tindr\u00e0 validesa per l&#8217;any acad\u00e8mic per al qual es fa la prova de nivell.<\/li>\n<\/ul>\n<p>L\u2019acc\u00e9s a una matr\u00edcula oficial es far\u00e0 mitjan\u00e7ant preinscripci\u00f3 en els casos seg\u00fcents:<\/p>\n<ol class=\"ja-ordered-list\">\n<li>Alumnes de proced\u00e8ncia lliure, Trasllat d&#8217;Expedient i Trasllat de Matr\u00edcula Viva.<\/li>\n<li>Nous alumnes que volen accedir a primer nivell.<\/li>\n<li>Nous alumnes que volen fer el test de nivell.<\/li>\n<li>Alumnes que van ser OFICIALS en cursos anteriors al curs immediatament anterior al qual es volen matricular.<\/li>\n<li>Alumnes a dist\u00e0ncia que vulguin accedir a la modalitat presencial.<\/li>\n<\/ol>\n<p>No est\u00e0 perm\u00e8s matricular-se de m\u00e9s d&#8217;un curs del mateix idioma a la convocat\u00f2ria de matr\u00edcula oficial.<\/p>\n<p><strong><em>Matr\u00edcula lliure<\/em><\/strong><\/p>\n<ul class=\"ja-typo-list list-check\">\n<li><span class=\"icon\">\u00a0<\/span>Dins del Nou Pla d&#8217;Estudis, s&#8217;ent\u00e9n per alumne lliure aquell que es matricula a l&#8217;EOI nom\u00e9s per fer l&#8217;examen corresponent a la Certificaci\u00f3 de Nivell Intermedi B1\u00a0 (3r curs) o al Certificat de Nivell Intermedi B2 (5\u00e8 curs).<\/li>\n<li><span class=\"icon\">\u00a0<\/span>Els alumnes lliures que tinguin aprovat algun nivell en un idioma i vulguin matricular-se en el nivell immediatament superior com a alumnes oficials hauran de fer una preinscripci\u00f3 (Resoluci\u00f3 11.3.94).<\/li>\n<\/ul>\n<h3>Documents necessaris per matricular-se<\/h3>\n<p>Consulteu informaci\u00f3 als taulers d&#8217;anuncis i a <a href=\"https:\/\/agora-eoi.xtec.cat\/eoidelvendrell\/\">https:\/\/agora-eoi.xtec.cat\/eoidelvendrell\/<\/a>\u00a0en per\u00edode de matr\u00edcula.<\/p>\n<p><strong>TAXES i PREUS P\u00daBLICS <\/strong>\u00a0segons Ordre EDU\/17\/2022 de 16 de febrer i segons ordre EDU\/155\/2020 (modificada per l&#8217;ordre EDU\/114\/2021).<\/p>\n<ul>\n<li>Matr\u00edcula oficial: 275 \u20ac preu p\u00fablic (A1, A2 i C1) i 288,90\u20ac taxa (B1 i B2) + 30 \u20ac preu pels serveis d&#8217;acc\u00e9s a la plataforma i materials did\u00e0ctics dels ensenyaments d&#8217;idiomes. <strong>(*)<\/strong><\/li>\n<li>Matr\u00edcula oficial de repetidors (1a vegada): import inicial x 1.3 + 30 \u20ac preu pels serveis d&#8217;acc\u00e9s a la plataforma i materials did\u00e0ctics dels ensenyaments d&#8217;idiomes. <strong>(*)<\/strong><\/li>\n<li>Matr\u00edcula oficial de repetidors (2a vegada): import inicial x 1.8 + 30 \u20ac preu pels serveis d&#8217;acc\u00e9s a la plataforma i materials did\u00e0ctics dels ensenyaments d&#8217;idiomes. <strong>(*)<\/strong><\/li>\n<\/ul>\n<p><strong>Alumnat lliure<\/strong><\/p>\n<ul>\n<li>Matr\u00edcula i drets d&#8217;examen del certificat de nivell intermedi: 76,10\u20ac.<\/li>\n<li>Matr\u00edcula i drets d&#8217;examen del certificat de nivell intermedi B2: 93,80\u20ac.<\/li>\n<li>Matr\u00edcula i drets d&#8217;examen del certificat de nivell C1: 100\u20ac.<\/li>\n<\/ul>\n<p><strong>Bonificacions i exempcions<\/strong> (pr\u00e8via acreditaci\u00f3 documental)<\/p>\n<ul>\n<li>Preu p\u00fablic: <a href=\"https:\/\/educacio.gencat.cat\/ca\/departament\/normativa\/taxes-preus-publics\/preu-public\/\">https:\/\/educacio.gencat.cat\/ca\/departament\/normativa\/taxes-preus-publics\/preu-public\/<\/a><\/li>\n<li>Taxes: <a href=\"https:\/\/educacio.gencat.cat\/ca\/departament\/normativa\/taxes-preus-publics\/taxes\/\">https:\/\/educacio.gencat.cat\/ca\/departament\/normativa\/taxes-preus-publics\/taxes\/<\/a><\/li>\n<\/ul>\n<p><strong>(*) El preu p\u00fablic est\u00e0 regulat per l&#8217;ORDRE EDU\/114\/2021, de 25 de maig, per la qual es modifica l&#8217;Ordre EDU\/155\/2020, de 18 de setembre.<\/strong><\/p>\n<div style=\"display: none;\"><\/div>\n<div style=\"display: none;\"><\/div>\n","protected":false},"excerpt":{"rendered":"<p>Tipus de matr\u00edcula<\/p>\n<ul class=\"ja-typo-list list-check\">\n<li>\u00a0Oficial:\u00a0dona dret a assist\u00e8ncia a classe i dret a examen (una convocat\u00f2ria &#8211; juny).<\/li>\n<li>\u00a0Lliure:\u00a0Dret a examen (una convocat\u00f2ria &#8211; febrer o juny).<\/li>\n<\/ul>\n<p>Nom\u00e9s per al Certificat Intermedi B1 i B2 d&#8217;angl\u00e8s hi ha dues convocat\u00f2ries l&#8217;any, una extraordin\u00e0ria al febrer i una&hellip;  <a href=\"https:\/\/agora-eoi.xtec.cat\/eoidelvendrell\/secretaria\/matricula\/\" title=\"Read Matr\u00edcula\">Llegeix m\u00e9s\u00bb<\/a><\/p>\n","protected":false},"author":1,"featured_media":0,"parent":8358,"menu_order":5,"comment_status":"closed","ping_status":"closed","template":"page-templates\/side-menu.php","meta":{"_bbp_topic_count":0,"_bbp_reply_count":0,"_bbp_total_topic_count":0,"_bbp_total_reply_count":0,"_bbp_voice_count":0,"_bbp_anonymous_reply_count":0,"_bbp_topic_count_hidden":0,"_bbp_reply_count_hidden":0,"_bbp_forum_subforum_count":0,"footnotes":""},"class_list":["post-8161","page","type-page","status-publish","hentry"],"post_mailing_queue_ids":[],"_links":{"self":[{"href":"https:\/\/agora-eoi.xtec.cat\/eoidelvendrell\/wp-json\/wp\/v2\/pages\/8161","targetHints":{"allow":["GET"]}}],"collection":[{"href":"https:\/\/agora-eoi.xtec.cat\/eoidelvendrell\/wp-json\/wp\/v2\/pages"}],"about":[{"href":"https:\/\/agora-eoi.xtec.cat\/eoidelvendrell\/wp-json\/wp\/v2\/types\/page"}],"author":[{"embeddable":true,"href":"https:\/\/agora-eoi.xtec.cat\/eoidelvendrell\/wp-json\/wp\/v2\/users\/1"}],"replies":[{"embeddable":true,"href":"https:\/\/agora-eoi.xtec.cat\/eoidelvendrell\/wp-json\/wp\/v2\/comments?post=8161"}],"version-history":[{"count":6,"href":"https:\/\/agora-eoi.xtec.cat\/eoidelvendrell\/wp-json\/wp\/v2\/pages\/8161\/revisions"}],"predecessor-version":[{"id":12207,"href":"https:\/\/agora-eoi.xtec.cat\/eoidelvendrell\/wp-json\/wp\/v2\/pages\/8161\/revisions\/12207"}],"up":[{"embeddable":true,"href":"https:\/\/agora-eoi.xtec.cat\/eoidelvendrell\/wp-json\/wp\/v2\/pages\/8358"}],"wp:attachment":[{"href":"https:\/\/agora-eoi.xtec.cat\/eoidelvendrell\/wp-json\/wp\/v2\/media?parent=8161"}],"curies":[{"name":"wp","href":"https:\/\/api.w.org\/{rel}","templated":true}]}}