{"id":11470,"date":"2023-03-03T14:28:32","date_gmt":"2023-03-03T13:28:32","guid":{"rendered":"https:\/\/agora-eoi.xtec.cat\/eoidelvendrell\/?page_id=11470"},"modified":"2025-09-05T10:13:29","modified_gmt":"2025-09-05T08:13:29","slug":"acollida-digital-del-docent","status":"publish","type":"page","link":"https:\/\/agora-eoi.xtec.cat\/eoidelvendrell\/cultura-digital\/acollida-digital-del-docent\/","title":{"rendered":"Acollida digital del docent"},"content":{"rendered":"<p>Benvingut\/da a l&#8217;EOI del Vendrell.<\/p>\n<p>Fes clic a la imatge. Aqu\u00ed trobar\u00e0s informaci\u00f3 rellevant en relaci\u00f3 amb l&#8217;entorn digital del centre.<\/p>\n<p><a href=\"https:\/\/drive.google.com\/file\/d\/1yDebL9aVPDnAAeScemnD-X09j71xXvdL\/view?usp=sharing\"><img loading=\"lazy\" decoding=\"async\" class=\"aligncenter wp-image-11473\" src=\"https:\/\/agora-eoi.xtec.cat\/eoidelvendrell\/wp-content\/uploads\/usu2263\/2023\/03\/entorn-digital-300x163.jpeg\" alt=\"\" width=\"427\" height=\"232\" srcset=\"https:\/\/agora-eoi.xtec.cat\/eoidelvendrell\/wp-content\/uploads\/usu2263\/2023\/03\/entorn-digital-300x163.jpeg 300w, https:\/\/agora-eoi.xtec.cat\/eoidelvendrell\/wp-content\/uploads\/usu2263\/2023\/03\/entorn-digital.jpeg 480w\" sizes=\"auto, (max-width: 427px) 100vw, 427px\" \/><\/a><\/p>\n<div style=\"display: none;\"><\/div>\n","protected":false},"excerpt":{"rendered":"<p>Benvingut\/da a l&#8217;EOI del Vendrell.<br \/>\nFes clic a la imatge. Aqu\u00ed trobar\u00e0s informaci\u00f3 rellevant en relaci\u00f3 amb l&#8217;entorn digital del centre.<br \/>\n<a href=\"https:\/\/drive.google.com\/file\/d\/1yDebL9aVPDnAAeScemnD-X09j71xXvdL\/view?usp=sharing\"><\/a><\/p>\n","protected":false},"author":1,"featured_media":0,"parent":10500,"menu_order":14,"comment_status":"closed","ping_status":"closed","template":"page-templates\/side-menu.php","meta":{"_bbp_topic_count":0,"_bbp_reply_count":0,"_bbp_total_topic_count":0,"_bbp_total_reply_count":0,"_bbp_voice_count":0,"_bbp_anonymous_reply_count":0,"_bbp_topic_count_hidden":0,"_bbp_reply_count_hidden":0,"_bbp_forum_subforum_count":0,"footnotes":""},"class_list":["post-11470","page","type-page","status-publish","hentry"],"post_mailing_queue_ids":[],"_links":{"self":[{"href":"https:\/\/agora-eoi.xtec.cat\/eoidelvendrell\/wp-json\/wp\/v2\/pages\/11470","targetHints":{"allow":["GET"]}}],"collection":[{"href":"https:\/\/agora-eoi.xtec.cat\/eoidelvendrell\/wp-json\/wp\/v2\/pages"}],"about":[{"href":"https:\/\/agora-eoi.xtec.cat\/eoidelvendrell\/wp-json\/wp\/v2\/types\/page"}],"author":[{"embeddable":true,"href":"https:\/\/agora-eoi.xtec.cat\/eoidelvendrell\/wp-json\/wp\/v2\/users\/1"}],"replies":[{"embeddable":true,"href":"https:\/\/agora-eoi.xtec.cat\/eoidelvendrell\/wp-json\/wp\/v2\/comments?post=11470"}],"version-history":[{"count":6,"href":"https:\/\/agora-eoi.xtec.cat\/eoidelvendrell\/wp-json\/wp\/v2\/pages\/11470\/revisions"}],"predecessor-version":[{"id":13081,"href":"https:\/\/agora-eoi.xtec.cat\/eoidelvendrell\/wp-json\/wp\/v2\/pages\/11470\/revisions\/13081"}],"up":[{"embeddable":true,"href":"https:\/\/agora-eoi.xtec.cat\/eoidelvendrell\/wp-json\/wp\/v2\/pages\/10500"}],"wp:attachment":[{"href":"https:\/\/agora-eoi.xtec.cat\/eoidelvendrell\/wp-json\/wp\/v2\/media?parent=11470"}],"curies":[{"name":"wp","href":"https:\/\/api.w.org\/{rel}","templated":true}]}}