{"id":10552,"date":"2022-06-16T20:05:47","date_gmt":"2022-06-16T18:05:47","guid":{"rendered":"https:\/\/agora-eoi.xtec.cat\/eoidelvendrell\/?page_id=10552"},"modified":"2024-06-26T11:28:04","modified_gmt":"2024-06-26T09:28:04","slug":"blcc-de-notes","status":"publish","type":"page","link":"https:\/\/agora-eoi.xtec.cat\/eoidelvendrell\/cultura-digital\/blcc-de-notes\/","title":{"rendered":"Bloc de notes"},"content":{"rendered":"<p><a href=\"https:\/\/agora-eoi.xtec.cat\/eoidelvendrell\/wp-content\/uploads\/usu2263\/2022\/06\/moodle-gradebook-video-696x404-1.jpg\"><img loading=\"lazy\" decoding=\"async\" class=\" wp-image-10619 aligncenter\" src=\"https:\/\/agora-eoi.xtec.cat\/eoidelvendrell\/wp-content\/uploads\/usu2263\/2022\/06\/moodle-gradebook-video-696x404-1-300x174.jpg\" alt=\"\" width=\"479\" height=\"278\" srcset=\"https:\/\/agora-eoi.xtec.cat\/eoidelvendrell\/wp-content\/uploads\/usu2263\/2022\/06\/moodle-gradebook-video-696x404-1-300x174.jpg 300w, https:\/\/agora-eoi.xtec.cat\/eoidelvendrell\/wp-content\/uploads\/usu2263\/2022\/06\/moodle-gradebook-video-696x404-1.jpg 696w\" sizes=\"auto, (max-width: 479px) 100vw, 479px\" \/><\/a><\/p>\n<p><span style=\"font-weight: 400;\">El projecte educatiu de centre de la EOIV contempla <strong>l\u2019avaluaci\u00f3 continuada<\/strong> (recollida de notes durant tot el curs escolar) com a estrat\u00e8gia principal d\u2019avaluaci\u00f3 del meu progr\u00e9s. Com a alumne registrat a Moodle puc comprovar els meus resultats a una <strong>pestanya<\/strong> de color blau intens a\u00a0<\/span><span style=\"font-weight: 400;\">dalt a la dreta del meu curs que hi diu GRADES \/ NOTES:<\/span><a href=\"https:\/\/agora-eoi.xtec.cat\/eoidelvendrell\/wp-content\/uploads\/usu2263\/2022\/06\/Screen-Shot-2022-06-16-at-21.02.20.png\"><img loading=\"lazy\" decoding=\"async\" class=\"wp-image-10577 aligncenter\" src=\"https:\/\/agora-eoi.xtec.cat\/eoidelvendrell\/wp-content\/uploads\/usu2263\/2022\/06\/Screen-Shot-2022-06-16-at-21.02.20.png\" alt=\"\" width=\"175\" height=\"85\" \/><\/a><\/p>\n<p><span style=\"font-weight: 400;\">Fent clic <strong>accedir\u00e9<\/strong> al meu bloc de notes on podr\u00e9 veure les tasques demanades, el meu progr\u00e9s i a quines destreses he de dedicar m\u00e9s temps.\u00a0\u00a0\u00a0\u00a0<\/span><\/p>\n<p><a href=\"https:\/\/agora-eoi.xtec.cat\/eoidelvendrell\/wp-content\/uploads\/usu2263\/2022\/11\/newgradereporta.png\"><img loading=\"lazy\" decoding=\"async\" class=\" wp-image-11298 aligncenter\" src=\"https:\/\/agora-eoi.xtec.cat\/eoidelvendrell\/wp-content\/uploads\/usu2263\/2022\/11\/newgradereporta-300x159.png\" alt=\"\" width=\"504\" height=\"267\" srcset=\"https:\/\/agora-eoi.xtec.cat\/eoidelvendrell\/wp-content\/uploads\/usu2263\/2022\/11\/newgradereporta-300x159.png 300w, https:\/\/agora-eoi.xtec.cat\/eoidelvendrell\/wp-content\/uploads\/usu2263\/2022\/11\/newgradereporta-1024x543.png 1024w, https:\/\/agora-eoi.xtec.cat\/eoidelvendrell\/wp-content\/uploads\/usu2263\/2022\/11\/newgradereporta-768x407.png 768w, https:\/\/agora-eoi.xtec.cat\/eoidelvendrell\/wp-content\/uploads\/usu2263\/2022\/11\/newgradereporta.png 1174w\" sizes=\"auto, (max-width: 504px) 100vw, 504px\" \/><\/a><\/p>\n<p>&nbsp;<\/p>\n<div style=\"display: none;\"><\/div>\n","protected":false},"excerpt":{"rendered":"<p><a href=\"https:\/\/agora-eoi.xtec.cat\/eoidelvendrell\/wp-content\/uploads\/usu2263\/2022\/06\/moodle-gradebook-video-696x404-1.jpg\"><\/a><br \/>\nEl projecte educatiu de centre de la EOIV contempla l\u2019avaluaci\u00f3 continuada (recollida de notes durant tot el curs escolar) com a estrat\u00e8gia principal d\u2019avaluaci\u00f3 del meu progr\u00e9s. Com a alumne registrat a Moodle puc comprovar els meus resultats a una pestanya de color blau&hellip;  <a href=\"https:\/\/agora-eoi.xtec.cat\/eoidelvendrell\/cultura-digital\/blcc-de-notes\/\" title=\"Read Bloc de notes\">Llegeix m\u00e9s\u00bb<\/a><\/p>\n","protected":false},"author":1,"featured_media":0,"parent":10500,"menu_order":7,"comment_status":"closed","ping_status":"closed","template":"page-templates\/side-menu.php","meta":{"_bbp_topic_count":0,"_bbp_reply_count":0,"_bbp_total_topic_count":0,"_bbp_total_reply_count":0,"_bbp_voice_count":0,"_bbp_anonymous_reply_count":0,"_bbp_topic_count_hidden":0,"_bbp_reply_count_hidden":0,"_bbp_forum_subforum_count":0,"footnotes":""},"class_list":["post-10552","page","type-page","status-publish","hentry"],"post_mailing_queue_ids":[],"_links":{"self":[{"href":"https:\/\/agora-eoi.xtec.cat\/eoidelvendrell\/wp-json\/wp\/v2\/pages\/10552","targetHints":{"allow":["GET"]}}],"collection":[{"href":"https:\/\/agora-eoi.xtec.cat\/eoidelvendrell\/wp-json\/wp\/v2\/pages"}],"about":[{"href":"https:\/\/agora-eoi.xtec.cat\/eoidelvendrell\/wp-json\/wp\/v2\/types\/page"}],"author":[{"embeddable":true,"href":"https:\/\/agora-eoi.xtec.cat\/eoidelvendrell\/wp-json\/wp\/v2\/users\/1"}],"replies":[{"embeddable":true,"href":"https:\/\/agora-eoi.xtec.cat\/eoidelvendrell\/wp-json\/wp\/v2\/comments?post=10552"}],"version-history":[{"count":4,"href":"https:\/\/agora-eoi.xtec.cat\/eoidelvendrell\/wp-json\/wp\/v2\/pages\/10552\/revisions"}],"predecessor-version":[{"id":12242,"href":"https:\/\/agora-eoi.xtec.cat\/eoidelvendrell\/wp-json\/wp\/v2\/pages\/10552\/revisions\/12242"}],"up":[{"embeddable":true,"href":"https:\/\/agora-eoi.xtec.cat\/eoidelvendrell\/wp-json\/wp\/v2\/pages\/10500"}],"wp:attachment":[{"href":"https:\/\/agora-eoi.xtec.cat\/eoidelvendrell\/wp-json\/wp\/v2\/media?parent=10552"}],"curies":[{"name":"wp","href":"https:\/\/api.w.org\/{rel}","templated":true}]}}