{"id":8906,"date":"2025-07-22T10:46:43","date_gmt":"2025-07-22T08:46:43","guid":{"rendered":"http:\/\/agora-eoi.xtec.cat\/eoicalella\/?page_id=8906"},"modified":"2025-08-27T11:15:45","modified_gmt":"2025-08-27T09:15:45","slug":"idiomes-i-horaris-2025","status":"publish","type":"page","link":"https:\/\/agora-eoi.xtec.cat\/eoicalella\/idiomes-i-horaris-2025\/","title":{"rendered":"Idiomes i horaris 2025-2026"},"content":{"rendered":"<table style=\"height: 203px; width: 94.7901%;\">\n<tbody>\n<tr style=\"height: 240px;\">\n<td style=\"height: 203px; width: 40.7538%;\"><a href=\"https:\/\/agora-eoi.xtec.cat\/eoicalella\/wp-content\/uploads\/usu2256\/2016\/06\/biblioteca-fons-nova.jpg\"><img loading=\"lazy\" decoding=\"async\" class=\"size-medium wp-image-8788 aligncenter\" src=\"https:\/\/agora-eoi.xtec.cat\/eoicalella\/wp-content\/uploads\/usu2256\/2016\/06\/biblioteca-fons-nova-300x182.jpg\" alt=\"\" width=\"300\" height=\"182\" srcset=\"https:\/\/agora-eoi.xtec.cat\/eoicalella\/wp-content\/uploads\/usu2256\/2016\/06\/biblioteca-fons-nova-300x182.jpg 300w, https:\/\/agora-eoi.xtec.cat\/eoicalella\/wp-content\/uploads\/usu2256\/2016\/06\/biblioteca-fons-nova.jpg 694w\" sizes=\"auto, (max-width: 300px) 100vw, 300px\" \/><\/a><\/td>\n<td style=\"height: 203px; width: 61.0533%;\">\n<ul>\n<li style=\"text-align: left;\"><strong>INICI DE CLASSES:<\/strong>\n<ul>\n<li><strong>Grups<\/strong>\u00a0<strong>dilluns\/dimecres<\/strong>:\u00a0 22 de setembre 2025<\/li>\n<li><strong>Grups<\/strong><strong>\u00a0dimarts\/dijous<\/strong>:\u00a0 \u00a0 \u00a0 25 de setembre 2025\n<ul>\n<li><strong>A1.1 i A1.2 d&#8217;angl\u00e8s:<\/strong>\u00a0 \u00a0 29 de setembre 2025<\/li>\n<\/ul>\n<\/li>\n<\/ul>\n<\/li>\n<li style=\"text-align: left;\"><strong>L&#8217;EOI CALELLA ES RESERVA EL DRET A MODIFICAR ELS HORARIS EN FUNCI\u00d3 DE LES NECESSITATS DE L&#8217;ESCOLA I DE LES DISPOSICIONS DEL DEPARTAMENT D&#8217;EDUCACI\u00d3.<\/strong><\/li>\n<\/ul>\n<\/td>\n<\/tr>\n<\/tbody>\n<\/table>\n<h3><b>ALEMANY<\/b><\/h3>\n<table style=\"width: 57.0458%; height: 193px;\">\n<tbody>\n<tr style=\"height: 32px;\">\n<td style=\"width: 16.3904%; height: 32px;\"><strong>NIVELL<\/strong><\/td>\n<td style=\"width: 20.2578%; height: 32px;\"><strong>HORARI<\/strong><\/td>\n<td style=\"width: 23.7569%; height: 32px;\"><strong>DIA<\/strong><\/td>\n<td style=\"width: 32.281%; height: 32px;\"><strong>PROFESSOR<\/strong><\/td>\n<\/tr>\n<tr style=\"height: 32px;\">\n<td style=\"width: 16.3904%; height: 32px; text-align: center;\">A1<\/td>\n<td style=\"width: 20.2578%; height: 32px;\">16:00-18:15<\/td>\n<td style=\"width: 23.7569%; height: 33px;\">dimarts\/dijous<\/td>\n<td style=\"width: 32.281%; height: 32px; text-align: center;\">Andr\u00e9s G.<\/td>\n<\/tr>\n<tr style=\"height: 32px;\">\n<td style=\"width: 16.3904%; height: 32px; text-align: center;\">A1<\/td>\n<td style=\"width: 20.2578%; height: 32px;\">18:30-20:45<\/td>\n<td style=\"height: 33px; width: 23.7569%;\">dimarts\/dijous<\/td>\n<td style=\"width: 32.281%; height: 32px; text-align: center;\">Andr\u00e9s G.<\/td>\n<\/tr>\n<tr style=\"height: 33px;\">\n<td style=\"width: 16.3904%; text-align: center; height: 33px;\"><strong>A2<\/strong><\/td>\n<td style=\"width: 20.2578%; height: 33px;\"><strong>16:00-18:15<\/strong><\/td>\n<td style=\"height: 33px; width: 23.7569%;\"><strong>dimarts\/dijous<\/strong><\/td>\n<td style=\"width: 32.281%; height: 33px; text-align: center;\"><strong>Ana S.<\/strong><\/td>\n<\/tr>\n<tr style=\"height: 32px;\">\n<td style=\"width: 16.3904%; height: 32px; text-align: center;\"><strong>A2<\/strong><\/td>\n<td style=\"width: 20.2578%; height: 32px;\"><strong>18:30-20:45<\/strong><\/td>\n<td style=\"height: 33px; width: 23.7569%;\"><strong>dimarts\/dijous<\/strong><\/td>\n<td style=\"width: 32.281%; height: 32px; text-align: center;\"><strong>Ana S.<\/strong><\/td>\n<\/tr>\n<tr style=\"height: 32px;\">\n<td style=\"width: 16.3904%; height: 32px; text-align: center;\">B1<\/td>\n<td style=\"width: 20.2578%; height: 32px;\">18:30-20:45<\/td>\n<td style=\"height: 32px; width: 23.7569%;\">dilluns\/dimecres<\/td>\n<td style=\"width: 32.281%; height: 32px; text-align: center;\">Ana S.<\/td>\n<\/tr>\n<\/tbody>\n<\/table>\n<h3><strong>ANGL\u00c8S<\/strong><\/h3>\n<table style=\"width: 56.4694%; height: 455px;\">\n<tbody>\n<tr style=\"height: 32px;\">\n<td style=\"height: 32px; width: 17.3145%;\"><strong>NIVELL<\/strong><\/td>\n<td style=\"height: 32px; width: 17.3145%;\"><strong>HORARI<\/strong><\/td>\n<td style=\"height: 32px; width: 23.4982%;\"><strong>DIA<\/strong><\/td>\n<td style=\"height: 32px; width: 29.3286%;\"><strong>PROFESSOR<\/strong><\/td>\n<\/tr>\n<tr style=\"height: 32px;\">\n<td style=\"height: 32px; width: 17.3145%; text-align: center;\">A1.1 flexi*<\/td>\n<td style=\"height: 32px; width: 17.3145%;\">19:00-20:45<\/td>\n<td style=\"height: 32px; width: 23.4982%;\">dilluns\/dimecres<\/td>\n<td style=\"width: 29.3286%; height: 32px; text-align: center;\">PENDENT<\/td>\n<\/tr>\n<tr style=\"height: 32px;\">\n<td style=\"height: 32px; width: 17.3145%; text-align: center;\">A1.2 flexi*<\/td>\n<td style=\"height: 32px; width: 17.3145%;\">16:00-17:45<\/td>\n<td style=\"height: 32px; width: 23.4982%;\">dilluns\/dimecres<\/td>\n<td style=\"width: 29.3286%; height: 32px; text-align: center;\">PENDENT<\/td>\n<\/tr>\n<tr style=\"height: 32px;\">\n<td style=\"height: 32px; width: 17.3145%; text-align: center;\"><strong>A2<\/strong><\/td>\n<td style=\"height: 32px; width: 17.3145%;\"><strong>16:00-18:15<\/strong><\/td>\n<td style=\"height: 32px; width: 23.4982%;\"><strong>dilluns\/dimecres<\/strong><\/td>\n<td style=\"width: 29.3286%; height: 32px; text-align: center;\"><strong>\u00c1lvaro B.<\/strong><\/td>\n<\/tr>\n<tr style=\"height: 32px;\">\n<td style=\"height: 32px; width: 17.3145%; text-align: center;\"><strong>A2<\/strong><\/td>\n<td style=\"height: 32px; width: 17.3145%;\"><strong>18:30-20:45<\/strong><\/td>\n<td style=\"height: 32px; width: 23.4982%;\"><strong>dilluns\/dimecres<\/strong><\/td>\n<td style=\"width: 29.3286%; height: 32px; text-align: center;\"><strong>\u00c1lvaro B.<\/strong><\/td>\n<\/tr>\n<tr style=\"height: 32px;\">\n<td style=\"height: 32px; width: 17.3145%; text-align: center;\">B1<\/td>\n<td style=\"height: 32px; width: 17.3145%;\">16:00-18:15<\/td>\n<td style=\"height: 32px; width: 23.4982%;\">dilluns\/dimecres<\/td>\n<td style=\"height: 32px; width: 29.3286%; text-align: center;\">David P.<\/td>\n<\/tr>\n<tr style=\"height: 32px;\">\n<td style=\"height: 32px; width: 17.3145%; text-align: center;\">B1<\/td>\n<td style=\"height: 32px; width: 17.3145%;\">18:30-20:45<\/td>\n<td style=\"height: 32px; width: 23.4982%;\">dilluns\/dimecres<\/td>\n<td style=\"height: 32px; width: 29.3286%; text-align: center;\">David P.<\/td>\n<\/tr>\n<tr style=\"height: 32px;\">\n<td style=\"height: 34px; width: 17.3145%; text-align: center;\"><strong>B2.1<\/strong><\/td>\n<td style=\"height: 34px; width: 17.3145%;\"><strong>18:30-20:45<\/strong><\/td>\n<td style=\"height: 34px; width: 23.4982%;\"><strong>dilluns\/dimecres<\/strong><\/td>\n<td style=\"height: 32px; width: 29.3286%; text-align: center;\"><strong>Teresa X.<\/strong><\/td>\n<\/tr>\n<tr style=\"height: 32px;\">\n<td style=\"height: 32px; width: 17.3145%; text-align: center;\">B2.2<\/td>\n<td style=\"height: 32px; width: 17.3145%;\">16:00-18:15<\/td>\n<td style=\"height: 32px; width: 23.4982%;\">dimarts\/dijous<\/td>\n<td style=\"width: 29.3286%; height: 32px; text-align: center;\">Teresa X.<\/td>\n<\/tr>\n<tr style=\"height: 32px;\">\n<td style=\"height: 32px; width: 17.3145%; text-align: center;\">B2.2<\/td>\n<td style=\"height: 32px; width: 17.3145%;\">18:30-20:45<\/td>\n<td style=\"height: 32px; width: 23.4982%;\">dimarts\/dijous<\/td>\n<td style=\"width: 29.3286%; height: 32px; text-align: center;\">Teresa X.<\/td>\n<\/tr>\n<tr style=\"height: 33px;\">\n<td style=\"width: 17.3145%; text-align: center; height: 33px;\"><strong>C1<\/strong><\/td>\n<td style=\"width: 17.3145%; height: 33px;\"><strong>16:00-18:15<\/strong><\/td>\n<td style=\"height: 33px; width: 23.4982%;\"><strong>dimarts\/dijous<\/strong><\/td>\n<td style=\"width: 29.3286%; height: 32px; text-align: center;\"><strong>\u00c1lvaro B.<\/strong><\/td>\n<\/tr>\n<tr style=\"height: 32px;\">\n<td style=\"height: 32px; width: 17.3145%; text-align: center;\"><strong>C1<\/strong><\/td>\n<td style=\"height: 32px; width: 17.3145%;\"><strong>18:30-20:45<\/strong><\/td>\n<td style=\"height: 32px; width: 23.4982%;\"><strong>dimarts\/dijous<\/strong><\/td>\n<td style=\"height: 32px; width: 29.3286%; text-align: center;\"><strong>\u00c1lvaro B.<\/strong><\/td>\n<\/tr>\n<tr style=\"height: 35px;\">\n<td style=\"width: 17.3145%; text-align: center; height: 35px;\">C2.1 semi*<\/td>\n<td style=\"width: 17.3145%; height: 35px;\">18:00-20:30<\/td>\n<td style=\"width: 23.4982%; height: 35px;\">dijous<\/td>\n<td style=\"width: 29.3286%; text-align: center; height: 35px;\"><span style=\"background-color: #ffffff;\">David P.<\/span><\/td>\n<\/tr>\n<tr style=\"height: 33px;\">\n<td style=\"width: 17.3145%; text-align: center; height: 33px;\">C2.2 semi*<\/td>\n<td style=\"width: 17.3145%; height: 33px;\">18:00-20:30<\/td>\n<td style=\"width: 23.4982%; height: 33px;\">dijous<\/td>\n<td style=\"width: 29.3286%; text-align: center; height: 33px;\"><span style=\"background-color: #ffffff;\">Kate Kh.<\/span><\/td>\n<\/tr>\n<\/tbody>\n<\/table>\n<h3><strong>RUS<\/strong><\/h3>\n<table style=\"width: 56.4628%;\">\n<tbody>\n<tr>\n<td style=\"width: 17.4147%;\"><strong>NIVELL<\/strong><\/td>\n<td style=\"width: 19.3486%;\"><strong>HORARI<\/strong><\/td>\n<td style=\"width: 21.585%;\"><strong>DIA<\/strong><\/td>\n<td style=\"width: 30.5206%;\"><strong>PROFESSOR<\/strong><\/td>\n<\/tr>\n<tr>\n<td style=\"width: 17.4147%;\">B1.1<\/td>\n<td style=\"width: 19.3486%;\">16.00-18.15<\/td>\n<td style=\"width: 21.585%;\">dilluns\/dimecres<\/td>\n<td style=\"width: 30.5206%; text-align: center;\">Quim M.<\/td>\n<\/tr>\n<tr>\n<td style=\"width: 17.4147%;\">A1<\/td>\n<td style=\"width: 19.3486%;\"><span style=\"background-color: #ffffff;\">18:30-20:45<\/span><\/td>\n<td style=\"width: 21.585%;\">dilluns\/dimecres<\/td>\n<td style=\"width: 30.5206%; text-align: center;\">Quim M.<\/td>\n<\/tr>\n<\/tbody>\n<\/table>\n<ul>\n<li>Els cursos d&#8217;A1.1 i A1.2 d&#8217;angl\u00e8s s\u00f3n de 70 hores i es realitzen entre 29 de setembre i 25 de mar\u00e7.<\/li>\n<li>Els cursos semipresencials de C2.1 i C2.2 d&#8217;angl\u00e8s comporten l&#8217;assist\u00e8ncia a una sessi\u00f3 setmanal presencial (2 hores 30 minuts) i un m\u00ednim de 2 hores de treball personal setmanal duent a terme les tasques suggerides pel professorat a l&#8217;entorn virtual d&#8217;aprenentatge Moodle.<\/li>\n<\/ul>\n","protected":false},"excerpt":{"rendered":"<p><a href=\"https:\/\/agora-eoi.xtec.cat\/eoicalella\/wp-content\/uploads\/usu2256\/2016\/06\/biblioteca-fons-nova.jpg\"><\/a><\/p>\n<ul>\n<li style=\"text-align: left;\">INICI DE CLASSES:\n<ul>\n<li>Grups\u00a0dilluns\/dimecres:\u00a0 22 de setembre 2025<\/li>\n<li>Grups\u00a0dimarts\/dijous:\u00a0 \u00a0 \u00a0 25 de setembre 2025\n<ul>\n<li>A1.1 i A1.2 d&#8217;angl\u00e8s:\u00a0 \u00a0 29 de setembre 2025<\/li>\n<\/ul>\n<\/li>\n<\/ul>\n<\/li>\n<li style=\"text-align: left;\">L&#8217;EOI CALELLA ES RESERVA EL DRET A MODIFICAR ELS HORARIS EN FUNCI\u00d3 DE LES NECESSITATS DE L&#8217;ESCOLA I DE LES&hellip;  <a href=\"https:\/\/agora-eoi.xtec.cat\/eoicalella\/idiomes-i-horaris-2025\/\" title=\"Read Idiomes i horaris 2025-2026\">Llegeix m\u00e9s\u00bb<\/a><br \/>\n","protected":false},"author":1,"featured_media":0,"parent":0,"menu_order":0,"comment_status":"closed","ping_status":"closed","template":"","meta":{"_bbp_topic_count":0,"_bbp_reply_count":0,"_bbp_total_topic_count":0,"_bbp_total_reply_count":0,"_bbp_voice_count":0,"_bbp_anonymous_reply_count":0,"_bbp_topic_count_hidden":0,"_bbp_reply_count_hidden":0,"_bbp_forum_subforum_count":0,"footnotes":""},"class_list":["post-8906","page","type-page","status-publish","hentry"],"post_mailing_queue_ids":[],"_links":{"self":[{"href":"https:\/\/agora-eoi.xtec.cat\/eoicalella\/wp-json\/wp\/v2\/pages\/8906","targetHints":{"allow":["GET"]}}],"collection":[{"href":"https:\/\/agora-eoi.xtec.cat\/eoicalella\/wp-json\/wp\/v2\/pages"}],"about":[{"href":"https:\/\/agora-eoi.xtec.cat\/eoicalella\/wp-json\/wp\/v2\/types\/page"}],"author":[{"embeddable":true,"href":"https:\/\/agora-eoi.xtec.cat\/eoicalella\/wp-json\/wp\/v2\/users\/1"}],"replies":[{"embeddable":true,"href":"https:\/\/agora-eoi.xtec.cat\/eoicalella\/wp-json\/wp\/v2\/comments?post=8906"}],"version-history":[{"count":7,"href":"https:\/\/agora-eoi.xtec.cat\/eoicalella\/wp-json\/wp\/v2\/pages\/8906\/revisions"}],"predecessor-version":[{"id":11068,"href":"https:\/\/agora-eoi.xtec.cat\/eoicalella\/wp-json\/wp\/v2\/pages\/8906\/revisions\/11068"}],"wp:attachment":[{"href":"https:\/\/agora-eoi.xtec.cat\/eoicalella\/wp-json\/wp\/v2\/media?parent=8906"}],"curies":[{"name":"wp","href":"https:\/\/api.w.org\/{rel}","templated":true}]}}