{"id":8800,"date":"2022-06-15T10:14:50","date_gmt":"2022-06-15T08:14:50","guid":{"rendered":"http:\/\/agora-eoi.xtec.cat\/eoicalella\/?page_id=8800"},"modified":"2022-07-05T13:35:38","modified_gmt":"2022-07-05T11:35:38","slug":"pla-impuls-de-llengues-pia","status":"publish","type":"page","link":"https:\/\/agora-eoi.xtec.cat\/eoicalella\/cursos\/pla-impuls-de-llengues-pia\/","title":{"rendered":"Pla d&#8217;Impuls de Lleng\u00fces (PIA+)"},"content":{"rendered":"<p><strong>INFORMACI\u00d3 SOBRE EL PROGRAMA PIA+ 2022-23<\/strong><\/p>\n<p><strong><br \/>\n<\/strong>El programa PIA+\u00a0 permet que el professorat matriculat en un curs de llengua d\u2019una Escola Oficial d\u2019Idiomes (EOI) o de l\u2019Institut Obert de Catalunya (IOC) pugui sol\u00b7licitar la <strong>devoluci\u00f3 de l\u2019ingr\u00e9s de l\u2019import base\u00a0de la matr\u00edcula. La devoluci\u00f3 es fa efectiva pr\u00e8via obtenci\u00f3 de la qualificaci\u00f3 d\u2019aprovat (APTE) o de certificat d\u2019aprofitament (matr\u00edcula d\u2019actualitzaci\u00f3).<\/strong> La devoluci\u00f3 no inclou els costos de material, d\u2019acc\u00e9s a plataformes digitals, d\u2019expedici\u00f3 de t\u00edtols ni les penalitzacions per repetici\u00f3 de curs, si escau.\u00a0<strong>El retorn de l\u2019import de matr\u00edcula nom\u00e9s es pot sol\u00b7licitar per un curs i per una llengua en concret<\/strong>. El curs ha de tenir car\u00e0cter extensiu en el cas de les EOI (no s\u2019hi inclouen, per tant, els cursos d\u2019estiu)\u00a0o b\u00e9 car\u00e0cter semestral en el cas de l\u2019IOC.<\/p>\n<p><strong>Destinataris:<\/strong><\/p>\n<p>Professorat en actiu de centres educatius p\u00fablics de titularitat del Departament d\u2019Educaci\u00f3 i de\u00a0titularitat municipal, i de centres concertats. Tamb\u00e9 hi poden participar els docents dels serveis\u00a0territorials d\u2019Educaci\u00f3, del Consorci d\u2019Educaci\u00f3 de Barcelona, de les unitats de serveis centrals del\u00a0Departament d\u2019Educaci\u00f3, aix\u00ed com els inspectors i inspectores en actiu.<br \/>\n<strong><br \/>\nLleng\u00fces i cursos:<\/strong><\/p>\n<p>El docent pot demanar el retorn de l\u2019import base de la matr\u00edcula per a les lleng\u00fces i cursos seg\u00fcents:<\/p>\n<table style=\"border-collapse: collapse; width: 100%;\">\n<tbody>\n<tr>\n<td style=\"width: 33.3333%;\"><strong>Angl\u00e8s<\/strong><\/td>\n<td style=\"width: 39.6737%;\"><strong>Alemany, franc\u00e8s, itali\u00e0, xin\u00e8s, \u00e0rab i rus<\/strong><\/td>\n<td style=\"width: 26.9929%;\"><strong>Catal\u00e0<\/strong><\/td>\n<\/tr>\n<tr>\n<td style=\"width: 33.3333%;\">\n<h6><strong>a. Cursos EOI: B2.1, B2.2, C1 i C2b.\u00a0 \u00a0 \u00a0 \u00a0 \u00a0 \u00a0 b. Cursos IOC: B1, B2.1 i B2.2<\/strong><\/h6>\n<\/td>\n<td style=\"width: 39.6737%;\">\n<h6><strong><span style=\"font-size: 16px; background-color: #ffffff;\">a. Cursos EOI: tots els nivells a partir d\u2019A1<\/span><\/strong><\/h6>\n<h6><strong><span style=\"font-size: 16px; background-color: #ffffff;\">b. Cursos IOC: nom\u00e9s en el cas de l\u2019alemany, A1 i A2.<\/span><\/strong><\/h6>\n<\/td>\n<td style=\"width: 26.9929%;\">\n<h6><strong><span style=\"font-size: 16px; background-color: #ffffff;\">Cursos EOI: C2<\/span><\/strong><\/h6>\n<\/td>\n<\/tr>\n<\/tbody>\n<\/table>\n<p><strong style=\"font-family: inherit; font-size: 1em;\">Actualitzaci\u00f3 de matr\u00edcula EOI <\/strong><\/p>\n<p>Els docents que disposin d\u2019un t\u00edtol oficial expedit per una EOI o b\u00e9 per l\u2019IOC abans del 2020 i que vulguin actualitzar els coneixements d\u2019aquella llengua poden inscriure\u2019s en la modalitat \u201cmatr\u00edcula d\u2019actualitzaci\u00f3\u201d. Aquesta modalitat permet la inscripci\u00f3 a les mateixes lleng\u00fces i nivells esmentats anteriorment.<\/p>\n<p><strong>Requisits:<\/strong><\/p>\n<ul>\n<li>Ser docent i estar en actiu en el moment de fer la inscripci\u00f3 al curs i al llarg d\u2019aquest en un dels llocs seg\u00fcents:\n<ul>\n<li>En un centre p\u00fablic de titularitat del Departament d\u2019Educaci\u00f3 o b\u00e9 de titularitat<br \/>\nmunicipal.<\/li>\n<li>En un centre educatiu concertat.<\/li>\n<li>En un servei territorial, al Consorci d\u2019Educaci\u00f3 de Barcelona o en una unitat de<br \/>\nserveis centrals del Departament d\u2019Educaci\u00f3<\/li>\n<li>A la Inspecci\u00f3 d\u2019Educaci\u00f3<\/li>\n<\/ul>\n<\/li>\n<\/ul>\n<p><strong><br \/>\nProcediment:<\/strong><\/p>\n<p>El professorat que es vulgui acollir al Programa PIA+ en el curs 2022-2023 haur\u00e0 de seguir el\u00a0procediment ordinari per a la inscripci\u00f3 als cursos de les EOI i l\u2019IOC. La inscripci\u00f3 s\u2019ha de fer, en tots\u00a0els casos, utilitzant el correu corporatiu @xtec.cat. L\u2019alumnat lliure no pot acollir-se al Programa\u00a0PIA+.<\/p>\n<p><strong>Sol\u00b7licitud de la devoluci\u00f3:<\/strong><\/p>\n<ul>\n<li>Podr\u00e0 sol\u00b7licitar la devoluci\u00f3 de l\u2019import base de la matr\u00edcula el\u00a0<strong>professorat\u00a0que obtingui\u00a0la\u00a0qualificaci\u00f3 d\u2019APTE\u00a0o el certificat d\u2019aprofitament<\/strong>\u00a0(alumnes d\u2019actualitzaci\u00f3 de matr\u00edcula) al final\u00a0del curs.<\/li>\n<li>La devoluci\u00f3 de la matr\u00edcula\u00a0es\u00a0<strong>gestionar\u00e0 un cop acabat el curs acad\u00e8mic.<\/strong><\/li>\n<li>Es podr\u00e0 sol\u00b7licitar la devoluci\u00f3 de l\u2019import base de matriculaci\u00f3<strong>\u00a0nom\u00e9s d\u2019un idioma.<\/strong>\n<ul>\n<li>El procediment per sol\u00b7licitar la devoluci\u00f3 de l\u2019import base de matr\u00edcula s\u2019informar\u00e0\u00a0oportunament a la p\u00e0gina web de la xtec\u00a0<a href=\"https:\/\/xtec.gencat.cat\/ca\/formacio\/formaciogeneralprofessorat\/llengues\/programa-pia\/\">Programa PIA+<\/a><\/li>\n<\/ul>\n<\/li>\n<\/ul>\n","protected":false},"excerpt":{"rendered":"<p>INFORMACI\u00d3 SOBRE EL PROGRAMA PIA+ 2022-23<\/p>\n<p>El programa PIA+\u00a0 permet que el professorat matriculat en un curs de llengua d\u2019una Escola Oficial d\u2019Idiomes (EOI) o de l\u2019Institut Obert de Catalunya (IOC) pugui sol\u00b7licitar la devoluci\u00f3 de l\u2019ingr\u00e9s de l\u2019import base\u00a0de la matr\u00edcula. La devoluci\u00f3 es fa&hellip;  <a href=\"https:\/\/agora-eoi.xtec.cat\/eoicalella\/cursos\/pla-impuls-de-llengues-pia\/\" title=\"Read Pla d&#8217;Impuls de Lleng\u00fces (PIA+)\">Llegeix m\u00e9s\u00bb<\/a><\/p>\n","protected":false},"author":1,"featured_media":0,"parent":8149,"menu_order":40,"comment_status":"closed","ping_status":"closed","template":"page-templates\/side-menu.php","meta":{"_bbp_topic_count":0,"_bbp_reply_count":0,"_bbp_total_topic_count":0,"_bbp_total_reply_count":0,"_bbp_voice_count":0,"_bbp_anonymous_reply_count":0,"_bbp_topic_count_hidden":0,"_bbp_reply_count_hidden":0,"_bbp_forum_subforum_count":0,"footnotes":""},"class_list":["post-8800","page","type-page","status-publish","hentry"],"post_mailing_queue_ids":[],"_links":{"self":[{"href":"https:\/\/agora-eoi.xtec.cat\/eoicalella\/wp-json\/wp\/v2\/pages\/8800","targetHints":{"allow":["GET"]}}],"collection":[{"href":"https:\/\/agora-eoi.xtec.cat\/eoicalella\/wp-json\/wp\/v2\/pages"}],"about":[{"href":"https:\/\/agora-eoi.xtec.cat\/eoicalella\/wp-json\/wp\/v2\/types\/page"}],"author":[{"embeddable":true,"href":"https:\/\/agora-eoi.xtec.cat\/eoicalella\/wp-json\/wp\/v2\/users\/1"}],"replies":[{"embeddable":true,"href":"https:\/\/agora-eoi.xtec.cat\/eoicalella\/wp-json\/wp\/v2\/comments?post=8800"}],"version-history":[{"count":3,"href":"https:\/\/agora-eoi.xtec.cat\/eoicalella\/wp-json\/wp\/v2\/pages\/8800\/revisions"}],"predecessor-version":[{"id":10462,"href":"https:\/\/agora-eoi.xtec.cat\/eoicalella\/wp-json\/wp\/v2\/pages\/8800\/revisions\/10462"}],"up":[{"embeddable":true,"href":"https:\/\/agora-eoi.xtec.cat\/eoicalella\/wp-json\/wp\/v2\/pages\/8149"}],"wp:attachment":[{"href":"https:\/\/agora-eoi.xtec.cat\/eoicalella\/wp-json\/wp\/v2\/media?parent=8800"}],"curies":[{"name":"wp","href":"https:\/\/api.w.org\/{rel}","templated":true}]}}